INSERT INTO `contacts` (`id`, `business_id`, `type`, `contact_type`, `supplier_business_name`, `name`, `prefix`, `first_name`, `middle_name`, `last_name`, `email`, `contact_id`, `contact_status`, `tax_number`, `city`, `state`, `country`, `address_line_1`, `address_line_2`, `zip_code`, `dob`, `mobile`, `landline`, `alternate_number`, `pay_term_number`, `pay_term_type`, `credit_limit`, `created_by`, `converted_by`, `converted_on`, `balance`, `total_rp`, `total_rp_used`, `total_rp_expired`, `is_default`, `shipping_address`, `shipping_custom_field_details`, `is_export`, `export_custom_field_1`, `export_custom_field_2`, `export_custom_field_3`, `export_custom_field_4`, `export_custom_field_5`, `export_custom_field_6`, `position`, `customer_group_id`, `crm_source`, `crm_life_stage`, `custom_field1`, `custom_field2`, `custom_field3`, `custom_field4`, `custom_field5`, `custom_field6`, `custom_field7`, `custom_field8`, `custom_field9`, `custom_field10`, `deleted_at`, `created_at`, `updated_at`) VALUES
(6497, 18, 'customer', NULL, NULL, '4', NULL, '4', NULL, NULL, NULL, 'CO2415', 'active', NULL, NULL, NULL, NULL, NULL, NULL, NULL, NULL, '0452542054', NULL, NULL, NULL, NULL, NULL, 57, NULL, NULL, 0.0000, 0, 0, 0, 0, NULL, NULL, 0, NULL, NULL, NULL, NULL, NULL, NULL, NULL, NULL, NULL, NULL, NULL, NULL, NULL, NULL, NULL, NULL, NULL, NULL, NULL, NULL, NULL, '2024-10-21 21:00:35', '2024-10-21 21:00:35'),
(6498, 18, 'customer', NULL, NULL, '5', NULL, '5', NULL, NULL, NULL, 'CO2416', 'active', NULL, NULL, NULL, NULL, NULL, NULL, NULL, NULL, '04151521514', NULL, NULL, NULL, NULL, NULL, 57, NULL, NULL, 0.0000, 0, 0, 0, 0, NULL, NULL, 0, NULL, NULL, NULL, NULL, NULL, NULL, NULL, NULL, NULL, NULL, NULL, NULL, NULL, NULL, NULL, NULL, NULL, NULL, NULL, NULL, NULL, '2024-10-21 21:07:47', '2024-10-21 21:07:47'),
(6499, 18, 'customer', NULL, NULL, '21', NULL, '21', NULL, NULL, NULL, 'CO2417', 'active', NULL, NULL, NULL, NULL, NULL, NULL, NULL, NULL, '0542452542', NULL, NULL, NULL, NULL, NULL, 57, NULL, NULL, 0.0000, 0, 0, 0, 0, NULL, NULL, 0, NULL, NULL, NULL, NULL, NULL, NULL, NULL, NULL, NULL, NULL, NULL, NULL, NULL, NULL, NULL, NULL, NULL, NULL, NULL, NULL, NULL, '2024-10-21 21:13:12', '2024-10-21 21:13:12'),
(6500, 18, 'customer', NULL, NULL, '1', NULL, '1', NULL, NULL, NULL, 'CO2418', 'active', NULL, NULL, NULL, NULL, NULL, NULL, NULL, NULL, '045274527452', NULL, NULL, NULL, NULL, NULL, 57, NULL, NULL, 0.0000, 0, 0, 0, 0, NULL, NULL, 0, NULL, NULL, NULL, NULL, NULL, NULL, NULL, NULL, NULL, NULL, NULL, NULL, NULL, NULL, NULL, NULL, NULL, NULL, NULL, NULL, NULL, '2024-10-21 21:13:34', '2024-10-21 21:13:34'),
(6501, 18, 'customer', NULL, NULL, '18', NULL, '18', NULL, NULL, NULL, 'CO2419', 'active', NULL, NULL, NULL, NULL, NULL, NULL, NULL, NULL, '075785785', NULL, NULL, NULL, NULL, NULL, 57, NULL, NULL, 0.0000, 0, 0, 0, 0, NULL, NULL, 0, NULL, NULL, NULL, NULL, NULL, NULL, NULL, NULL, NULL, NULL, NULL, NULL, NULL, NULL, NULL, NULL, NULL, NULL, NULL, NULL, NULL, '2024-10-21 21:14:15', '2024-10-21 21:14:15'),
(6502, 18, 'customer', NULL, NULL, '2', NULL, '2', NULL, NULL, NULL, 'CO2420', 'active', NULL, NULL, NULL, NULL, NULL, NULL, NULL, NULL, '07485278427452', NULL, NULL, NULL, NULL, NULL, 57, NULL, NULL, 0.0000, 0, 0, 0, 0, NULL, NULL, 0, NULL, NULL, NULL, NULL, NULL, NULL, NULL, NULL, NULL, NULL, NULL, NULL, NULL, NULL, NULL, NULL, NULL, NULL, NULL, NULL, NULL, '2024-10-21 21:22:00', '2024-10-21 21:22:00'),
(6503, 18, 'customer', NULL, NULL, '19', NULL, '19', NULL, NULL, NULL, 'CO2421', 'active', NULL, NULL, NULL, NULL, NULL, NULL, NULL, NULL, '04274245452', NULL, NULL, NULL, NULL, NULL, 57, NULL, NULL, 0.0000, 0, 0, 0, 0, NULL, NULL, 0, NULL, NULL, NULL, NULL, NULL, NULL, NULL, NULL, NULL, NULL, NULL, NULL, NULL, NULL, NULL, NULL, NULL, NULL, NULL, NULL, NULL, '2024-10-21 21:24:06', '2024-10-21 21:24:06'),
(6504, 18, 'customer', NULL, NULL, '20', NULL, '20', NULL, NULL, NULL, 'CO2422', 'active', NULL, NULL, NULL, NULL, NULL, NULL, NULL, NULL, '04725546245', NULL, NULL, NULL, NULL, NULL, 57, NULL, NULL, 0.0000, 0, 0, 0, 0, NULL, NULL, 0, NULL, NULL, NULL, NULL, NULL, NULL, NULL, NULL, NULL, NULL, NULL, NULL, NULL, NULL, NULL, NULL, NULL, NULL, NULL, NULL, NULL, '2024-10-21 21:29:34', '2024-10-21 21:29:34'),
(6505, 18, 'customer', NULL, NULL, '14', NULL, '14', NULL, NULL, NULL, 'CO2423', 'active', NULL, NULL, NULL, NULL, NULL, NULL, NULL, NULL, '025742424', NULL, NULL, NULL, NULL, NULL, 57, NULL, NULL, 0.0000, 0, 0, 0, 0, NULL, NULL, 0, NULL, NULL, NULL, NULL, NULL, NULL, NULL, NULL, NULL, NULL, NULL, NULL, NULL, NULL, NULL, NULL, NULL, NULL, NULL, NULL, NULL, '2024-10-21 22:04:07', '2024-10-21 22:04:07'),
(6506, 20, 'customer', NULL, 'gh pharma', 'luffy', NULL, 'luffy', NULL, NULL, NULL, 'CO0003', 'active', NULL, NULL, NULL, NULL, NULL, NULL, NULL, NULL, '019275522331', NULL, NULL, 12, 'months', 100000.0000, 69, NULL, NULL, 0.0000, 0, 0, 0, 0, NULL, NULL, 0, NULL, NULL, NULL, NULL, NULL, NULL, NULL, NULL, NULL, NULL, NULL, NULL, NULL, NULL, NULL, NULL, NULL, NULL, NULL, NULL, NULL, '2024-10-22 12:03:44', '2024-10-22 12:08:04'),
(6507, 24, 'customer', NULL, NULL, 'ruma', NULL, 'ruma', NULL, NULL, NULL, 'CO0783', 'active', NULL, NULL, NULL, NULL, NULL, NULL, NULL, NULL, '01726028721', NULL, NULL, NULL, NULL, NULL, 76, NULL, NULL, 0.0000, 0, 0, 0, 0, NULL, NULL, 0, NULL, NULL, NULL, NULL, NULL, NULL, NULL, NULL, NULL, NULL, NULL, NULL, NULL, NULL, NULL, NULL, NULL, NULL, NULL, NULL, NULL, '2024-10-22 13:01:15', '2024-10-22 13:01:15'),
(6508, 18, 'customer', NULL, NULL, '2', NULL, '2', NULL, NULL, NULL, 'CO2424', 'active', NULL, NULL, NULL, NULL, NULL, NULL, NULL, NULL, '05214584165145', NULL, NULL, NULL, NULL, NULL, 57, NULL, NULL, 0.0000, 0, 0, 0, 0, NULL, NULL, 0, NULL, NULL, NULL, NULL, NULL, NULL, NULL, NULL, NULL, NULL, NULL, NULL, NULL, NULL, NULL, NULL, NULL, NULL, NULL, NULL, NULL, '2024-10-22 14:17:52', '2024-10-22 14:17:52'),
(6509, 20, 'customer', NULL, 'lm pharma', 'Mr Raihan Khan', 'Mr', 'Raihan', NULL, 'Khan', 'lomn666@gmail.com', 'CO0004', 'active', NULL, NULL, NULL, NULL, NULL, NULL, NULL, NULL, 'xxxxxxxxxxx', NULL, 'ooooooooooo', NULL, NULL, 5000000.0000, 69, NULL, NULL, 0.0000, 0, 0, 0, 0, NULL, NULL, 0, NULL, NULL, NULL, NULL, NULL, NULL, NULL, NULL, NULL, NULL, NULL, NULL, NULL, NULL, NULL, NULL, NULL, NULL, NULL, NULL, NULL, '2024-10-22 14:21:09', '2024-10-22 14:22:39'),
(6510, 18, 'customer', NULL, NULL, '16', NULL, '16', NULL, NULL, NULL, 'CO2425', 'active', NULL, NULL, NULL, NULL, NULL, NULL, NULL, NULL, '054245254254', NULL, NULL, NULL, NULL, NULL, 57, NULL, NULL, 0.0000, 0, 0, 0, 0, NULL, NULL, 0, NULL, NULL, NULL, NULL, NULL, NULL, NULL, NULL, NULL, NULL, NULL, NULL, NULL, NULL, NULL, NULL, NULL, NULL, NULL, NULL, NULL, '2024-10-22 14:31:09', '2024-10-22 14:31:09'),
(6511, 18, 'customer', NULL, NULL, '19', NULL, '19', NULL, NULL, NULL, 'CO2426', 'active', NULL, NULL, NULL, NULL, NULL, NULL, NULL, NULL, '2512521524', NULL, NULL, NULL, NULL, NULL, 57, NULL, NULL, 0.0000, 0, 0, 0, 0, NULL, NULL, 0, NULL, NULL, NULL, NULL, NULL, NULL, NULL, NULL, NULL, NULL, NULL, NULL, NULL, NULL, NULL, NULL, NULL, NULL, NULL, NULL, NULL, '2024-10-22 14:40:41', '2024-10-22 14:40:41'),
(6512, 18, 'customer', NULL, NULL, '14', NULL, '14', NULL, NULL, NULL, 'CO2427', 'active', NULL, NULL, NULL, NULL, NULL, NULL, NULL, NULL, '02785427845278', NULL, NULL, NULL, NULL, NULL, 57, NULL, NULL, 0.0000, 0, 0, 0, 0, NULL, NULL, 0, NULL, NULL, NULL, NULL, NULL, NULL, NULL, NULL, NULL, NULL, NULL, NULL, NULL, NULL, NULL, NULL, NULL, NULL, NULL, NULL, NULL, '2024-10-22 15:01:58', '2024-10-22 15:01:58'),
(6513, 18, 'customer', NULL, NULL, '18', NULL, '18', NULL, NULL, NULL, 'CO2428', 'active', NULL, NULL, NULL, NULL, NULL, NULL, NULL, NULL, '057842784287452', NULL, NULL, NULL, NULL, NULL, 57, NULL, NULL, 0.0000, 0, 0, 0, 0, NULL, NULL, 0, NULL, NULL, NULL, NULL, NULL, NULL, NULL, NULL, NULL, NULL, NULL, NULL, NULL, NULL, NULL, NULL, NULL, NULL, NULL, NULL, NULL, '2024-10-22 15:02:33', '2024-10-22 15:02:33'),
(6514, 18, 'customer', NULL, NULL, '12', NULL, '12', NULL, NULL, NULL, 'CO2429', 'active', NULL, NULL, NULL, NULL, NULL, NULL, NULL, NULL, '0542542740242', NULL, NULL, NULL, NULL, NULL, 57, NULL, NULL, 0.0000, 0, 0, 0, 0, NULL, NULL, 0, NULL, NULL, NULL, NULL, NULL, NULL, NULL, NULL, NULL, NULL, NULL, NULL, NULL, NULL, NULL, NULL, NULL, NULL, NULL, NULL, NULL, '2024-10-22 15:18:41', '2024-10-22 15:18:41'),
(6515, 18, 'customer', NULL, NULL, '13', NULL, '13', NULL, NULL, NULL, 'CO2430', 'active', NULL, NULL, NULL, NULL, NULL, NULL, NULL, NULL, '024254', NULL, NULL, NULL, NULL, NULL, 57, NULL, NULL, 0.0000, 0, 0, 0, 0, NULL, NULL, 0, NULL, NULL, NULL, NULL, NULL, NULL, NULL, NULL, NULL, NULL, NULL, NULL, NULL, NULL, NULL, NULL, NULL, NULL, NULL, NULL, NULL, '2024-10-22 15:20:32', '2024-10-22 15:20:32'),
(6516, 18, 'customer', NULL, NULL, '20', NULL, '20', NULL, NULL, NULL, 'CO2431', 'active', NULL, NULL, NULL, NULL, NULL, NULL, NULL, NULL, '045242425421', NULL, NULL, NULL, NULL, NULL, 57, NULL, NULL, 0.0000, 0, 0, 0, 0, NULL, NULL, 0, NULL, NULL, NULL, NULL, NULL, NULL, NULL, NULL, NULL, NULL, NULL, NULL, NULL, NULL, NULL, NULL, NULL, NULL, NULL, NULL, NULL, '2024-10-22 15:21:42', '2024-10-22 15:21:42'),
(6517, 4, 'customer', NULL, NULL, 'Zafar', NULL, 'Zafar', NULL, NULL, NULL, 'CO1240', 'active', NULL, NULL, NULL, NULL, 'Syedpur', 'Narayanganj', NULL, NULL, '01000-000000', NULL, NULL, NULL, NULL, NULL, 18, NULL, NULL, 0.0000, 0, 0, 0, 0, NULL, NULL, 0, NULL, NULL, NULL, NULL, NULL, NULL, NULL, NULL, NULL, NULL, NULL, NULL, NULL, NULL, NULL, NULL, NULL, NULL, NULL, NULL, NULL, '2024-10-22 15:24:10', '2024-10-22 15:24:10'),
(6518, 4, 'customer', NULL, NULL, 'Sifat Medical Hall', NULL, 'Sifat Medical Hall', NULL, NULL, NULL, 'CO1241', 'active', NULL, NULL, NULL, NULL, 'L. N. A. Road Turn Deobhog', 'Narayanganj', NULL, NULL, '01000-000000', NULL, NULL, NULL, NULL, NULL, 18, NULL, NULL, 0.0000, 0, 0, 0, 0, NULL, NULL, 0, NULL, NULL, NULL, NULL, NULL, NULL, NULL, NULL, NULL, NULL, NULL, NULL, NULL, NULL, NULL, NULL, NULL, NULL, NULL, NULL, NULL, '2024-10-22 15:27:54', '2024-10-22 15:27:54'),
(6519, 18, 'customer', NULL, NULL, '13', NULL, '13', NULL, NULL, NULL, 'CO2432', 'active', NULL, NULL, NULL, NULL, NULL, NULL, NULL, NULL, '10174524121742', NULL, NULL, NULL, NULL, NULL, 57, NULL, NULL, 0.0000, 0, 0, 0, 0, NULL, NULL, 0, NULL, NULL, NULL, NULL, NULL, NULL, NULL, NULL, NULL, NULL, NULL, NULL, NULL, NULL, NULL, NULL, NULL, NULL, NULL, NULL, NULL, '2024-10-22 15:29:11', '2024-10-22 15:29:11'),
(6520, 18, 'customer', NULL, NULL, '19', NULL, '19', NULL, NULL, NULL, 'CO2433', 'active', NULL, NULL, NULL, NULL, NULL, NULL, NULL, NULL, '0542542542', NULL, NULL, NULL, NULL, NULL, 57, NULL, NULL, 0.0000, 0, 0, 0, 0, NULL, NULL, 0, NULL, NULL, NULL, NULL, NULL, NULL, NULL, NULL, NULL, NULL, NULL, NULL, NULL, NULL, NULL, NULL, NULL, NULL, NULL, NULL, NULL, '2024-10-22 15:41:37', '2024-10-22 15:41:37'),
(6521, 24, 'customer', NULL, NULL, 'nyeem', NULL, 'nyeem', NULL, NULL, NULL, 'CO0784', 'active', NULL, NULL, NULL, NULL, NULL, NULL, NULL, NULL, '01719550773', NULL, NULL, NULL, NULL, NULL, 76, NULL, NULL, 0.0000, 0, 0, 0, 0, NULL, NULL, 0, NULL, NULL, NULL, NULL, NULL, NULL, NULL, NULL, NULL, NULL, NULL, NULL, NULL, NULL, NULL, NULL, NULL, NULL, NULL, NULL, NULL, '2024-10-22 17:37:20', '2024-10-22 17:37:20'),
(6522, 20, 'customer', NULL, NULL, 'mr Nihal', 'mr', 'Nihal', NULL, NULL, NULL, 'CO0005', 'active', NULL, NULL, NULL, NULL, NULL, NULL, NULL, NULL, 'pppppppp', NULL, NULL, NULL, NULL, NULL, 69, NULL, NULL, 0.0000, 0, 0, 0, 0, NULL, NULL, 0, NULL, NULL, NULL, NULL, NULL, NULL, NULL, NULL, NULL, NULL, NULL, NULL, NULL, NULL, NULL, NULL, NULL, NULL, NULL, NULL, NULL, '2024-10-22 17:42:43', '2024-10-22 17:42:43'),
(6523, 20, 'customer', NULL, NULL, 'Mr Khalid Saifullah', 'Mr', 'Khalid', NULL, 'Saifullah', NULL, 'CO0006', 'active', NULL, NULL, NULL, NULL, NULL, NULL, NULL, NULL, '012222222222', NULL, NULL, NULL, NULL, 100000.0000, 69, NULL, NULL, 0.0000, 0, 0, 0, 0, NULL, NULL, 0, NULL, NULL, NULL, NULL, NULL, NULL, NULL, NULL, NULL, NULL, NULL, NULL, NULL, NULL, NULL, NULL, NULL, NULL, NULL, NULL, NULL, '2024-10-22 18:41:17', '2024-10-22 18:41:17'),
(6524, 4, 'customer', NULL, NULL, 'Nearby Fulbug Masjid', NULL, 'Nearby Fulbug Masjid', NULL, NULL, NULL, 'CO1242', 'active', NULL, NULL, NULL, NULL, 'Fulbug Beparipara West Deobhog', 'Narayanganj', NULL, NULL, '01825-022661', NULL, NULL, NULL, NULL, NULL, 18, NULL, NULL, 0.0000, 0, 0, 0, 0, NULL, NULL, 0, NULL, NULL, NULL, NULL, NULL, NULL, NULL, NULL, NULL, NULL, NULL, NULL, NULL, NULL, NULL, NULL, NULL, NULL, NULL, NULL, NULL, '2024-10-22 18:44:21', '2024-10-22 18:44:21'),
(6525, 20, 'supplier', NULL, 'ibn sinah', '', NULL, NULL, NULL, NULL, NULL, 'CO0007', 'active', NULL, NULL, NULL, NULL, NULL, NULL, NULL, NULL, '019275522355', NULL, NULL, 12, 'months', NULL, 69, NULL, NULL, 50000.0000, 0, 0, 0, 0, NULL, NULL, 0, NULL, NULL, NULL, NULL, NULL, NULL, NULL, NULL, NULL, NULL, NULL, NULL, NULL, NULL, NULL, NULL, NULL, NULL, NULL, NULL, NULL, '2024-10-22 19:13:29', '2024-10-23 23:18:26'),
(6526, 4, 'customer', NULL, NULL, 'Shahid', NULL, 'Shahid', NULL, NULL, NULL, 'CO1243', 'active', NULL, NULL, NULL, NULL, 'Data Sorok West Deobhog', 'Narayanganj', NULL, NULL, '01715-160404', NULL, NULL, NULL, NULL, NULL, 18, NULL, NULL, 0.0000, 0, 0, 0, 0, NULL, NULL, 0, NULL, NULL, NULL, NULL, NULL, NULL, NULL, NULL, NULL, NULL, NULL, NULL, NULL, NULL, NULL, NULL, NULL, NULL, NULL, NULL, NULL, '2024-10-22 19:47:51', '2024-10-22 19:47:51'),
(6527, 18, 'customer', NULL, NULL, '11', NULL, '11', NULL, NULL, NULL, 'CO2434', 'active', NULL, NULL, NULL, NULL, NULL, NULL, NULL, NULL, '05427842784', NULL, NULL, NULL, NULL, NULL, 57, NULL, NULL, 0.0000, 0, 0, 0, 0, NULL, NULL, 0, NULL, NULL, NULL, NULL, NULL, NULL, NULL, NULL, NULL, NULL, NULL, NULL, NULL, NULL, NULL, NULL, NULL, NULL, NULL, NULL, NULL, '2024-10-22 20:17:06', '2024-10-22 20:17:06'),
(6528, 24, 'customer', NULL, NULL, 'zia', NULL, 'zia', NULL, NULL, NULL, 'CO0785', 'active', NULL, NULL, NULL, NULL, NULL, NULL, NULL, NULL, '01824553140', NULL, NULL, NULL, NULL, NULL, 76, NULL, NULL, 0.0000, 0, 0, 0, 0, NULL, NULL, 0, NULL, NULL, NULL, NULL, NULL, NULL, NULL, NULL, NULL, NULL, NULL, NULL, NULL, NULL, NULL, NULL, NULL, NULL, NULL, NULL, NULL, '2024-10-22 20:37:23', '2024-10-22 20:37:23'),
(6529, 18, 'customer', NULL, NULL, '15', NULL, '15', NULL, NULL, NULL, 'CO2435', 'active', NULL, NULL, NULL, NULL, NULL, NULL, NULL, NULL, '052114515757', NULL, NULL, NULL, NULL, NULL, 57, NULL, NULL, 0.0000, 0, 0, 0, 0, NULL, NULL, 0, NULL, NULL, NULL, NULL, NULL, NULL, NULL, NULL, NULL, NULL, NULL, NULL, NULL, NULL, NULL, NULL, NULL, NULL, NULL, NULL, NULL, '2024-10-22 20:37:52', '2024-10-22 20:37:52'),
(6530, 18, 'customer', NULL, NULL, '2', NULL, '2', NULL, NULL, NULL, 'CO2436', 'active', NULL, NULL, NULL, NULL, NULL, NULL, NULL, NULL, '01142452745274', NULL, NULL, NULL, NULL, NULL, 57, NULL, NULL, 0.0000, 0, 0, 0, 0, NULL, NULL, 0, NULL, NULL, NULL, NULL, NULL, NULL, NULL, NULL, NULL, NULL, NULL, NULL, NULL, NULL, NULL, NULL, NULL, NULL, NULL, NULL, NULL, '2024-10-22 20:53:57', '2024-10-22 20:53:57'),
(6531, 18, 'customer', NULL, NULL, '16', NULL, '16', NULL, NULL, NULL, 'CO2437', 'active', NULL, NULL, NULL, NULL, NULL, NULL, NULL, NULL, '10245242542', NULL, NULL, NULL, NULL, NULL, 57, NULL, NULL, 0.0000, 0, 0, 0, 0, NULL, NULL, 0, NULL, NULL, NULL, NULL, NULL, NULL, NULL, NULL, NULL, NULL, NULL, NULL, NULL, NULL, NULL, NULL, NULL, NULL, NULL, NULL, NULL, '2024-10-22 20:57:08', '2024-10-22 20:57:08'),
(6532, 18, 'customer', NULL, NULL, '19', NULL, '19', NULL, NULL, NULL, 'CO2438', 'active', NULL, NULL, NULL, NULL, NULL, NULL, NULL, NULL, '041745785278478', NULL, NULL, NULL, NULL, NULL, 57, NULL, NULL, 0.0000, 0, 0, 0, 0, NULL, NULL, 0, NULL, NULL, NULL, NULL, NULL, NULL, NULL, NULL, NULL, NULL, NULL, NULL, NULL, NULL, NULL, NULL, NULL, NULL, NULL, NULL, NULL, '2024-10-22 20:59:29', '2024-10-22 20:59:29'),
(6533, 18, 'customer', NULL, NULL, '19', NULL, '19', NULL, NULL, NULL, 'CO2439', 'active', NULL, NULL, NULL, NULL, NULL, NULL, NULL, NULL, '01454154584', NULL, NULL, NULL, NULL, NULL, 57, NULL, NULL, 0.0000, 0, 0, 0, 0, NULL, NULL, 0, NULL, NULL, NULL, NULL, NULL, NULL, NULL, NULL, NULL, NULL, NULL, NULL, NULL, NULL, NULL, NULL, NULL, NULL, NULL, NULL, NULL, '2024-10-22 21:33:37', '2024-10-22 21:33:37'),
(6534, 18, 'customer', NULL, NULL, '17', NULL, '17', NULL, NULL, NULL, 'CO2440', 'active', NULL, NULL, NULL, NULL, NULL, NULL, NULL, NULL, '0542748217', NULL, NULL, NULL, NULL, NULL, 57, NULL, NULL, 0.0000, 0, 0, 0, 0, NULL, NULL, 0, NULL, NULL, NULL, NULL, NULL, NULL, NULL, NULL, NULL, NULL, NULL, NULL, NULL, NULL, NULL, NULL, NULL, NULL, NULL, NULL, NULL, '2024-10-22 21:37:51', '2024-10-22 21:37:51'),
(6535, 19, 'supplier', NULL, NULL, '', NULL, NULL, NULL, NULL, NULL, 'ABCD', 'active', NULL, NULL, NULL, NULL, NULL, NULL, NULL, NULL, '01749236962', NULL, NULL, NULL, NULL, NULL, 65, NULL, NULL, 0.0000, 0, 0, 0, 0, NULL, NULL, 0, NULL, NULL, NULL, NULL, NULL, NULL, NULL, NULL, NULL, NULL, NULL, NULL, NULL, NULL, NULL, NULL, NULL, NULL, NULL, NULL, NULL, '2024-10-23 11:07:54', '2024-10-23 11:07:54'),
(6536, 20, 'customer', NULL, NULL, 'Ace', NULL, 'Ace', NULL, NULL, NULL, 'CO0008', 'active', NULL, NULL, NULL, NULL, NULL, NULL, NULL, NULL, '12333333333', NULL, NULL, NULL, NULL, NULL, 69, NULL, NULL, 0.0000, 0, 0, 0, 0, NULL, NULL, 0, NULL, NULL, NULL, NULL, NULL, NULL, NULL, NULL, NULL, NULL, NULL, NULL, NULL, NULL, NULL, NULL, NULL, NULL, NULL, NULL, NULL, '2024-10-23 11:48:32', '2024-10-23 11:48:32'),
(6537, 32, 'customer', NULL, NULL, 'Md Al Amin', NULL, 'Md Al Amin', NULL, NULL, NULL, 'CO0339', 'active', NULL, NULL, NULL, NULL, NULL, NULL, NULL, NULL, '01736827309', NULL, NULL, NULL, NULL, NULL, 124, NULL, NULL, 0.0000, 0, 0, 0, 0, NULL, NULL, 0, NULL, NULL, NULL, NULL, NULL, NULL, NULL, NULL, NULL, NULL, NULL, NULL, NULL, NULL, NULL, NULL, NULL, NULL, NULL, NULL, NULL, '2024-10-23 11:52:51', '2024-10-23 11:52:51'),
(6538, 32, 'customer', NULL, NULL, 'Kobir Ahmed', NULL, 'Kobir Ahmed', NULL, NULL, NULL, 'CO0340', 'active', NULL, NULL, NULL, NULL, NULL, NULL, NULL, NULL, '01716428521', NULL, NULL, NULL, NULL, NULL, 124, NULL, NULL, 0.0000, 0, 0, 0, 0, NULL, NULL, 0, NULL, NULL, NULL, NULL, NULL, NULL, NULL, NULL, NULL, NULL, NULL, NULL, NULL, NULL, NULL, NULL, NULL, NULL, NULL, NULL, NULL, '2024-10-23 11:53:45', '2024-10-23 11:53:45'),
(6539, 32, 'customer', NULL, NULL, 'Noyon', NULL, 'Noyon', NULL, NULL, NULL, 'CO0341', 'active', NULL, NULL, NULL, NULL, NULL, NULL, NULL, NULL, '01879392250', NULL, NULL, NULL, NULL, NULL, 124, NULL, NULL, 0.0000, 0, 0, 0, 0, NULL, NULL, 0, NULL, NULL, NULL, NULL, NULL, NULL, NULL, NULL, NULL, NULL, NULL, NULL, NULL, NULL, NULL, NULL, NULL, NULL, NULL, NULL, NULL, '2024-10-23 11:57:50', '2024-10-23 11:57:50'),
(6540, 32, 'customer', NULL, NULL, 'Johirul Islam', NULL, 'Johirul Islam', NULL, NULL, NULL, 'CO0342', 'active', NULL, NULL, NULL, NULL, NULL, NULL, NULL, NULL, '01758703694', NULL, NULL, NULL, NULL, NULL, 124, NULL, NULL, 0.0000, 0, 0, 0, 0, NULL, NULL, 0, NULL, NULL, NULL, NULL, NULL, NULL, NULL, NULL, NULL, NULL, NULL, NULL, NULL, NULL, NULL, NULL, NULL, NULL, NULL, NULL, NULL, '2024-10-23 11:58:57', '2024-10-23 11:58:57'),
(6541, 32, 'customer', NULL, NULL, 'Eyasmin', NULL, 'Eyasmin', NULL, NULL, NULL, 'CO0343', 'active', NULL, NULL, NULL, NULL, NULL, NULL, NULL, NULL, '0170595689', NULL, NULL, NULL, NULL, NULL, 124, NULL, NULL, 0.0000, 0, 0, 0, 0, NULL, NULL, 0, NULL, NULL, NULL, NULL, NULL, NULL, NULL, NULL, NULL, NULL, NULL, NULL, NULL, NULL, NULL, NULL, NULL, NULL, NULL, NULL, NULL, '2024-10-23 11:59:54', '2024-10-23 11:59:54'),
(6542, 32, 'customer', NULL, NULL, 'Masum', NULL, 'Masum', NULL, NULL, NULL, 'CO0344', 'active', NULL, NULL, NULL, NULL, NULL, NULL, NULL, NULL, '01320659899', NULL, NULL, NULL, NULL, NULL, 124, NULL, NULL, 0.0000, 0, 0, 0, 0, NULL, NULL, 0, NULL, NULL, NULL, NULL, NULL, NULL, NULL, NULL, NULL, NULL, NULL, NULL, NULL, NULL, NULL, NULL, NULL, NULL, NULL, NULL, NULL, '2024-10-23 12:01:00', '2024-10-23 12:01:00'),
(6543, 32, 'customer', NULL, NULL, 'Peyari Rahman', NULL, 'Peyari Rahman', NULL, NULL, NULL, 'CO0345', 'active', NULL, NULL, NULL, NULL, NULL, NULL, NULL, NULL, '01712237311', NULL, NULL, NULL, NULL, NULL, 124, NULL, NULL, 0.0000, 0, 0, 0, 0, NULL, NULL, 0, NULL, NULL, NULL, NULL, NULL, NULL, NULL, NULL, NULL, NULL, NULL, NULL, NULL, NULL, NULL, NULL, NULL, NULL, NULL, NULL, NULL, '2024-10-23 12:02:02', '2024-10-23 12:02:02'),
(6544, 32, 'customer', NULL, NULL, 'Shamim', NULL, 'Shamim', NULL, NULL, NULL, 'CO0346', 'active', NULL, NULL, NULL, NULL, NULL, NULL, NULL, NULL, '01608853383', NULL, NULL, NULL, NULL, NULL, 124, NULL, NULL, 0.0000, 0, 0, 0, 0, NULL, NULL, 0, NULL, NULL, NULL, NULL, NULL, NULL, NULL, NULL, NULL, NULL, NULL, NULL, NULL, NULL, NULL, NULL, NULL, NULL, NULL, NULL, NULL, '2024-10-23 12:02:49', '2024-10-23 12:02:49'),
(6545, 32, 'customer', NULL, NULL, 'Md Tota Mia', NULL, 'Md Tota Mia', NULL, NULL, NULL, 'CO0347', 'active', NULL, NULL, NULL, NULL, NULL, NULL, NULL, NULL, '01917019121', NULL, NULL, NULL, NULL, NULL, 124, NULL, NULL, 0.0000, 0, 0, 0, 0, NULL, NULL, 0, NULL, NULL, NULL, NULL, NULL, NULL, NULL, NULL, NULL, NULL, NULL, NULL, NULL, NULL, NULL, NULL, NULL, NULL, NULL, NULL, NULL, '2024-10-23 12:03:45', '2024-10-23 12:03:45'),
(6546, 32, 'customer', NULL, NULL, 'Sagor Sordar', NULL, 'Sagor Sordar', NULL, NULL, NULL, 'CO0348', 'active', NULL, NULL, NULL, NULL, NULL, NULL, NULL, NULL, '0191019121', NULL, NULL, NULL, NULL, NULL, 124, NULL, NULL, 0.0000, 0, 0, 0, 0, NULL, NULL, 0, NULL, NULL, NULL, NULL, NULL, NULL, NULL, NULL, NULL, NULL, NULL, NULL, NULL, NULL, NULL, NULL, NULL, NULL, NULL, NULL, NULL, '2024-10-23 12:04:42', '2024-10-23 12:04:42'),
(6547, 32, 'customer', NULL, NULL, 'Mamun', NULL, 'Mamun', NULL, NULL, NULL, 'CO0349', 'active', NULL, NULL, NULL, NULL, NULL, NULL, NULL, NULL, '01710712403', NULL, NULL, NULL, NULL, NULL, 124, NULL, NULL, 0.0000, 0, 0, 0, 0, NULL, NULL, 0, NULL, NULL, NULL, NULL, NULL, NULL, NULL, NULL, NULL, NULL, NULL, NULL, NULL, NULL, NULL, NULL, NULL, NULL, NULL, NULL, NULL, '2024-10-23 12:12:12', '2024-10-23 12:12:12'),
(6548, 32, 'customer', NULL, NULL, 'Ripa', NULL, 'Ripa', NULL, NULL, NULL, 'CO0350', 'active', NULL, NULL, NULL, NULL, NULL, NULL, NULL, NULL, '01772993607', NULL, NULL, NULL, NULL, NULL, 124, NULL, NULL, 0.0000, 0, 0, 0, 0, NULL, NULL, 0, NULL, NULL, NULL, NULL, NULL, NULL, NULL, NULL, NULL, NULL, NULL, NULL, NULL, NULL, NULL, NULL, NULL, NULL, NULL, NULL, NULL, '2024-10-23 12:29:51', '2024-10-23 12:29:51'),
(6549, 32, 'customer', NULL, NULL, 'Md Saiful Islam', NULL, 'Md Saiful Islam', NULL, NULL, NULL, 'CO0351', 'active', NULL, NULL, NULL, NULL, NULL, NULL, NULL, NULL, '0167755208', NULL, NULL, NULL, NULL, NULL, 124, NULL, NULL, 0.0000, 0, 0, 0, 0, NULL, NULL, 0, NULL, NULL, NULL, NULL, NULL, NULL, NULL, NULL, NULL, NULL, NULL, NULL, NULL, NULL, NULL, NULL, NULL, NULL, NULL, NULL, NULL, '2024-10-23 12:32:52', '2024-10-23 12:32:52'),
(6550, 29, 'customer', NULL, NULL, 'NEW ANANNA BABUL SUB', NULL, 'NEW ANANNA', 'BABUL SUB', NULL, NULL, 'CO0401', 'active', NULL, NULL, NULL, NULL, NULL, NULL, NULL, NULL, '8801611441433', NULL, NULL, NULL, NULL, NULL, 93, NULL, NULL, 0.0000, 0, 0, 0, 0, NULL, NULL, 0, NULL, NULL, NULL, NULL, NULL, NULL, NULL, NULL, NULL, NULL, NULL, NULL, NULL, NULL, NULL, NULL, NULL, NULL, NULL, NULL, NULL, '2024-10-23 13:17:48', '2024-10-23 14:01:13'),
(6551, 18, 'customer', NULL, NULL, '20', NULL, '20', NULL, NULL, NULL, 'CO2441', 'active', NULL, NULL, NULL, NULL, NULL, NULL, NULL, NULL, '0205424254', NULL, NULL, NULL, NULL, NULL, 57, NULL, NULL, 0.0000, 0, 0, 0, 0, NULL, NULL, 0, NULL, NULL, NULL, NULL, NULL, NULL, NULL, NULL, NULL, NULL, NULL, NULL, NULL, NULL, NULL, NULL, NULL, NULL, NULL, NULL, NULL, '2024-10-23 14:33:36', '2024-10-23 14:33:36'),
(6552, 18, 'customer', NULL, NULL, '16', NULL, '16', NULL, NULL, NULL, 'CO2442', 'active', NULL, NULL, NULL, NULL, NULL, NULL, NULL, NULL, '057424274', NULL, NULL, NULL, NULL, NULL, 57, NULL, NULL, 0.0000, 0, 0, 0, 0, NULL, NULL, 0, NULL, NULL, NULL, NULL, NULL, NULL, NULL, NULL, NULL, NULL, NULL, NULL, NULL, NULL, NULL, NULL, NULL, NULL, NULL, NULL, NULL, '2024-10-23 14:34:31', '2024-10-23 14:34:31'),
(6553, 24, 'customer', NULL, NULL, 'aboni islam', NULL, 'aboni islam', NULL, NULL, NULL, 'CO0786', 'active', NULL, NULL, NULL, NULL, NULL, NULL, NULL, NULL, '01627686077', NULL, NULL, NULL, NULL, NULL, 76, NULL, NULL, 0.0000, 0, 0, 0, 0, NULL, NULL, 0, NULL, NULL, NULL, NULL, NULL, NULL, NULL, NULL, NULL, NULL, NULL, NULL, NULL, NULL, NULL, NULL, NULL, NULL, NULL, NULL, NULL, '2024-10-23 14:50:33', '2024-10-23 14:50:33'),
(6554, 18, 'customer', NULL, NULL, '1', NULL, '1', NULL, NULL, NULL, 'CO2443', 'active', NULL, NULL, NULL, NULL, NULL, NULL, NULL, NULL, '04214521452', NULL, NULL, NULL, NULL, NULL, 57, NULL, NULL, 0.0000, 0, 0, 0, 0, NULL, NULL, 0, NULL, NULL, NULL, NULL, NULL, NULL, NULL, NULL, NULL, NULL, NULL, NULL, NULL, NULL, NULL, NULL, NULL, NULL, NULL, NULL, NULL, '2024-10-23 15:12:46', '2024-10-23 15:12:46'),
(6555, 18, 'customer', NULL, NULL, '19', NULL, '19', NULL, NULL, NULL, 'CO2444', 'active', NULL, NULL, NULL, NULL, NULL, NULL, NULL, NULL, '0215145465659', NULL, NULL, NULL, NULL, NULL, 57, NULL, NULL, 0.0000, 0, 0, 0, 0, NULL, NULL, 0, NULL, NULL, NULL, NULL, NULL, NULL, NULL, NULL, NULL, NULL, NULL, NULL, NULL, NULL, NULL, NULL, NULL, NULL, NULL, NULL, NULL, '2024-10-23 15:18:43', '2024-10-23 15:18:43'),
(6556, 24, 'customer', NULL, NULL, 'bristi', NULL, 'bristi', NULL, NULL, NULL, 'CO0787', 'active', NULL, NULL, NULL, NULL, NULL, NULL, NULL, NULL, '01717048017', NULL, NULL, NULL, NULL, NULL, 76, NULL, NULL, 0.0000, 0, 0, 0, 0, NULL, NULL, 0, NULL, NULL, NULL, NULL, NULL, NULL, NULL, NULL, NULL, NULL, NULL, NULL, NULL, NULL, NULL, NULL, NULL, NULL, NULL, NULL, NULL, '2024-10-23 17:23:19', '2024-10-23 17:23:19'),
(6557, 24, 'customer', NULL, NULL, 'Jannat', NULL, 'Jannat', NULL, NULL, NULL, 'CO0788', 'active', NULL, NULL, NULL, NULL, NULL, NULL, NULL, NULL, '01914003458', NULL, NULL, NULL, NULL, NULL, 76, NULL, NULL, 0.0000, 0, 0, 0, 0, NULL, NULL, 0, NULL, NULL, NULL, NULL, NULL, NULL, NULL, NULL, NULL, NULL, NULL, NULL, NULL, NULL, NULL, NULL, NULL, NULL, NULL, NULL, NULL, '2024-10-23 17:45:11', '2024-10-23 17:45:11'),
(6558, 32, 'customer', NULL, NULL, 'Abdul jobbar', NULL, 'Abdul jobbar', NULL, NULL, NULL, 'CO0352', 'active', NULL, NULL, NULL, NULL, NULL, NULL, NULL, NULL, '.', NULL, NULL, NULL, NULL, NULL, 124, NULL, NULL, 0.0000, 0, 0, 0, 0, NULL, NULL, 0, NULL, NULL, NULL, NULL, NULL, NULL, NULL, NULL, NULL, NULL, NULL, NULL, NULL, NULL, NULL, NULL, NULL, NULL, NULL, NULL, NULL, '2024-10-23 17:57:24', '2024-10-23 17:57:24'),
(6559, 32, 'customer', NULL, NULL, 'Roton Mondol', NULL, 'Roton Mondol', NULL, NULL, NULL, 'CO0353', 'active', NULL, NULL, NULL, NULL, NULL, NULL, NULL, NULL, '01898322780', NULL, NULL, NULL, NULL, NULL, 124, NULL, NULL, 0.0000, 0, 0, 0, 0, NULL, NULL, 0, NULL, NULL, NULL, NULL, NULL, NULL, NULL, NULL, NULL, NULL, NULL, NULL, NULL, NULL, NULL, NULL, NULL, NULL, NULL, NULL, NULL, '2024-10-23 17:59:11', '2024-10-23 17:59:11'),
(6560, 24, 'customer', NULL, NULL, 'etu', NULL, 'etu', NULL, NULL, NULL, 'CO0789', 'active', NULL, NULL, NULL, NULL, NULL, NULL, NULL, NULL, '01612352901', NULL, NULL, NULL, NULL, NULL, 76, NULL, NULL, 0.0000, 0, 0, 0, 0, NULL, NULL, 0, NULL, NULL, NULL, NULL, NULL, NULL, NULL, NULL, NULL, NULL, NULL, NULL, NULL, NULL, NULL, NULL, NULL, NULL, NULL, NULL, NULL, '2024-10-23 18:06:49', '2024-10-23 18:06:49'),
(6561, 24, 'customer', NULL, NULL, 'ruma begum', NULL, 'ruma begum', NULL, NULL, NULL, 'CO0790', 'active', NULL, NULL, NULL, NULL, NULL, NULL, NULL, NULL, '01925782020', NULL, NULL, NULL, NULL, NULL, 76, NULL, NULL, 0.0000, 0, 0, 0, 0, NULL, NULL, 0, NULL, NULL, NULL, NULL, NULL, NULL, NULL, NULL, NULL, NULL, NULL, NULL, NULL, NULL, NULL, NULL, NULL, NULL, NULL, NULL, NULL, '2024-10-23 18:59:23', '2024-10-23 18:59:23'),
(6562, 24, 'customer', NULL, NULL, 'arfina', NULL, 'arfina', NULL, NULL, NULL, 'CO0791', 'active', NULL, NULL, NULL, NULL, NULL, NULL, NULL, NULL, '01715219917', NULL, NULL, NULL, NULL, NULL, 76, NULL, NULL, 0.0000, 0, 0, 0, 0, NULL, NULL, 0, NULL, NULL, NULL, NULL, NULL, NULL, NULL, NULL, NULL, NULL, NULL, NULL, NULL, NULL, NULL, NULL, NULL, NULL, NULL, NULL, NULL, '2024-10-23 19:20:37', '2024-10-23 19:20:37'),
(6563, 24, 'customer', NULL, NULL, 'tusar', NULL, 'tusar', NULL, NULL, NULL, 'CO0792', 'active', NULL, NULL, NULL, NULL, NULL, NULL, NULL, NULL, '01898291399', NULL, NULL, NULL, NULL, NULL, 76, NULL, NULL, 0.0000, 0, 0, 0, 0, NULL, NULL, 0, NULL, NULL, NULL, NULL, NULL, NULL, NULL, NULL, NULL, NULL, NULL, NULL, NULL, NULL, NULL, NULL, NULL, NULL, NULL, NULL, NULL, '2024-10-23 20:06:32', '2024-10-23 20:06:32'),
(6564, 4, 'customer', NULL, NULL, 'Mr. Nure Alam Litu', 'Mr.', 'Nure Alam', 'Litu', NULL, NULL, 'CO1244', 'active', NULL, NULL, NULL, NULL, 'West Deobhog Nearby Madrasa', 'Narayanganj', NULL, NULL, '01916-266889', NULL, NULL, NULL, NULL, NULL, 18, NULL, NULL, 0.0000, 0, 0, 0, 0, NULL, NULL, 0, NULL, NULL, NULL, NULL, NULL, NULL, NULL, NULL, NULL, NULL, NULL, NULL, NULL, NULL, NULL, NULL, NULL, NULL, NULL, NULL, NULL, '2024-10-23 20:08:16', '2024-10-23 20:08:16'),
(6565, 4, 'customer', NULL, NULL, 'Md. Monir Hossain', NULL, 'Md. Monir Hossain', NULL, NULL, NULL, 'CO1245', 'active', NULL, NULL, NULL, NULL, 'Hossaininagar Kashipur, Fatulla', 'Narayanganj', NULL, NULL, '01614-547518', NULL, NULL, NULL, NULL, NULL, 18, NULL, NULL, 0.0000, 0, 0, 0, 0, NULL, NULL, 0, NULL, NULL, NULL, NULL, NULL, NULL, NULL, NULL, NULL, NULL, NULL, NULL, NULL, NULL, NULL, NULL, NULL, NULL, NULL, NULL, NULL, '2024-10-23 20:14:34', '2024-10-23 20:14:34'),
(6566, 18, 'customer', NULL, NULL, '20', NULL, '20', NULL, NULL, NULL, 'CO2445', 'active', NULL, NULL, NULL, NULL, NULL, NULL, NULL, NULL, '0784527842784', NULL, NULL, NULL, NULL, NULL, 57, NULL, NULL, 0.0000, 0, 0, 0, 0, NULL, NULL, 0, NULL, NULL, NULL, NULL, NULL, NULL, NULL, NULL, NULL, NULL, NULL, NULL, NULL, NULL, NULL, NULL, NULL, NULL, NULL, NULL, NULL, '2024-10-23 20:20:39', '2024-10-23 20:20:39'),
(6567, 18, 'customer', NULL, NULL, '16', NULL, '16', NULL, NULL, NULL, 'CO2446', 'active', NULL, NULL, NULL, NULL, NULL, NULL, NULL, NULL, '01715376005', NULL, NULL, NULL, NULL, NULL, 57, NULL, NULL, 0.0000, 0, 0, 0, 0, NULL, NULL, 0, NULL, NULL, NULL, NULL, NULL, NULL, NULL, NULL, NULL, NULL, NULL, NULL, NULL, NULL, NULL, NULL, NULL, NULL, NULL, NULL, NULL, '2024-10-23 20:55:50', '2024-10-23 20:55:50'),
(6568, 18, 'customer', NULL, NULL, '1', NULL, '1', NULL, NULL, NULL, 'CO2447', 'active', NULL, NULL, NULL, NULL, NULL, NULL, NULL, NULL, '021120551451405', NULL, NULL, NULL, NULL, NULL, 57, NULL, NULL, 0.0000, 0, 0, 0, 0, NULL, NULL, 0, NULL, NULL, NULL, NULL, NULL, NULL, NULL, NULL, NULL, NULL, NULL, NULL, NULL, NULL, NULL, NULL, NULL, NULL, NULL, NULL, NULL, '2024-10-23 20:56:52', '2024-10-23 20:56:52'),
(6569, 18, 'customer', NULL, NULL, '2', NULL, '2', NULL, NULL, NULL, 'CO2448', 'active', NULL, NULL, NULL, NULL, NULL, NULL, NULL, NULL, '0424752142154', NULL, NULL, NULL, NULL, NULL, 57, NULL, NULL, 0.0000, 0, 0, 0, 0, NULL, NULL, 0, NULL, NULL, NULL, NULL, NULL, NULL, NULL, NULL, NULL, NULL, NULL, NULL, NULL, NULL, NULL, NULL, NULL, NULL, NULL, NULL, NULL, '2024-10-23 21:01:04', '2024-10-23 21:01:04'),
(6570, 18, 'customer', NULL, NULL, '9', NULL, '9', NULL, NULL, NULL, 'CO2449', 'active', NULL, NULL, NULL, NULL, NULL, NULL, NULL, NULL, '058415785784', NULL, NULL, NULL, NULL, NULL, 57, NULL, NULL, 0.0000, 0, 0, 0, 0, NULL, NULL, 0, NULL, NULL, NULL, NULL, NULL, NULL, NULL, NULL, NULL, NULL, NULL, NULL, NULL, NULL, NULL, NULL, NULL, NULL, NULL, NULL, NULL, '2024-10-23 21:02:11', '2024-10-23 21:02:11'),
(6571, 18, 'customer', NULL, NULL, '13', NULL, '13', NULL, NULL, NULL, 'CO2450', 'active', NULL, NULL, NULL, NULL, NULL, NULL, NULL, NULL, '015415248748', NULL, NULL, NULL, NULL, NULL, 57, NULL, NULL, 0.0000, 0, 0, 0, 0, NULL, NULL, 0, NULL, NULL, NULL, NULL, NULL, NULL, NULL, NULL, NULL, NULL, NULL, NULL, NULL, NULL, NULL, NULL, NULL, NULL, NULL, NULL, NULL, '2024-10-23 21:04:52', '2024-10-23 21:04:52'),
(6572, 18, 'customer', NULL, NULL, '10', NULL, '10', NULL, NULL, NULL, 'CO2451', 'active', NULL, NULL, NULL, NULL, NULL, NULL, NULL, NULL, '054184798/7', NULL, NULL, NULL, NULL, NULL, 57, NULL, NULL, 0.0000, 0, 0, 0, 0, NULL, NULL, 0, NULL, NULL, NULL, NULL, NULL, NULL, NULL, NULL, NULL, NULL, NULL, NULL, NULL, NULL, NULL, NULL, NULL, NULL, NULL, NULL, NULL, '2024-10-23 21:05:19', '2024-10-23 21:05:19'),
(6573, 18, 'customer', NULL, NULL, '15', NULL, '15', NULL, NULL, NULL, 'CO2452', 'active', NULL, NULL, NULL, NULL, NULL, NULL, NULL, NULL, '012527452178', NULL, NULL, NULL, NULL, NULL, 57, NULL, NULL, 0.0000, 0, 0, 0, 0, NULL, NULL, 0, NULL, NULL, NULL, NULL, NULL, NULL, NULL, NULL, NULL, NULL, NULL, NULL, NULL, NULL, NULL, NULL, NULL, NULL, NULL, NULL, NULL, '2024-10-23 21:09:04', '2024-10-23 21:09:04'),
(6574, 18, 'customer', NULL, NULL, '14', NULL, '14', NULL, NULL, NULL, 'CO2453', 'active', NULL, NULL, NULL, NULL, NULL, NULL, NULL, NULL, '054254254245', NULL, NULL, NULL, NULL, NULL, 57, NULL, NULL, 0.0000, 0, 0, 0, 0, NULL, NULL, 0, NULL, NULL, NULL, NULL, NULL, NULL, NULL, NULL, NULL, NULL, NULL, NULL, NULL, NULL, NULL, NULL, NULL, NULL, NULL, NULL, NULL, '2024-10-23 21:09:45', '2024-10-23 21:09:45'),
(6575, 18, 'customer', NULL, NULL, '8', NULL, '8', NULL, NULL, NULL, 'CO2454', 'active', NULL, NULL, NULL, NULL, NULL, NULL, NULL, NULL, '04554205420542', NULL, NULL, NULL, NULL, NULL, 57, NULL, NULL, 0.0000, 0, 0, 0, 0, NULL, NULL, 0, NULL, NULL, NULL, NULL, NULL, NULL, NULL, NULL, NULL, NULL, NULL, NULL, NULL, NULL, NULL, NULL, NULL, NULL, NULL, NULL, NULL, '2024-10-23 21:10:26', '2024-10-23 21:10:26'),
(6576, 18, 'customer', NULL, NULL, '7', NULL, '7', NULL, NULL, NULL, 'CO2455', 'active', NULL, NULL, NULL, NULL, NULL, NULL, NULL, NULL, '0541552548', NULL, NULL, NULL, NULL, NULL, 57, NULL, NULL, 0.0000, 0, 0, 0, 0, NULL, NULL, 0, NULL, NULL, NULL, NULL, NULL, NULL, NULL, NULL, NULL, NULL, NULL, NULL, NULL, NULL, NULL, NULL, NULL, NULL, NULL, NULL, NULL, '2024-10-23 21:18:10', '2024-10-23 21:18:10'),
(6577, 18, 'customer', NULL, NULL, '18', NULL, '18', NULL, NULL, NULL, 'CO2456', 'active', NULL, NULL, NULL, NULL, NULL, NULL, NULL, NULL, '054725421542552', NULL, NULL, NULL, NULL, NULL, 57, NULL, NULL, 0.0000, 0, 0, 0, 0, NULL, NULL, 0, NULL, NULL, NULL, NULL, NULL, NULL, NULL, NULL, NULL, NULL, NULL, NULL, NULL, NULL, NULL, NULL, NULL, NULL, NULL, NULL, NULL, '2024-10-23 21:30:03', '2024-10-23 21:30:03'),
(6578, 24, 'customer', NULL, NULL, 'sifat', NULL, 'sifat', NULL, NULL, NULL, 'CO0793', 'active', NULL, NULL, NULL, NULL, NULL, NULL, NULL, NULL, '01734418186', NULL, NULL, NULL, NULL, NULL, 76, NULL, NULL, 0.0000, 0, 0, 0, 0, NULL, NULL, 0, NULL, NULL, NULL, NULL, NULL, NULL, NULL, NULL, NULL, NULL, NULL, NULL, NULL, NULL, NULL, NULL, NULL, NULL, NULL, NULL, NULL, '2024-10-23 21:37:56', '2024-10-23 21:37:56'),
(6579, 24, 'customer', NULL, NULL, 'sifat', NULL, 'sifat', NULL, NULL, NULL, 'CO0794', 'active', NULL, NULL, NULL, NULL, NULL, NULL, NULL, NULL, '01734418186', NULL, NULL, NULL, NULL, NULL, 76, NULL, NULL, 0.0000, 0, 0, 0, 0, NULL, NULL, 0, NULL, NULL, NULL, NULL, NULL, NULL, NULL, NULL, NULL, NULL, NULL, NULL, NULL, NULL, NULL, NULL, NULL, NULL, NULL, NULL, NULL, '2024-10-23 21:40:17', '2024-10-23 21:40:17'),
(6580, 18, 'customer', NULL, NULL, '3', NULL, '3', NULL, NULL, NULL, 'CO2457', 'active', NULL, NULL, NULL, NULL, NULL, NULL, NULL, NULL, '057427452784', NULL, NULL, NULL, NULL, NULL, 57, NULL, NULL, 0.0000, 0, 0, 0, 0, NULL, NULL, 0, NULL, NULL, NULL, NULL, NULL, NULL, NULL, NULL, NULL, NULL, NULL, NULL, NULL, NULL, NULL, NULL, NULL, NULL, NULL, NULL, NULL, '2024-10-23 21:41:08', '2024-10-23 21:41:08'),
(6581, 18, 'customer', NULL, NULL, '3', NULL, '3', NULL, NULL, NULL, 'CO2458', 'active', NULL, NULL, NULL, NULL, NULL, NULL, NULL, NULL, '0425745827842', NULL, NULL, NULL, NULL, NULL, 57, NULL, NULL, 0.0000, 0, 0, 0, 0, NULL, NULL, 0, NULL, NULL, NULL, NULL, NULL, NULL, NULL, NULL, NULL, NULL, NULL, NULL, NULL, NULL, NULL, NULL, NULL, NULL, NULL, NULL, NULL, '2024-10-23 21:43:12', '2024-10-23 21:43:12'),
(6582, 18, 'customer', NULL, NULL, '19', NULL, '19', NULL, NULL, NULL, 'CO2459', 'active', NULL, NULL, NULL, NULL, NULL, NULL, NULL, NULL, '02834558458478', NULL, NULL, NULL, NULL, NULL, 57, NULL, NULL, 0.0000, 0, 0, 0, 0, NULL, NULL, 0, NULL, NULL, NULL, NULL, NULL, NULL, NULL, NULL, NULL, NULL, NULL, NULL, NULL, NULL, NULL, NULL, NULL, NULL, NULL, NULL, NULL, '2024-10-23 21:47:01', '2024-10-23 21:47:01'),
(6583, 18, 'customer', NULL, NULL, '19', NULL, '19', NULL, NULL, NULL, 'CO2460', 'active', NULL, NULL, NULL, NULL, NULL, NULL, NULL, NULL, '01785752752', NULL, NULL, NULL, NULL, NULL, 57, NULL, NULL, 0.0000, 0, 0, 0, 0, NULL, NULL, 0, NULL, NULL, NULL, NULL, NULL, NULL, NULL, NULL, NULL, NULL, NULL, NULL, NULL, NULL, NULL, NULL, NULL, NULL, NULL, NULL, NULL, '2024-10-23 21:48:32', '2024-10-23 21:48:32'),
(6584, 28, 'supplier', NULL, NULL, 'Cholcol', NULL, 'Cholcol', NULL, NULL, NULL, 'CO0171', 'active', NULL, NULL, NULL, NULL, NULL, NULL, NULL, NULL, '01885216597', NULL, NULL, NULL, NULL, NULL, 96, NULL, NULL, 0.0000, 0, 0, 0, 0, NULL, NULL, 0, NULL, NULL, NULL, NULL, NULL, NULL, NULL, NULL, NULL, NULL, NULL, NULL, NULL, NULL, NULL, NULL, NULL, NULL, NULL, NULL, NULL, '2024-10-24 09:27:27', '2024-10-24 09:27:27'),
(6585, 32, 'customer', NULL, NULL, 'Saddam', NULL, 'Saddam', NULL, NULL, NULL, 'CO0354', 'active', NULL, NULL, NULL, NULL, NULL, NULL, NULL, NULL, '01640671680', NULL, NULL, NULL, NULL, NULL, 124, NULL, NULL, 0.0000, 0, 0, 0, 0, NULL, NULL, 0, NULL, NULL, NULL, NULL, NULL, NULL, NULL, NULL, NULL, NULL, NULL, NULL, NULL, NULL, NULL, NULL, NULL, NULL, NULL, NULL, NULL, '2024-10-24 11:19:35', '2024-10-24 11:19:35'),
(6586, 32, 'customer', NULL, NULL, 'Ripon Mia', NULL, 'Ripon Mia', NULL, NULL, NULL, 'CO0355', 'active', NULL, NULL, NULL, NULL, NULL, NULL, NULL, NULL, '01957309371', NULL, NULL, NULL, NULL, NULL, 124, NULL, NULL, 0.0000, 0, 0, 0, 0, NULL, NULL, 0, NULL, NULL, NULL, NULL, NULL, NULL, NULL, NULL, NULL, NULL, NULL, NULL, NULL, NULL, NULL, NULL, NULL, NULL, NULL, NULL, NULL, '2024-10-24 11:27:23', '2024-10-24 11:27:23'),
(6587, 4, 'customer', NULL, NULL, 'Hazi Aslam', NULL, 'Hazi Aslam', NULL, NULL, NULL, 'CO1246', 'active', NULL, NULL, NULL, NULL, 'Nearby New Badhon Community Center Masdair', 'Narayanganj', NULL, NULL, '01925-130043', NULL, NULL, NULL, NULL, NULL, 18, NULL, NULL, 0.0000, 0, 0, 0, 0, NULL, NULL, 0, NULL, NULL, NULL, NULL, NULL, NULL, NULL, NULL, NULL, NULL, NULL, NULL, NULL, NULL, NULL, NULL, NULL, NULL, NULL, NULL, NULL, '2024-10-24 13:51:19', '2024-10-24 13:51:19'),
(6588, 33, 'supplier', NULL, NULL, 'SAMSU', NULL, 'SAMSU', NULL, NULL, NULL, 'CO0045', 'active', NULL, NULL, NULL, NULL, NULL, NULL, NULL, NULL, '0171587692', NULL, NULL, NULL, NULL, NULL, 126, NULL, NULL, 0.0000, 0, 0, 0, 0, NULL, NULL, 0, NULL, NULL, NULL, NULL, NULL, NULL, NULL, NULL, NULL, NULL, NULL, NULL, NULL, NULL, NULL, NULL, NULL, NULL, NULL, NULL, NULL, '2024-10-24 13:58:01', '2024-10-24 13:58:01'),
(6589, 18, 'customer', NULL, NULL, '4', NULL, '4', NULL, NULL, NULL, 'CO2461', 'active', NULL, NULL, NULL, NULL, NULL, NULL, NULL, NULL, '058462148624871', NULL, NULL, NULL, NULL, NULL, 57, NULL, NULL, 0.0000, 0, 0, 0, 0, NULL, NULL, 0, NULL, NULL, NULL, NULL, NULL, NULL, NULL, NULL, NULL, NULL, NULL, NULL, NULL, NULL, NULL, NULL, NULL, NULL, NULL, NULL, NULL, '2024-10-24 14:10:14', '2024-10-24 14:10:14'),
(6590, 18, 'customer', NULL, NULL, '19', NULL, '19', NULL, NULL, NULL, 'CO2462', 'active', NULL, NULL, NULL, NULL, NULL, NULL, NULL, NULL, '04452421425454', NULL, NULL, NULL, NULL, NULL, 57, NULL, NULL, 0.0000, 0, 0, 0, 0, NULL, NULL, 0, NULL, NULL, NULL, NULL, NULL, NULL, NULL, NULL, NULL, NULL, NULL, NULL, NULL, NULL, NULL, NULL, NULL, NULL, NULL, NULL, NULL, '2024-10-24 14:42:44', '2024-10-24 14:42:44'),
(6591, 18, 'customer', NULL, NULL, '20', NULL, '20', NULL, NULL, NULL, 'CO2463', 'active', NULL, NULL, NULL, NULL, NULL, NULL, NULL, NULL, '0215145414514', NULL, NULL, NULL, NULL, NULL, 57, NULL, NULL, 0.0000, 0, 0, 0, 0, NULL, NULL, 0, NULL, NULL, NULL, NULL, NULL, NULL, NULL, NULL, NULL, NULL, NULL, NULL, NULL, NULL, NULL, NULL, NULL, NULL, NULL, NULL, NULL, '2024-10-24 14:50:17', '2024-10-24 14:50:17'),
(6592, 18, 'customer', NULL, NULL, '6', NULL, '6', NULL, NULL, NULL, 'CO2464', 'active', NULL, NULL, NULL, NULL, NULL, NULL, NULL, NULL, '02517847845874', NULL, NULL, NULL, NULL, NULL, 57, NULL, NULL, 0.0000, 0, 0, 0, 0, NULL, NULL, 0, NULL, NULL, NULL, NULL, NULL, NULL, NULL, NULL, NULL, NULL, NULL, NULL, NULL, NULL, NULL, NULL, NULL, NULL, NULL, NULL, NULL, '2024-10-24 14:51:40', '2024-10-24 14:51:40'),
(6593, 18, 'customer', NULL, NULL, '10', NULL, '10', NULL, NULL, NULL, 'CO2465', 'active', NULL, NULL, NULL, NULL, NULL, NULL, NULL, NULL, '04121424524', NULL, NULL, NULL, NULL, NULL, 57, NULL, NULL, 0.0000, 0, 0, 0, 0, NULL, NULL, 0, NULL, NULL, NULL, NULL, NULL, NULL, NULL, NULL, NULL, NULL, NULL, NULL, NULL, NULL, NULL, NULL, NULL, NULL, NULL, NULL, NULL, '2024-10-24 15:00:16', '2024-10-24 15:00:16'),
(6594, 18, 'customer', NULL, NULL, '9', NULL, '9', NULL, NULL, NULL, 'CO2466', 'active', NULL, NULL, NULL, NULL, NULL, NULL, NULL, NULL, '024512475278452', NULL, NULL, NULL, NULL, NULL, 57, NULL, NULL, 0.0000, 0, 0, 0, 0, NULL, NULL, 0, NULL, NULL, NULL, NULL, NULL, NULL, NULL, NULL, NULL, NULL, NULL, NULL, NULL, NULL, NULL, NULL, NULL, NULL, NULL, NULL, NULL, '2024-10-24 15:02:48', '2024-10-24 15:02:48'),
(6595, 18, 'customer', NULL, NULL, '17', NULL, '17', NULL, NULL, NULL, 'CO2467', 'active', NULL, NULL, NULL, NULL, NULL, NULL, NULL, NULL, '054828742140', NULL, NULL, NULL, NULL, NULL, 57, NULL, NULL, 0.0000, 0, 0, 0, 0, NULL, NULL, 0, NULL, NULL, NULL, NULL, NULL, NULL, NULL, NULL, NULL, NULL, NULL, NULL, NULL, NULL, NULL, NULL, NULL, NULL, NULL, NULL, NULL, '2024-10-24 15:30:16', '2024-10-24 15:30:16'),
(6596, 18, 'customer', NULL, NULL, '16', NULL, '16', NULL, NULL, NULL, 'CO2468', 'active', NULL, NULL, NULL, NULL, NULL, NULL, NULL, NULL, '54248632584635784', NULL, NULL, NULL, NULL, NULL, 57, NULL, NULL, 0.0000, 0, 0, 0, 0, NULL, NULL, 0, NULL, NULL, NULL, NULL, NULL, NULL, NULL, NULL, NULL, NULL, NULL, NULL, NULL, NULL, NULL, NULL, NULL, NULL, NULL, NULL, NULL, '2024-10-24 15:32:35', '2024-10-24 15:32:35'),
(6597, 32, 'customer', NULL, NULL, 'Mustafiqur Rahman', NULL, 'Mustafiqur Rahman', NULL, NULL, NULL, 'CO0356', 'active', NULL, NULL, NULL, NULL, NULL, NULL, NULL, NULL, '01629405684', NULL, NULL, NULL, NULL, NULL, 124, NULL, NULL, 0.0000, 0, 0, 0, 0, NULL, NULL, 0, NULL, NULL, NULL, NULL, NULL, NULL, NULL, NULL, NULL, NULL, NULL, NULL, NULL, NULL, NULL, NULL, NULL, NULL, NULL, NULL, NULL, '2024-10-24 19:23:26', '2024-10-24 19:23:26'),
(6598, 18, 'customer', NULL, NULL, 'Miss tasfiya', 'Miss', 'tasfiya', NULL, NULL, NULL, 'CO2469', 'active', NULL, NULL, NULL, NULL, NULL, NULL, NULL, NULL, '01546279615', NULL, NULL, NULL, NULL, NULL, 57, NULL, NULL, 0.0000, 0, 0, 0, 0, NULL, NULL, 0, NULL, NULL, NULL, NULL, NULL, NULL, NULL, NULL, NULL, NULL, NULL, NULL, NULL, NULL, NULL, NULL, NULL, NULL, NULL, NULL, NULL, '2024-10-24 19:28:14', '2024-10-24 19:28:14'),
(6599, 32, 'customer', NULL, NULL, 'Abdul Lotif', NULL, 'Abdul Lotif', NULL, NULL, NULL, 'CO0357', 'active', NULL, NULL, NULL, NULL, NULL, NULL, NULL, NULL, '01860132990', NULL, NULL, NULL, NULL, NULL, 124, NULL, NULL, 0.0000, 0, 0, 0, 0, NULL, NULL, 0, NULL, NULL, NULL, NULL, NULL, NULL, NULL, NULL, NULL, NULL, NULL, NULL, NULL, NULL, NULL, NULL, NULL, NULL, NULL, NULL, NULL, '2024-10-24 19:29:46', '2024-10-24 19:29:46'),
(6600, 32, 'customer', NULL, NULL, 'Sanjoy', NULL, 'Sanjoy', NULL, NULL, NULL, 'CO0358', 'active', NULL, NULL, NULL, NULL, NULL, NULL, NULL, NULL, '01671175266', NULL, NULL, NULL, NULL, NULL, 124, NULL, NULL, 0.0000, 0, 0, 0, 0, NULL, NULL, 0, NULL, NULL, NULL, NULL, NULL, NULL, NULL, NULL, NULL, NULL, NULL, NULL, NULL, NULL, NULL, NULL, NULL, NULL, NULL, NULL, NULL, '2024-10-24 19:30:37', '2024-10-24 19:30:37'),
(6601, 32, 'customer', NULL, NULL, 'Mahfuzur Rahman', NULL, 'Mahfuzur Rahman', NULL, NULL, NULL, 'CO0359', 'active', NULL, NULL, NULL, NULL, NULL, NULL, NULL, NULL, '01792199492', NULL, NULL, NULL, NULL, NULL, 124, NULL, NULL, 0.0000, 0, 0, 0, 0, NULL, NULL, 0, NULL, NULL, NULL, NULL, NULL, NULL, NULL, NULL, NULL, NULL, NULL, NULL, NULL, NULL, NULL, NULL, NULL, NULL, NULL, NULL, NULL, '2024-10-24 19:32:11', '2024-10-24 19:32:11'),
(6602, 32, 'customer', NULL, NULL, 'Limon', NULL, 'Limon', NULL, NULL, NULL, 'CO0360', 'active', NULL, NULL, NULL, NULL, NULL, NULL, NULL, NULL, '01877804501', NULL, NULL, NULL, NULL, NULL, 124, NULL, NULL, 0.0000, 0, 0, 0, 0, NULL, NULL, 0, NULL, NULL, NULL, NULL, NULL, NULL, NULL, NULL, NULL, NULL, NULL, NULL, NULL, NULL, NULL, NULL, NULL, NULL, NULL, NULL, NULL, '2024-10-24 19:33:12', '2024-10-24 19:33:12'),
(6603, 32, 'customer', NULL, NULL, 'Eliyas', NULL, 'Eliyas', NULL, NULL, NULL, 'CO0361', 'active', NULL, NULL, NULL, NULL, NULL, NULL, NULL, NULL, '0193672637', NULL, NULL, NULL, NULL, NULL, 124, NULL, NULL, 0.0000, 0, 0, 0, 0, NULL, NULL, 0, NULL, NULL, NULL, NULL, NULL, NULL, NULL, NULL, NULL, NULL, NULL, NULL, NULL, NULL, NULL, NULL, NULL, NULL, NULL, NULL, NULL, '2024-10-24 19:52:02', '2024-10-24 19:52:02'),
(6604, 32, 'customer', NULL, NULL, 'Maksuda', NULL, 'Maksuda', NULL, NULL, NULL, 'CO0362', 'active', NULL, NULL, NULL, NULL, NULL, NULL, NULL, NULL, '01892112812', NULL, NULL, NULL, NULL, NULL, 124, NULL, NULL, 0.0000, 0, 0, 0, 0, NULL, NULL, 0, NULL, NULL, NULL, NULL, NULL, NULL, NULL, NULL, NULL, NULL, NULL, NULL, NULL, NULL, NULL, NULL, NULL, NULL, NULL, NULL, NULL, '2024-10-24 19:52:53', '2024-10-24 19:52:53'),
(6605, 32, 'customer', NULL, NULL, 'Akram', NULL, 'Akram', NULL, NULL, NULL, 'CO0363', 'active', NULL, NULL, NULL, NULL, NULL, NULL, NULL, NULL, '01712350019', NULL, NULL, NULL, NULL, NULL, 124, NULL, NULL, 0.0000, 0, 0, 0, 0, NULL, NULL, 0, NULL, NULL, NULL, NULL, NULL, NULL, NULL, NULL, NULL, NULL, NULL, NULL, NULL, NULL, NULL, NULL, NULL, NULL, NULL, NULL, NULL, '2024-10-24 19:56:34', '2024-10-24 19:56:34'),
(6606, 32, 'customer', NULL, NULL, 'Iqbal Hossain', NULL, 'Iqbal Hossain', NULL, NULL, NULL, 'CO0364', 'active', NULL, NULL, NULL, NULL, NULL, NULL, NULL, NULL, '01793648148', NULL, NULL, NULL, NULL, NULL, 124, NULL, NULL, 0.0000, 0, 0, 0, 0, NULL, NULL, 0, NULL, NULL, NULL, NULL, NULL, NULL, NULL, NULL, NULL, NULL, NULL, NULL, NULL, NULL, NULL, NULL, NULL, NULL, NULL, NULL, NULL, '2024-10-24 19:57:21', '2024-10-24 19:57:21'),
(6607, 32, 'customer', NULL, NULL, 'Muhammad Afaz Uddin', NULL, 'Muhammad Afaz Uddin', NULL, NULL, NULL, 'CO0365', 'active', NULL, NULL, NULL, NULL, NULL, NULL, NULL, NULL, '01941627383', NULL, NULL, NULL, NULL, NULL, 124, NULL, NULL, 0.0000, 0, 0, 0, 0, NULL, NULL, 0, NULL, NULL, NULL, NULL, NULL, NULL, NULL, NULL, NULL, NULL, NULL, NULL, NULL, NULL, NULL, NULL, NULL, NULL, NULL, NULL, NULL, '2024-10-24 19:58:26', '2024-10-24 19:58:26'),
(6608, 32, 'customer', NULL, NULL, 'Moina', NULL, 'Moina', NULL, NULL, NULL, 'CO0366', 'active', NULL, NULL, NULL, NULL, NULL, NULL, NULL, NULL, '01674184647', NULL, NULL, NULL, NULL, NULL, 124, NULL, NULL, 0.0000, 0, 0, 0, 0, NULL, NULL, 0, NULL, NULL, NULL, NULL, NULL, NULL, NULL, NULL, NULL, NULL, NULL, NULL, NULL, NULL, NULL, NULL, NULL, NULL, NULL, NULL, NULL, '2024-10-24 19:59:16', '2024-10-24 19:59:16'),
(6609, 32, 'customer', NULL, NULL, 'Muhammad Akash', NULL, 'Muhammad Akash', NULL, NULL, NULL, 'CO0367', 'active', NULL, NULL, NULL, NULL, NULL, NULL, NULL, NULL, ',', NULL, NULL, NULL, NULL, NULL, 124, NULL, NULL, 0.0000, 0, 0, 0, 0, NULL, NULL, 0, NULL, NULL, NULL, NULL, NULL, NULL, NULL, NULL, NULL, NULL, NULL, NULL, NULL, NULL, NULL, NULL, NULL, NULL, NULL, NULL, NULL, '2024-10-24 20:00:10', '2024-10-24 20:00:10'),
(6610, 32, 'customer', NULL, NULL, 'Mamun', NULL, 'Mamun', NULL, NULL, NULL, 'CO0368', 'active', NULL, NULL, NULL, NULL, NULL, NULL, NULL, NULL, '01710712403', NULL, NULL, NULL, NULL, NULL, 124, NULL, NULL, 0.0000, 0, 0, 0, 0, NULL, NULL, 0, NULL, NULL, NULL, NULL, NULL, NULL, NULL, NULL, NULL, NULL, NULL, NULL, NULL, NULL, NULL, NULL, NULL, NULL, NULL, NULL, NULL, '2024-10-24 20:01:42', '2024-10-24 20:01:42'),
(6611, 24, 'customer', NULL, NULL, '', NULL, NULL, NULL, NULL, NULL, 'CO0795', 'active', NULL, NULL, NULL, NULL, NULL, NULL, NULL, NULL, '01715521055', NULL, NULL, NULL, NULL, NULL, 76, NULL, NULL, 0.0000, 0, 0, 0, 0, NULL, NULL, 0, NULL, NULL, NULL, NULL, NULL, NULL, NULL, NULL, NULL, NULL, NULL, NULL, NULL, NULL, NULL, NULL, NULL, NULL, NULL, NULL, NULL, '2024-10-24 20:19:03', '2024-10-24 20:19:03'),
(6612, 4, 'customer', NULL, NULL, 'Hasib Mama\'s Sister', NULL, 'Hasib Mama\'s Sister', NULL, NULL, NULL, 'CO1247', 'active', NULL, NULL, NULL, NULL, 'Jallarpar Masjid Street', 'Narayanganj', NULL, NULL, '01625-255107', NULL, NULL, NULL, NULL, NULL, 18, NULL, NULL, 0.0000, 0, 0, 0, 0, NULL, NULL, 0, NULL, NULL, NULL, NULL, NULL, NULL, NULL, NULL, NULL, NULL, NULL, NULL, NULL, NULL, NULL, NULL, NULL, NULL, NULL, NULL, NULL, '2024-10-24 20:31:41', '2024-10-24 20:31:41'),
(6613, 24, 'customer', NULL, NULL, 'Shantonu', NULL, 'Shantonu', NULL, NULL, NULL, 'CO0796', 'active', NULL, NULL, NULL, NULL, NULL, NULL, NULL, NULL, '01821664397', NULL, NULL, NULL, NULL, NULL, 76, NULL, NULL, 0.0000, 0, 0, 0, 0, NULL, NULL, 0, NULL, NULL, NULL, NULL, NULL, NULL, NULL, NULL, NULL, NULL, NULL, NULL, NULL, NULL, NULL, NULL, NULL, NULL, NULL, NULL, NULL, '2024-10-24 20:41:08', '2024-10-24 20:41:08');
INSERT INTO `contacts` (`id`, `business_id`, `type`, `contact_type`, `supplier_business_name`, `name`, `prefix`, `first_name`, `middle_name`, `last_name`, `email`, `contact_id`, `contact_status`, `tax_number`, `city`, `state`, `country`, `address_line_1`, `address_line_2`, `zip_code`, `dob`, `mobile`, `landline`, `alternate_number`, `pay_term_number`, `pay_term_type`, `credit_limit`, `created_by`, `converted_by`, `converted_on`, `balance`, `total_rp`, `total_rp_used`, `total_rp_expired`, `is_default`, `shipping_address`, `shipping_custom_field_details`, `is_export`, `export_custom_field_1`, `export_custom_field_2`, `export_custom_field_3`, `export_custom_field_4`, `export_custom_field_5`, `export_custom_field_6`, `position`, `customer_group_id`, `crm_source`, `crm_life_stage`, `custom_field1`, `custom_field2`, `custom_field3`, `custom_field4`, `custom_field5`, `custom_field6`, `custom_field7`, `custom_field8`, `custom_field9`, `custom_field10`, `deleted_at`, `created_at`, `updated_at`) VALUES
(6614, 18, 'customer', NULL, NULL, '16', NULL, '16', NULL, NULL, NULL, 'CO2470', 'active', NULL, NULL, NULL, NULL, NULL, NULL, NULL, NULL, '0452785274524', NULL, NULL, NULL, NULL, NULL, 57, NULL, NULL, 0.0000, 0, 0, 0, 0, NULL, NULL, 0, NULL, NULL, NULL, NULL, NULL, NULL, NULL, NULL, NULL, NULL, NULL, NULL, NULL, NULL, NULL, NULL, NULL, NULL, NULL, NULL, NULL, '2024-10-24 21:10:46', '2024-10-24 21:10:46'),
(6615, 19, 'supplier', NULL, 'allams', '', NULL, NULL, NULL, NULL, NULL, 'CO0080', 'active', NULL, NULL, NULL, NULL, NULL, NULL, NULL, NULL, '01749236962', NULL, NULL, NULL, NULL, NULL, 65, NULL, NULL, 0.0000, 0, 0, 0, 0, NULL, NULL, 0, NULL, NULL, NULL, NULL, NULL, NULL, NULL, NULL, NULL, NULL, NULL, NULL, NULL, NULL, NULL, NULL, NULL, NULL, NULL, NULL, NULL, '2024-10-24 21:12:15', '2024-10-24 21:12:15'),
(6616, 18, 'customer', NULL, NULL, '11', NULL, '11', NULL, NULL, NULL, 'CO2471', 'active', NULL, NULL, NULL, NULL, NULL, NULL, NULL, NULL, '0514515784584758', NULL, NULL, NULL, NULL, NULL, 57, NULL, NULL, 0.0000, 0, 0, 0, 0, NULL, NULL, 0, NULL, NULL, NULL, NULL, NULL, NULL, NULL, NULL, NULL, NULL, NULL, NULL, NULL, NULL, NULL, NULL, NULL, NULL, NULL, NULL, NULL, '2024-10-24 21:12:17', '2024-10-24 21:12:17'),
(6617, 18, 'customer', NULL, NULL, '18', NULL, '18', NULL, NULL, NULL, 'CO2472', 'active', NULL, NULL, NULL, NULL, NULL, NULL, NULL, NULL, '02452545747452', NULL, NULL, NULL, NULL, NULL, 57, NULL, NULL, 0.0000, 0, 0, 0, 0, NULL, NULL, 0, NULL, NULL, NULL, NULL, NULL, NULL, NULL, NULL, NULL, NULL, NULL, NULL, NULL, NULL, NULL, NULL, NULL, NULL, NULL, NULL, NULL, '2024-10-24 21:14:16', '2024-10-24 21:14:16'),
(6618, 19, 'supplier', NULL, 'JANATA', '', NULL, NULL, NULL, NULL, NULL, 'CO0081', 'active', NULL, NULL, NULL, NULL, NULL, NULL, NULL, NULL, '01749236962', NULL, NULL, NULL, NULL, NULL, 65, NULL, NULL, 0.0000, 0, 0, 0, 0, NULL, NULL, 0, NULL, NULL, NULL, NULL, NULL, NULL, NULL, NULL, NULL, NULL, NULL, NULL, NULL, NULL, NULL, NULL, NULL, NULL, NULL, NULL, NULL, '2024-10-24 21:23:39', '2024-10-24 21:23:39'),
(6619, 33, 'customer', NULL, NULL, 'MR BISHOJIT SAHA', 'MR', 'BISHOJIT', 'SAHA', NULL, NULL, 'CO0046', 'active', NULL, NULL, NULL, NULL, NULL, NULL, NULL, NULL, '01708494634', NULL, NULL, NULL, NULL, NULL, 126, NULL, NULL, 0.0000, 0, 0, 0, 0, NULL, NULL, 0, NULL, NULL, NULL, NULL, NULL, NULL, NULL, NULL, NULL, NULL, NULL, NULL, NULL, NULL, NULL, NULL, NULL, NULL, NULL, NULL, NULL, '2024-10-24 22:04:12', '2024-10-24 22:04:12'),
(6620, 33, 'customer', NULL, NULL, 'MR KHALIL VAI', 'MR', 'KHALIL', 'VAI', NULL, NULL, 'CO0047', 'active', NULL, NULL, NULL, NULL, NULL, NULL, NULL, NULL, '01716589006', NULL, NULL, NULL, NULL, NULL, 126, NULL, NULL, 0.0000, 0, 0, 0, 0, NULL, NULL, 0, NULL, NULL, NULL, NULL, NULL, NULL, NULL, NULL, NULL, NULL, NULL, NULL, NULL, NULL, NULL, NULL, NULL, NULL, NULL, NULL, NULL, '2024-10-24 22:19:42', '2024-10-24 22:19:42'),
(6621, 18, 'customer', NULL, NULL, '8', NULL, '8', NULL, NULL, NULL, 'CO2473', 'active', NULL, NULL, NULL, NULL, NULL, NULL, NULL, NULL, '01452745214752', NULL, NULL, NULL, NULL, NULL, 57, NULL, NULL, 0.0000, 0, 0, 0, 0, NULL, NULL, 0, NULL, NULL, NULL, NULL, NULL, NULL, NULL, NULL, NULL, NULL, NULL, NULL, NULL, NULL, NULL, NULL, NULL, NULL, NULL, NULL, NULL, '2024-10-25 14:44:34', '2024-10-25 14:44:34'),
(6622, 18, 'customer', NULL, NULL, '3', NULL, '3', NULL, NULL, NULL, 'CO2474', 'active', NULL, NULL, NULL, NULL, NULL, NULL, NULL, NULL, '045254242', NULL, NULL, NULL, NULL, NULL, 57, NULL, NULL, 0.0000, 0, 0, 0, 0, NULL, NULL, 0, NULL, NULL, NULL, NULL, NULL, NULL, NULL, NULL, NULL, NULL, NULL, NULL, NULL, NULL, NULL, NULL, NULL, NULL, NULL, NULL, NULL, '2024-10-25 14:53:01', '2024-10-25 14:53:01'),
(6623, 18, 'customer', NULL, NULL, '9', NULL, '9', NULL, NULL, NULL, 'CO2475', 'active', NULL, NULL, NULL, NULL, NULL, NULL, NULL, NULL, '07527857852', NULL, NULL, NULL, NULL, NULL, 57, NULL, NULL, 0.0000, 0, 0, 0, 0, NULL, NULL, 0, NULL, NULL, NULL, NULL, NULL, NULL, NULL, NULL, NULL, NULL, NULL, NULL, NULL, NULL, NULL, NULL, NULL, NULL, NULL, NULL, NULL, '2024-10-25 15:04:04', '2024-10-25 15:04:04'),
(6624, 18, 'customer', NULL, NULL, '18', NULL, '18', NULL, NULL, NULL, 'CO2476', 'active', NULL, NULL, NULL, NULL, NULL, NULL, NULL, NULL, '14521745175', NULL, NULL, NULL, NULL, NULL, 57, NULL, NULL, 0.0000, 0, 0, 0, 0, NULL, NULL, 0, NULL, NULL, NULL, NULL, NULL, NULL, NULL, NULL, NULL, NULL, NULL, NULL, NULL, NULL, NULL, NULL, NULL, NULL, NULL, NULL, NULL, '2024-10-25 15:24:16', '2024-10-25 15:24:16'),
(6625, 18, 'customer', NULL, NULL, '18', NULL, '18', NULL, NULL, NULL, 'CO2477', 'active', NULL, NULL, NULL, NULL, NULL, NULL, NULL, NULL, '01475217452457', NULL, NULL, NULL, NULL, NULL, 57, NULL, NULL, 0.0000, 0, 0, 0, 0, NULL, NULL, 0, NULL, NULL, NULL, NULL, NULL, NULL, NULL, NULL, NULL, NULL, NULL, NULL, NULL, NULL, NULL, NULL, NULL, NULL, NULL, NULL, NULL, '2024-10-25 15:24:44', '2024-10-25 15:24:44'),
(6626, 18, 'customer', NULL, NULL, '19', NULL, '19', NULL, NULL, NULL, 'CO2478', 'active', NULL, NULL, NULL, NULL, NULL, NULL, NULL, NULL, '0524257842785', NULL, NULL, NULL, NULL, NULL, 57, NULL, NULL, 0.0000, 0, 0, 0, 0, NULL, NULL, 0, NULL, NULL, NULL, NULL, NULL, NULL, NULL, NULL, NULL, NULL, NULL, NULL, NULL, NULL, NULL, NULL, NULL, NULL, NULL, NULL, NULL, '2024-10-25 15:29:24', '2024-10-25 15:29:24'),
(6627, 18, 'customer', NULL, NULL, '19', NULL, '19', NULL, NULL, NULL, 'CO2479', 'active', NULL, NULL, NULL, NULL, NULL, NULL, NULL, NULL, '0745827458274582', NULL, NULL, NULL, NULL, NULL, 57, NULL, NULL, 0.0000, 0, 0, 0, 0, NULL, NULL, 0, NULL, NULL, NULL, NULL, NULL, NULL, NULL, NULL, NULL, NULL, NULL, NULL, NULL, NULL, NULL, NULL, NULL, NULL, NULL, NULL, NULL, '2024-10-25 15:30:48', '2024-10-25 15:30:48'),
(6628, 18, 'customer', NULL, NULL, '2', NULL, '2', NULL, NULL, NULL, 'CO2480', 'active', NULL, NULL, NULL, NULL, NULL, NULL, NULL, NULL, '0752758758', NULL, NULL, NULL, NULL, NULL, 57, NULL, NULL, 0.0000, 0, 0, 0, 0, NULL, NULL, 0, NULL, NULL, NULL, NULL, NULL, NULL, NULL, NULL, NULL, NULL, NULL, NULL, NULL, NULL, NULL, NULL, NULL, NULL, NULL, NULL, NULL, '2024-10-25 15:33:29', '2024-10-25 15:33:29'),
(6629, 18, 'customer', NULL, NULL, '5', NULL, '5', NULL, NULL, NULL, 'CO2481', 'active', NULL, NULL, NULL, NULL, NULL, NULL, NULL, NULL, '01752784274', NULL, NULL, NULL, NULL, NULL, 57, NULL, NULL, 0.0000, 0, 0, 0, 0, NULL, NULL, 0, NULL, NULL, NULL, NULL, NULL, NULL, NULL, NULL, NULL, NULL, NULL, NULL, NULL, NULL, NULL, NULL, NULL, NULL, NULL, NULL, NULL, '2024-10-25 15:34:46', '2024-10-25 15:34:46'),
(6630, 18, 'customer', NULL, NULL, '10', NULL, '10', NULL, NULL, NULL, 'CO2482', 'active', NULL, NULL, NULL, NULL, NULL, NULL, NULL, NULL, '0215472745278452', NULL, NULL, NULL, NULL, NULL, 57, NULL, NULL, 0.0000, 0, 0, 0, 0, NULL, NULL, 0, NULL, NULL, NULL, NULL, NULL, NULL, NULL, NULL, NULL, NULL, NULL, NULL, NULL, NULL, NULL, NULL, NULL, NULL, NULL, NULL, NULL, '2024-10-25 15:35:53', '2024-10-25 15:35:53'),
(6631, 18, 'customer', NULL, NULL, '12', NULL, '12', NULL, NULL, NULL, 'CO2483', 'active', NULL, NULL, NULL, NULL, NULL, NULL, NULL, NULL, '4524242542725', NULL, NULL, NULL, NULL, NULL, 57, NULL, NULL, 0.0000, 0, 0, 0, 0, NULL, NULL, 0, NULL, NULL, NULL, NULL, NULL, NULL, NULL, NULL, NULL, NULL, NULL, NULL, NULL, NULL, NULL, NULL, NULL, NULL, NULL, NULL, NULL, '2024-10-25 15:36:21', '2024-10-25 15:36:21'),
(6632, 18, 'customer', NULL, NULL, '7', NULL, '7', NULL, NULL, NULL, 'CO2484', 'active', NULL, NULL, NULL, NULL, NULL, NULL, NULL, NULL, '017521721542', NULL, NULL, NULL, NULL, NULL, 57, NULL, NULL, 0.0000, 0, 0, 0, 0, NULL, NULL, 0, NULL, NULL, NULL, NULL, NULL, NULL, NULL, NULL, NULL, NULL, NULL, NULL, NULL, NULL, NULL, NULL, NULL, NULL, NULL, NULL, NULL, '2024-10-25 15:37:20', '2024-10-25 15:37:20'),
(6633, 18, 'customer', NULL, NULL, '1', NULL, '1', NULL, NULL, NULL, 'CO2485', 'active', NULL, NULL, NULL, NULL, NULL, NULL, NULL, NULL, '0752785787', NULL, NULL, NULL, NULL, NULL, 57, NULL, NULL, 0.0000, 0, 0, 0, 0, NULL, NULL, 0, NULL, NULL, NULL, NULL, NULL, NULL, NULL, NULL, NULL, NULL, NULL, NULL, NULL, NULL, NULL, NULL, NULL, NULL, NULL, NULL, NULL, '2024-10-25 15:39:06', '2024-10-25 15:39:06'),
(6634, 18, 'customer', NULL, NULL, '11', NULL, '11', NULL, NULL, NULL, 'CO2486', 'active', NULL, NULL, NULL, NULL, NULL, NULL, NULL, NULL, '205415215214', NULL, NULL, NULL, NULL, NULL, 57, NULL, NULL, 0.0000, 0, 0, 0, 0, NULL, NULL, 0, NULL, NULL, NULL, NULL, NULL, NULL, NULL, NULL, NULL, NULL, NULL, NULL, NULL, NULL, NULL, NULL, NULL, NULL, NULL, NULL, NULL, '2024-10-25 15:42:28', '2024-10-25 15:42:28'),
(6635, 18, 'customer', NULL, NULL, '19', NULL, '19', NULL, NULL, NULL, 'CO2487', 'active', NULL, NULL, NULL, NULL, NULL, NULL, NULL, NULL, '0745878427455', NULL, NULL, NULL, NULL, NULL, 57, NULL, NULL, 0.0000, 0, 0, 0, 0, NULL, NULL, 0, NULL, NULL, NULL, NULL, NULL, NULL, NULL, NULL, NULL, NULL, NULL, NULL, NULL, NULL, NULL, NULL, NULL, NULL, NULL, NULL, NULL, '2024-10-25 15:44:09', '2024-10-25 15:44:09'),
(6636, 18, 'customer', NULL, NULL, '4', NULL, '4', NULL, NULL, NULL, 'CO2488', 'active', NULL, NULL, NULL, NULL, NULL, NULL, NULL, NULL, '0752758427842', NULL, NULL, NULL, NULL, NULL, 57, NULL, NULL, 0.0000, 0, 0, 0, 0, NULL, NULL, 0, NULL, NULL, NULL, NULL, NULL, NULL, NULL, NULL, NULL, NULL, NULL, NULL, NULL, NULL, NULL, NULL, NULL, NULL, NULL, NULL, NULL, '2024-10-25 15:45:22', '2024-10-25 15:45:22'),
(6637, 18, 'customer', NULL, NULL, '13', NULL, '13', NULL, NULL, NULL, 'CO2489', 'active', NULL, NULL, NULL, NULL, NULL, NULL, NULL, NULL, '0427578427842', NULL, NULL, NULL, NULL, NULL, 57, NULL, NULL, 0.0000, 0, 0, 0, 0, NULL, NULL, 0, NULL, NULL, NULL, NULL, NULL, NULL, NULL, NULL, NULL, NULL, NULL, NULL, NULL, NULL, NULL, NULL, NULL, NULL, NULL, NULL, NULL, '2024-10-25 15:55:26', '2024-10-25 15:55:26'),
(6638, 18, 'customer', NULL, NULL, '4', NULL, '4', NULL, NULL, NULL, 'CO2490', 'active', NULL, NULL, NULL, NULL, NULL, NULL, NULL, NULL, '07857578578', NULL, NULL, NULL, NULL, NULL, 57, NULL, NULL, 0.0000, 0, 0, 0, 0, NULL, NULL, 0, NULL, NULL, NULL, NULL, NULL, NULL, NULL, NULL, NULL, NULL, NULL, NULL, NULL, NULL, NULL, NULL, NULL, NULL, NULL, NULL, NULL, '2024-10-25 15:57:44', '2024-10-25 15:57:44'),
(6639, 18, 'customer', NULL, NULL, '21', NULL, '21', NULL, NULL, NULL, 'CO2491', 'active', NULL, NULL, NULL, NULL, NULL, NULL, NULL, NULL, '04254245245', NULL, NULL, NULL, NULL, NULL, 57, NULL, NULL, 0.0000, 0, 0, 0, 0, NULL, NULL, 0, NULL, NULL, NULL, NULL, NULL, NULL, NULL, NULL, NULL, NULL, NULL, NULL, NULL, NULL, NULL, NULL, NULL, NULL, NULL, NULL, NULL, '2024-10-25 15:58:36', '2024-10-25 15:58:36'),
(6640, 29, 'customer', NULL, NULL, 'Khairul', NULL, 'Khairul', NULL, NULL, NULL, 'CO0402', 'active', NULL, NULL, NULL, NULL, NULL, NULL, NULL, NULL, '01236547896', NULL, NULL, NULL, NULL, NULL, 93, NULL, NULL, 0.0000, 5730, 0, 0, 0, NULL, NULL, 0, NULL, NULL, NULL, NULL, NULL, NULL, NULL, NULL, NULL, NULL, NULL, NULL, NULL, NULL, NULL, NULL, NULL, NULL, NULL, NULL, NULL, '2024-10-26 18:31:36', '2024-10-26 18:35:45'),
(6641, 24, 'customer', NULL, NULL, 'Shihab', NULL, 'Shihab', NULL, NULL, NULL, 'CO0797', 'active', NULL, NULL, NULL, NULL, NULL, NULL, NULL, NULL, '01965061971', NULL, NULL, NULL, NULL, NULL, 76, NULL, NULL, 0.0000, 0, 0, 0, 0, NULL, NULL, 0, NULL, NULL, NULL, NULL, NULL, NULL, NULL, NULL, NULL, NULL, NULL, NULL, NULL, NULL, NULL, NULL, NULL, NULL, NULL, NULL, NULL, '2024-10-26 18:31:46', '2024-10-26 18:31:46'),
(6642, 24, 'customer', NULL, NULL, 'susoma saha', NULL, 'susoma saha', NULL, NULL, NULL, 'CO0798', 'active', NULL, NULL, NULL, NULL, NULL, NULL, NULL, NULL, '01914209428', NULL, NULL, NULL, NULL, NULL, 76, NULL, NULL, 0.0000, 0, 0, 0, 0, NULL, NULL, 0, NULL, NULL, NULL, NULL, NULL, NULL, NULL, NULL, NULL, NULL, NULL, NULL, NULL, NULL, NULL, NULL, NULL, NULL, NULL, NULL, NULL, '2024-10-26 18:41:27', '2024-10-26 18:41:27'),
(6643, 29, 'customer', NULL, NULL, 'HANIF SUB', NULL, 'HANIF', 'SUB', NULL, NULL, 'CO0403', 'active', NULL, NULL, NULL, NULL, NULL, NULL, NULL, NULL, '8801753905366', NULL, NULL, NULL, NULL, NULL, 93, NULL, NULL, 0.0000, 0, 0, 0, 0, NULL, NULL, 0, NULL, NULL, NULL, NULL, NULL, NULL, NULL, NULL, NULL, NULL, NULL, NULL, NULL, NULL, NULL, NULL, NULL, NULL, NULL, NULL, NULL, '2024-10-26 19:11:04', '2024-10-26 19:11:04'),
(6644, 33, 'supplier', NULL, 'MOZUMSER TRADERS', '', NULL, NULL, NULL, NULL, NULL, 'CO0048', 'active', NULL, NULL, NULL, NULL, NULL, NULL, NULL, NULL, '01896115494', '0182999', '01813143571', NULL, NULL, NULL, 126, NULL, NULL, 0.0000, 0, 0, 0, 0, NULL, NULL, 0, NULL, NULL, NULL, NULL, NULL, NULL, NULL, NULL, NULL, NULL, NULL, NULL, NULL, NULL, NULL, NULL, NULL, NULL, NULL, NULL, NULL, '2024-10-26 19:11:18', '2024-10-26 19:11:18'),
(6645, 24, 'customer', NULL, NULL, 'zaman', NULL, 'zaman', NULL, NULL, NULL, 'CO0799', 'active', NULL, NULL, NULL, NULL, NULL, NULL, NULL, NULL, '01795085409', NULL, NULL, NULL, NULL, NULL, 76, NULL, NULL, 0.0000, 0, 0, 0, 0, NULL, NULL, 0, NULL, NULL, NULL, NULL, NULL, NULL, NULL, NULL, NULL, NULL, NULL, NULL, NULL, NULL, NULL, NULL, NULL, NULL, NULL, NULL, NULL, '2024-10-26 20:27:29', '2024-10-26 20:27:29'),
(6646, 24, 'customer', NULL, NULL, 'rohana', NULL, 'rohana', NULL, NULL, NULL, 'CO0800', 'active', NULL, NULL, NULL, NULL, NULL, NULL, NULL, NULL, '01327233350', NULL, NULL, NULL, NULL, NULL, 76, NULL, NULL, 0.0000, 0, 0, 0, 0, NULL, NULL, 0, NULL, NULL, NULL, NULL, NULL, NULL, NULL, NULL, NULL, NULL, NULL, NULL, NULL, NULL, NULL, NULL, NULL, NULL, NULL, NULL, NULL, '2024-10-26 20:30:16', '2024-10-26 20:30:16'),
(6647, 18, 'customer', NULL, NULL, '21', NULL, '21', NULL, NULL, NULL, 'CO2492', 'active', NULL, NULL, NULL, NULL, NULL, NULL, NULL, NULL, '9809809809800', NULL, NULL, NULL, NULL, NULL, 57, NULL, NULL, 0.0000, 0, 0, 0, 0, NULL, NULL, 0, NULL, NULL, NULL, NULL, NULL, NULL, NULL, NULL, NULL, NULL, NULL, NULL, NULL, NULL, NULL, NULL, NULL, NULL, NULL, NULL, NULL, '2024-10-26 20:40:42', '2024-10-26 20:40:42'),
(6648, 18, 'customer', NULL, NULL, '2', NULL, '2', NULL, NULL, NULL, 'CO2493', 'active', NULL, NULL, NULL, NULL, NULL, NULL, NULL, NULL, '980980980980', NULL, NULL, NULL, NULL, NULL, 57, NULL, NULL, 0.0000, 0, 0, 0, 0, NULL, NULL, 0, NULL, NULL, NULL, NULL, NULL, NULL, NULL, NULL, NULL, NULL, NULL, NULL, NULL, NULL, NULL, NULL, NULL, NULL, NULL, NULL, NULL, '2024-10-26 20:46:51', '2024-10-26 20:46:51'),
(6649, 18, 'customer', NULL, NULL, '3', NULL, '3', NULL, NULL, NULL, 'CO2494', 'active', NULL, NULL, NULL, NULL, NULL, NULL, NULL, NULL, '909809809809', NULL, NULL, NULL, NULL, NULL, 57, NULL, NULL, 0.0000, 0, 0, 0, 0, NULL, NULL, 0, NULL, NULL, NULL, NULL, NULL, NULL, NULL, NULL, NULL, NULL, NULL, NULL, NULL, NULL, NULL, NULL, NULL, NULL, NULL, NULL, NULL, '2024-10-26 20:47:18', '2024-10-26 20:47:18'),
(6650, 18, 'customer', NULL, NULL, '11', NULL, '11', NULL, NULL, NULL, 'CO2495', 'active', NULL, NULL, NULL, NULL, NULL, NULL, NULL, NULL, '90980980900', NULL, NULL, NULL, NULL, NULL, 57, NULL, NULL, 0.0000, 0, 0, 0, 0, NULL, NULL, 0, NULL, NULL, NULL, NULL, NULL, NULL, NULL, NULL, NULL, NULL, NULL, NULL, NULL, NULL, NULL, NULL, NULL, NULL, NULL, NULL, NULL, '2024-10-26 20:59:03', '2024-10-26 20:59:03'),
(6651, 18, 'customer', NULL, NULL, '15', NULL, '15', NULL, NULL, NULL, 'CO2496', 'active', NULL, NULL, NULL, NULL, NULL, NULL, NULL, NULL, '909809809800', NULL, NULL, NULL, NULL, NULL, 57, NULL, NULL, 0.0000, 0, 0, 0, 0, NULL, NULL, 0, NULL, NULL, NULL, NULL, NULL, NULL, NULL, NULL, NULL, NULL, NULL, NULL, NULL, NULL, NULL, NULL, NULL, NULL, NULL, NULL, NULL, '2024-10-26 20:59:44', '2024-10-26 20:59:44'),
(6652, 24, 'customer', NULL, NULL, 'madhab roy', NULL, 'madhab roy', NULL, NULL, NULL, 'CO0801', 'active', NULL, NULL, NULL, NULL, NULL, NULL, NULL, NULL, '01794958134', NULL, NULL, NULL, NULL, NULL, 76, NULL, NULL, 0.0000, 0, 0, 0, 0, NULL, NULL, 0, NULL, NULL, NULL, NULL, NULL, NULL, NULL, NULL, NULL, NULL, NULL, NULL, NULL, NULL, NULL, NULL, NULL, NULL, NULL, NULL, NULL, '2024-10-26 21:01:16', '2024-10-26 21:01:16'),
(6653, 18, 'customer', NULL, NULL, '17', NULL, '17', NULL, NULL, NULL, 'CO2497', 'active', NULL, NULL, NULL, NULL, NULL, NULL, NULL, NULL, '9098098090', NULL, NULL, NULL, NULL, NULL, 57, NULL, NULL, 0.0000, 0, 0, 0, 0, NULL, NULL, 0, NULL, NULL, NULL, NULL, NULL, NULL, NULL, NULL, NULL, NULL, NULL, NULL, NULL, NULL, NULL, NULL, NULL, NULL, NULL, NULL, NULL, '2024-10-26 21:02:28', '2024-10-26 21:02:28'),
(6654, 18, 'customer', NULL, NULL, '18', NULL, '18', NULL, NULL, NULL, 'CO2498', 'active', NULL, NULL, NULL, NULL, NULL, NULL, NULL, NULL, '9809809809800', NULL, NULL, NULL, NULL, NULL, 57, NULL, NULL, 0.0000, 0, 0, 0, 0, NULL, NULL, 0, NULL, NULL, NULL, NULL, NULL, NULL, NULL, NULL, NULL, NULL, NULL, NULL, NULL, NULL, NULL, NULL, NULL, NULL, NULL, NULL, NULL, '2024-10-26 21:03:26', '2024-10-26 21:03:26'),
(6655, 18, 'customer', NULL, NULL, '4', NULL, '4', NULL, NULL, NULL, 'CO2499', 'active', NULL, NULL, NULL, NULL, NULL, NULL, NULL, NULL, '980890890980', NULL, NULL, NULL, NULL, NULL, 57, NULL, NULL, 0.0000, 0, 0, 0, 0, NULL, NULL, 0, NULL, NULL, NULL, NULL, NULL, NULL, NULL, NULL, NULL, NULL, NULL, NULL, NULL, NULL, NULL, NULL, NULL, NULL, NULL, NULL, NULL, '2024-10-26 21:03:52', '2024-10-26 21:03:52'),
(6656, 18, 'customer', NULL, NULL, '10', NULL, '10', NULL, NULL, NULL, 'CO2500', 'active', NULL, NULL, NULL, NULL, NULL, NULL, NULL, NULL, '90980980900', NULL, NULL, NULL, NULL, NULL, 57, NULL, NULL, 0.0000, 0, 0, 0, 0, NULL, NULL, 0, NULL, NULL, NULL, NULL, NULL, NULL, NULL, NULL, NULL, NULL, NULL, NULL, NULL, NULL, NULL, NULL, NULL, NULL, NULL, NULL, NULL, '2024-10-26 21:05:29', '2024-10-26 21:05:29'),
(6657, 18, 'customer', NULL, NULL, '19', NULL, '19', NULL, NULL, NULL, 'CO2501', 'active', NULL, NULL, NULL, NULL, NULL, NULL, NULL, NULL, '90980980980', NULL, NULL, NULL, NULL, NULL, 57, NULL, NULL, 0.0000, 0, 0, 0, 0, NULL, NULL, 0, NULL, NULL, NULL, NULL, NULL, NULL, NULL, NULL, NULL, NULL, NULL, NULL, NULL, NULL, NULL, NULL, NULL, NULL, NULL, NULL, NULL, '2024-10-26 21:08:41', '2024-10-26 21:08:41'),
(6658, 18, 'customer', NULL, NULL, '9', NULL, '9', NULL, NULL, NULL, 'CO2502', 'active', NULL, NULL, NULL, NULL, NULL, NULL, NULL, NULL, '909809809000', NULL, NULL, NULL, NULL, NULL, 57, NULL, NULL, 0.0000, 0, 0, 0, 0, NULL, NULL, 0, NULL, NULL, NULL, NULL, NULL, NULL, NULL, NULL, NULL, NULL, NULL, NULL, NULL, NULL, NULL, NULL, NULL, NULL, NULL, NULL, NULL, '2024-10-26 21:09:23', '2024-10-26 21:09:23'),
(6659, 18, 'customer', NULL, NULL, '13', NULL, '13', NULL, NULL, NULL, 'CO2503', 'active', NULL, NULL, NULL, NULL, NULL, NULL, NULL, NULL, '98098090980', NULL, NULL, NULL, NULL, NULL, 57, NULL, NULL, 0.0000, 0, 0, 0, 0, NULL, NULL, 0, NULL, NULL, NULL, NULL, NULL, NULL, NULL, NULL, NULL, NULL, NULL, NULL, NULL, NULL, NULL, NULL, NULL, NULL, NULL, NULL, NULL, '2024-10-26 21:10:06', '2024-10-26 21:10:06'),
(6660, 18, 'customer', NULL, NULL, '7', NULL, '7', NULL, NULL, NULL, 'CO2504', 'active', NULL, NULL, NULL, NULL, NULL, NULL, NULL, NULL, '01552500000', NULL, NULL, NULL, NULL, NULL, 57, NULL, NULL, 0.0000, 0, 0, 0, 0, NULL, NULL, 0, NULL, NULL, NULL, NULL, NULL, NULL, NULL, NULL, NULL, NULL, NULL, NULL, NULL, NULL, NULL, NULL, NULL, NULL, NULL, NULL, NULL, '2024-10-26 21:12:09', '2024-10-26 21:12:09'),
(6661, 18, 'customer', NULL, NULL, '5', NULL, '5', NULL, NULL, NULL, 'CO2505', 'active', NULL, NULL, NULL, NULL, NULL, NULL, NULL, NULL, '98098098000', NULL, NULL, NULL, NULL, NULL, 57, NULL, NULL, 0.0000, 0, 0, 0, 0, NULL, NULL, 0, NULL, NULL, NULL, NULL, NULL, NULL, NULL, NULL, NULL, NULL, NULL, NULL, NULL, NULL, NULL, NULL, NULL, NULL, NULL, NULL, NULL, '2024-10-26 21:15:16', '2024-10-26 21:15:16'),
(6662, 36, 'customer', NULL, NULL, 'Walk-In Customer', NULL, NULL, NULL, NULL, NULL, 'CO0001', 'active', NULL, NULL, NULL, NULL, NULL, NULL, NULL, NULL, '', NULL, NULL, NULL, NULL, 0.0000, 133, NULL, NULL, 0.0000, 0, 0, 0, 1, NULL, NULL, 0, NULL, NULL, NULL, NULL, NULL, NULL, NULL, NULL, NULL, NULL, NULL, NULL, NULL, NULL, NULL, NULL, NULL, NULL, NULL, NULL, NULL, '2024-10-27 00:48:33', '2024-10-27 00:48:33'),
(6663, 29, 'customer', NULL, NULL, 'SORIF MULLA', NULL, 'SORIF MULLA', NULL, NULL, NULL, 'CO0404', 'active', NULL, NULL, NULL, NULL, NULL, NULL, NULL, NULL, '8801915566049', NULL, NULL, NULL, NULL, NULL, 93, NULL, NULL, 0.0000, 0, 0, 0, 0, NULL, NULL, 0, NULL, NULL, NULL, NULL, NULL, NULL, NULL, NULL, NULL, NULL, NULL, NULL, NULL, NULL, NULL, NULL, NULL, NULL, NULL, NULL, NULL, '2024-10-27 11:19:04', '2024-10-27 11:19:04'),
(6664, 32, 'customer', NULL, NULL, 'Md Monir', NULL, 'Md Monir', NULL, NULL, NULL, 'CO0369', 'active', NULL, NULL, NULL, NULL, NULL, NULL, NULL, NULL, '.', NULL, NULL, NULL, NULL, NULL, 124, NULL, NULL, 0.0000, 0, 0, 0, 0, NULL, NULL, 0, NULL, NULL, NULL, NULL, NULL, NULL, NULL, NULL, NULL, NULL, NULL, NULL, NULL, NULL, NULL, NULL, NULL, NULL, NULL, NULL, NULL, '2024-10-27 11:51:06', '2024-10-27 11:51:06'),
(6665, 32, 'customer', NULL, NULL, 'Rohan', NULL, 'Rohan', NULL, NULL, NULL, 'CO0370', 'active', NULL, NULL, NULL, NULL, NULL, NULL, NULL, NULL, '01715589391', NULL, NULL, NULL, NULL, NULL, 124, NULL, NULL, 0.0000, 0, 0, 0, 0, NULL, NULL, 0, NULL, NULL, NULL, NULL, NULL, NULL, NULL, NULL, NULL, NULL, NULL, NULL, NULL, NULL, NULL, NULL, NULL, NULL, NULL, NULL, NULL, '2024-10-27 11:52:57', '2024-10-27 11:52:57'),
(6666, 32, 'customer', NULL, NULL, 'Rimon', NULL, 'Rimon', NULL, NULL, NULL, 'CO0371', 'active', NULL, NULL, NULL, NULL, NULL, NULL, NULL, NULL, '01737057937', NULL, NULL, NULL, NULL, NULL, 124, NULL, NULL, 0.0000, 0, 0, 0, 0, NULL, NULL, 0, NULL, NULL, NULL, NULL, NULL, NULL, NULL, NULL, NULL, NULL, NULL, NULL, NULL, NULL, NULL, NULL, NULL, NULL, NULL, NULL, NULL, '2024-10-27 11:56:52', '2024-10-27 11:56:52'),
(6667, 32, 'customer', NULL, NULL, 'Muhammad Khayer', NULL, 'Muhammad Khayer', NULL, NULL, NULL, 'CO0372', 'active', NULL, NULL, NULL, NULL, NULL, NULL, NULL, NULL, '01812261568', NULL, NULL, NULL, NULL, NULL, 124, NULL, NULL, 0.0000, 0, 0, 0, 0, NULL, NULL, 0, NULL, NULL, NULL, NULL, NULL, NULL, NULL, NULL, NULL, NULL, NULL, NULL, NULL, NULL, NULL, NULL, NULL, NULL, NULL, NULL, NULL, '2024-10-27 12:07:47', '2024-10-27 12:07:47'),
(6668, 32, 'customer', NULL, NULL, 'Munna', NULL, 'Munna', NULL, NULL, NULL, 'CO0373', 'active', NULL, NULL, NULL, NULL, NULL, NULL, NULL, NULL, '01954404413', NULL, NULL, NULL, NULL, NULL, 124, NULL, NULL, 0.0000, 0, 0, 0, 0, NULL, NULL, 0, NULL, NULL, NULL, NULL, NULL, NULL, NULL, NULL, NULL, NULL, NULL, NULL, NULL, NULL, NULL, NULL, NULL, NULL, NULL, NULL, NULL, '2024-10-27 12:12:09', '2024-10-27 12:12:09'),
(6669, 32, 'customer', NULL, NULL, 'Payel', NULL, 'Payel', NULL, NULL, NULL, 'CO0374', 'active', NULL, NULL, NULL, NULL, NULL, NULL, NULL, NULL, '01977865271', NULL, NULL, NULL, NULL, NULL, 124, NULL, NULL, 0.0000, 0, 0, 0, 0, NULL, NULL, 0, NULL, NULL, NULL, NULL, NULL, NULL, NULL, NULL, NULL, NULL, NULL, NULL, NULL, NULL, NULL, NULL, NULL, NULL, NULL, NULL, NULL, '2024-10-27 12:14:24', '2024-10-27 12:14:24'),
(6670, 32, 'customer', NULL, NULL, 'Mohsin', NULL, 'Mohsin', NULL, NULL, NULL, 'CO0375', 'active', NULL, NULL, NULL, NULL, NULL, NULL, NULL, NULL, '01880968125', NULL, NULL, NULL, NULL, NULL, 124, NULL, NULL, 0.0000, 0, 0, 0, 0, NULL, NULL, 0, NULL, NULL, NULL, NULL, NULL, NULL, NULL, NULL, NULL, NULL, NULL, NULL, NULL, NULL, NULL, NULL, NULL, NULL, NULL, NULL, NULL, '2024-10-27 12:30:55', '2024-10-27 12:30:55'),
(6671, 32, 'customer', NULL, NULL, 'Razia Sultana', NULL, 'Razia Sultana', NULL, NULL, NULL, 'CO0376', 'active', NULL, NULL, NULL, NULL, NULL, NULL, NULL, NULL, '01642578711', NULL, NULL, NULL, NULL, NULL, 124, NULL, NULL, 0.0000, 0, 0, 0, 0, NULL, NULL, 0, NULL, NULL, NULL, NULL, NULL, NULL, NULL, NULL, NULL, NULL, NULL, NULL, NULL, NULL, NULL, NULL, NULL, NULL, NULL, NULL, NULL, '2024-10-27 12:34:16', '2024-10-27 12:34:16'),
(6672, 32, 'customer', NULL, NULL, 'Moushimi', NULL, 'Moushimi', NULL, NULL, NULL, 'CO0377', 'active', NULL, NULL, NULL, NULL, NULL, NULL, NULL, NULL, '01635242048', NULL, NULL, NULL, NULL, NULL, 124, NULL, NULL, 0.0000, 0, 0, 0, 0, NULL, NULL, 0, NULL, NULL, NULL, NULL, NULL, NULL, NULL, NULL, NULL, NULL, NULL, NULL, NULL, NULL, NULL, NULL, NULL, NULL, NULL, NULL, NULL, '2024-10-27 12:36:41', '2024-10-27 12:36:41'),
(6673, 32, 'customer', NULL, NULL, 'Muhammad Amir Hossain', NULL, 'Muhammad Amir Hossain', NULL, NULL, NULL, 'CO0378', 'active', NULL, NULL, NULL, NULL, NULL, NULL, NULL, NULL, '01714226076', NULL, NULL, NULL, NULL, NULL, 124, NULL, NULL, 0.0000, 0, 0, 0, 0, NULL, NULL, 0, NULL, NULL, NULL, NULL, NULL, NULL, NULL, NULL, NULL, NULL, NULL, NULL, NULL, NULL, NULL, NULL, NULL, NULL, NULL, NULL, NULL, '2024-10-27 12:37:50', '2024-10-27 12:37:50'),
(6674, 32, 'customer', NULL, NULL, 'Muhammad Shamim Islam', NULL, 'Muhammad Shamim Islam', NULL, NULL, NULL, 'CO0379', 'active', NULL, NULL, NULL, NULL, NULL, NULL, NULL, NULL, '01796366340', NULL, NULL, NULL, NULL, NULL, 124, NULL, NULL, 0.0000, 0, 0, 0, 0, NULL, NULL, 0, NULL, NULL, NULL, NULL, NULL, NULL, NULL, NULL, NULL, NULL, NULL, NULL, NULL, NULL, NULL, NULL, NULL, NULL, NULL, NULL, NULL, '2024-10-27 12:39:24', '2024-10-27 12:39:24'),
(6675, 32, 'customer', NULL, NULL, 'Nayem', NULL, 'Nayem', NULL, NULL, NULL, 'CO0380', 'active', NULL, NULL, NULL, NULL, NULL, NULL, NULL, NULL, '01871308722', NULL, NULL, NULL, NULL, NULL, 124, NULL, NULL, 0.0000, 0, 0, 0, 0, NULL, NULL, 0, NULL, NULL, NULL, NULL, NULL, NULL, NULL, NULL, NULL, NULL, NULL, NULL, NULL, NULL, NULL, NULL, NULL, NULL, NULL, NULL, NULL, '2024-10-27 12:40:37', '2024-10-27 12:40:37'),
(6676, 32, 'customer', NULL, NULL, 'Liton', NULL, 'Liton', NULL, NULL, NULL, 'CO0381', 'active', NULL, NULL, NULL, NULL, NULL, NULL, NULL, NULL, '01717824524', NULL, NULL, NULL, NULL, NULL, 124, NULL, NULL, 0.0000, 0, 0, 0, 0, NULL, NULL, 0, NULL, NULL, NULL, NULL, NULL, NULL, NULL, NULL, NULL, NULL, NULL, NULL, NULL, NULL, NULL, NULL, NULL, NULL, NULL, NULL, NULL, '2024-10-27 12:41:40', '2024-10-27 12:41:40'),
(6677, 32, 'customer', NULL, NULL, 'Ibrahim Kholil', NULL, 'Ibrahim Kholil', NULL, NULL, NULL, 'CO0382', 'active', NULL, NULL, NULL, NULL, NULL, NULL, NULL, NULL, '01954236362', NULL, NULL, NULL, NULL, NULL, 124, NULL, NULL, 0.0000, 0, 0, 0, 0, NULL, NULL, 0, NULL, NULL, NULL, NULL, NULL, NULL, NULL, NULL, NULL, NULL, NULL, NULL, NULL, NULL, NULL, NULL, NULL, NULL, NULL, NULL, NULL, '2024-10-27 12:42:47', '2024-10-27 12:42:47'),
(6678, 32, 'customer', NULL, NULL, 'Khurshida Rahman', NULL, 'Khurshida Rahman', NULL, NULL, NULL, 'CO0383', 'active', NULL, NULL, NULL, NULL, NULL, NULL, NULL, NULL, '01921840364', NULL, NULL, NULL, NULL, NULL, 124, NULL, NULL, 0.0000, 0, 0, 0, 0, NULL, NULL, 0, NULL, NULL, NULL, NULL, NULL, NULL, NULL, NULL, NULL, NULL, NULL, NULL, NULL, NULL, NULL, NULL, NULL, NULL, NULL, NULL, NULL, '2024-10-27 12:44:59', '2024-10-27 12:44:59'),
(6679, 32, 'customer', NULL, NULL, 'Abdul Kaiym', NULL, 'Abdul Kaiym', NULL, NULL, NULL, 'CO0384', 'active', NULL, NULL, NULL, NULL, NULL, NULL, NULL, NULL, '01736546442', NULL, NULL, NULL, NULL, NULL, 124, NULL, NULL, 0.0000, 0, 0, 0, 0, NULL, NULL, 0, NULL, NULL, NULL, NULL, NULL, NULL, NULL, NULL, NULL, NULL, NULL, NULL, NULL, NULL, NULL, NULL, NULL, NULL, NULL, NULL, NULL, '2024-10-27 13:18:25', '2024-10-27 13:18:25'),
(6680, 32, 'customer', NULL, NULL, 'Din Islam', NULL, 'Din Islam', NULL, NULL, NULL, 'CO0385', 'active', NULL, NULL, NULL, NULL, NULL, NULL, NULL, NULL, '01814477288', NULL, NULL, NULL, NULL, NULL, 124, NULL, NULL, 0.0000, 0, 0, 0, 0, NULL, NULL, 0, NULL, NULL, NULL, NULL, NULL, NULL, NULL, NULL, NULL, NULL, NULL, NULL, NULL, NULL, NULL, NULL, NULL, NULL, NULL, NULL, NULL, '2024-10-27 13:20:28', '2024-10-27 13:20:28'),
(6681, 32, 'customer', NULL, NULL, 'MD Rashedul Islam', NULL, 'MD Rashedul Islam', NULL, NULL, NULL, 'CO0386', 'active', NULL, NULL, NULL, NULL, NULL, NULL, NULL, NULL, '01822766499', NULL, NULL, NULL, NULL, NULL, 124, NULL, NULL, 0.0000, 0, 0, 0, 0, NULL, NULL, 0, NULL, NULL, NULL, NULL, NULL, NULL, NULL, NULL, NULL, NULL, NULL, NULL, NULL, NULL, NULL, NULL, NULL, NULL, NULL, NULL, NULL, '2024-10-27 13:21:44', '2024-10-27 13:21:44'),
(6682, 32, 'customer', NULL, NULL, 'Robiul', NULL, 'Robiul', NULL, NULL, NULL, 'CO0387', 'active', NULL, NULL, NULL, NULL, NULL, NULL, NULL, NULL, '01608922314', NULL, NULL, NULL, NULL, NULL, 124, NULL, NULL, 0.0000, 0, 0, 0, 0, NULL, NULL, 0, NULL, NULL, NULL, NULL, NULL, NULL, NULL, NULL, NULL, NULL, NULL, NULL, NULL, NULL, NULL, NULL, NULL, NULL, NULL, NULL, NULL, '2024-10-27 13:22:51', '2024-10-27 13:22:51'),
(6683, 32, 'customer', NULL, NULL, 'Mashum', NULL, 'Mashum', NULL, NULL, NULL, 'CO0388', 'active', NULL, NULL, NULL, NULL, NULL, NULL, NULL, NULL, '01923682018', NULL, NULL, NULL, NULL, NULL, 124, NULL, NULL, 0.0000, 0, 0, 0, 0, NULL, NULL, 0, NULL, NULL, NULL, NULL, NULL, NULL, NULL, NULL, NULL, NULL, NULL, NULL, NULL, NULL, NULL, NULL, NULL, NULL, NULL, NULL, NULL, '2024-10-27 13:23:49', '2024-10-27 13:23:49'),
(6684, 32, 'customer', NULL, NULL, 'Manik Bissas', NULL, 'Manik Bissas', NULL, NULL, NULL, 'CO0389', 'active', NULL, NULL, NULL, NULL, NULL, NULL, NULL, NULL, '01722005468', NULL, NULL, NULL, NULL, NULL, 124, NULL, NULL, 0.0000, 0, 0, 0, 0, NULL, NULL, 0, NULL, NULL, NULL, NULL, NULL, NULL, NULL, NULL, NULL, NULL, NULL, NULL, NULL, NULL, NULL, NULL, NULL, NULL, NULL, NULL, NULL, '2024-10-27 13:25:14', '2024-10-27 13:25:14'),
(6685, 32, 'customer', NULL, NULL, 'Muhammad Robin', NULL, 'Muhammad Robin', NULL, NULL, NULL, 'CO0390', 'active', NULL, NULL, NULL, NULL, NULL, NULL, NULL, NULL, '01775899181', NULL, NULL, NULL, NULL, NULL, 124, NULL, NULL, 0.0000, 0, 0, 0, 0, NULL, NULL, 0, NULL, NULL, NULL, NULL, NULL, NULL, NULL, NULL, NULL, NULL, NULL, NULL, NULL, NULL, NULL, NULL, NULL, NULL, NULL, NULL, NULL, '2024-10-27 13:26:47', '2024-10-27 13:26:47'),
(6686, 32, 'customer', NULL, NULL, 'Shimul', NULL, 'Shimul', NULL, NULL, NULL, 'CO0391', 'active', NULL, NULL, NULL, NULL, NULL, NULL, NULL, NULL, '01843441188', NULL, NULL, NULL, NULL, NULL, 124, NULL, NULL, 0.0000, 0, 0, 0, 0, NULL, NULL, 0, NULL, NULL, NULL, NULL, NULL, NULL, NULL, NULL, NULL, NULL, NULL, NULL, NULL, NULL, NULL, NULL, NULL, NULL, NULL, NULL, NULL, '2024-10-27 13:36:43', '2024-10-27 13:36:43'),
(6687, 32, 'customer', NULL, NULL, 'Rudro Ahmed', NULL, 'Rudro Ahmed', NULL, NULL, NULL, 'CO0392', 'active', NULL, NULL, NULL, NULL, NULL, NULL, NULL, NULL, '01731826363', NULL, NULL, NULL, NULL, NULL, 124, NULL, NULL, 0.0000, 0, 0, 0, 0, NULL, NULL, 0, NULL, NULL, NULL, NULL, NULL, NULL, NULL, NULL, NULL, NULL, NULL, NULL, NULL, NULL, NULL, NULL, NULL, NULL, NULL, NULL, NULL, '2024-10-27 13:37:44', '2024-10-27 13:37:44'),
(6688, 18, 'customer', NULL, NULL, '19', NULL, '19', NULL, NULL, NULL, 'CO2506', 'active', NULL, NULL, NULL, NULL, NULL, NULL, NULL, NULL, '0452424525142', NULL, NULL, NULL, NULL, NULL, 57, NULL, NULL, 0.0000, 0, 0, 0, 0, NULL, NULL, 0, NULL, NULL, NULL, NULL, NULL, NULL, NULL, NULL, NULL, NULL, NULL, NULL, NULL, NULL, NULL, NULL, NULL, NULL, NULL, NULL, NULL, '2024-10-27 15:31:12', '2024-10-27 15:31:12'),
(6689, 18, 'customer', NULL, NULL, '17', NULL, '17', NULL, NULL, NULL, 'CO2507', 'active', NULL, NULL, NULL, NULL, NULL, NULL, NULL, NULL, '0211542541241', NULL, NULL, NULL, NULL, NULL, 57, NULL, NULL, 0.0000, 0, 0, 0, 0, NULL, NULL, 0, NULL, NULL, NULL, NULL, NULL, NULL, NULL, NULL, NULL, NULL, NULL, NULL, NULL, NULL, NULL, NULL, NULL, NULL, NULL, NULL, NULL, '2024-10-27 15:31:51', '2024-10-27 15:31:51'),
(6690, 18, 'customer', NULL, NULL, '16', NULL, '16', NULL, NULL, NULL, 'CO2508', 'active', NULL, NULL, NULL, NULL, NULL, NULL, NULL, NULL, '0785784278457', NULL, NULL, NULL, NULL, NULL, 57, NULL, NULL, 0.0000, 0, 0, 0, 0, NULL, NULL, 0, NULL, NULL, NULL, NULL, NULL, NULL, NULL, NULL, NULL, NULL, NULL, NULL, NULL, NULL, NULL, NULL, NULL, NULL, NULL, NULL, NULL, '2024-10-27 15:33:02', '2024-10-27 15:33:02'),
(6691, 18, 'customer', NULL, NULL, '20', NULL, '20', NULL, NULL, NULL, 'CO2509', 'active', NULL, NULL, NULL, NULL, NULL, NULL, NULL, NULL, '0542051425784520', NULL, NULL, NULL, NULL, NULL, 57, NULL, NULL, 0.0000, 0, 0, 0, 0, NULL, NULL, 0, NULL, NULL, NULL, NULL, NULL, NULL, NULL, NULL, NULL, NULL, NULL, NULL, NULL, NULL, NULL, NULL, NULL, NULL, NULL, NULL, NULL, '2024-10-27 15:34:47', '2024-10-27 15:34:47'),
(6692, 18, 'customer', NULL, NULL, '9', NULL, '9', NULL, NULL, NULL, 'CO2510', 'active', NULL, NULL, NULL, NULL, NULL, NULL, NULL, NULL, '5351243.052141452', NULL, NULL, NULL, NULL, NULL, 57, NULL, NULL, 0.0000, 0, 0, 0, 0, NULL, NULL, 0, NULL, NULL, NULL, NULL, NULL, NULL, NULL, NULL, NULL, NULL, NULL, NULL, NULL, NULL, NULL, NULL, NULL, NULL, NULL, NULL, NULL, '2024-10-27 15:36:18', '2024-10-27 15:36:18'),
(6693, 33, 'supplier', NULL, NULL, 'MR SHOHID ISLAM', 'MR', 'SHOHID', 'ISLAM', NULL, NULL, 'CO0049', 'active', NULL, NULL, NULL, NULL, NULL, NULL, NULL, NULL, '01712925709', NULL, NULL, NULL, NULL, NULL, 126, NULL, NULL, 0.0000, 0, 0, 0, 0, NULL, NULL, 0, NULL, NULL, NULL, NULL, NULL, NULL, NULL, NULL, NULL, NULL, NULL, NULL, NULL, NULL, NULL, NULL, NULL, NULL, NULL, NULL, NULL, '2024-10-27 15:36:25', '2024-10-27 15:36:25'),
(6694, 4, 'customer', NULL, NULL, 'Dhariya Paschim Para Qaumi Madrasa', NULL, 'Dhariya Paschim Para Qaumi Madrasa', NULL, NULL, NULL, 'CO1248', 'active', NULL, NULL, NULL, NULL, NULL, NULL, NULL, NULL, '01000-000000', NULL, NULL, NULL, NULL, NULL, 18, NULL, NULL, 0.0000, 0, 0, 0, 0, NULL, NULL, 0, NULL, NULL, NULL, NULL, NULL, NULL, NULL, NULL, NULL, NULL, NULL, NULL, NULL, NULL, NULL, NULL, NULL, NULL, NULL, NULL, NULL, '2024-10-27 17:15:15', '2024-10-27 17:15:15'),
(6695, 24, 'customer', NULL, NULL, 'nusrat', NULL, 'nusrat', NULL, NULL, NULL, 'CO0802', 'active', NULL, NULL, NULL, NULL, NULL, NULL, NULL, NULL, '01911398668', NULL, NULL, NULL, NULL, NULL, 76, NULL, NULL, 0.0000, 0, 0, 0, 0, NULL, NULL, 0, NULL, NULL, NULL, NULL, NULL, NULL, NULL, NULL, NULL, NULL, NULL, NULL, NULL, NULL, NULL, NULL, NULL, NULL, NULL, NULL, NULL, '2024-10-27 17:17:49', '2024-10-27 17:17:49'),
(6696, 4, 'customer', NULL, NULL, 'Fulbag Masjid', NULL, 'Fulbag Masjid', NULL, NULL, NULL, 'CO1249', 'active', NULL, NULL, NULL, NULL, 'Beparipara West Deobhog', 'Narayanganj', NULL, NULL, '01000-000000', NULL, NULL, NULL, NULL, NULL, 18, NULL, NULL, 0.0000, 0, 0, 0, 0, NULL, NULL, 0, NULL, NULL, NULL, NULL, NULL, NULL, NULL, NULL, NULL, NULL, NULL, NULL, NULL, NULL, NULL, NULL, NULL, NULL, NULL, NULL, NULL, '2024-10-27 18:47:43', '2024-10-27 18:47:43'),
(6697, 19, 'customer', NULL, NULL, 'HIRA VI VI', NULL, 'HIRA VI', 'VI', NULL, NULL, 'CO0082', 'active', NULL, NULL, NULL, NULL, NULL, NULL, NULL, NULL, '01749236962', NULL, NULL, NULL, NULL, NULL, 65, NULL, NULL, 0.0000, 0, 0, 0, 0, NULL, NULL, 0, NULL, NULL, NULL, NULL, NULL, NULL, NULL, 9, NULL, NULL, NULL, NULL, NULL, NULL, NULL, NULL, NULL, NULL, NULL, NULL, NULL, '2024-10-27 20:15:52', '2024-10-27 20:15:52'),
(6698, 18, 'customer', NULL, NULL, '11', NULL, '11', NULL, NULL, NULL, 'CO2511', 'active', NULL, NULL, NULL, NULL, NULL, NULL, NULL, NULL, '90909809000', NULL, NULL, NULL, NULL, NULL, 57, NULL, NULL, 0.0000, 0, 0, 0, 0, NULL, NULL, 0, NULL, NULL, NULL, NULL, NULL, NULL, NULL, NULL, NULL, NULL, NULL, NULL, NULL, NULL, NULL, NULL, NULL, NULL, NULL, NULL, NULL, '2024-10-27 20:45:30', '2024-10-27 20:45:30'),
(6699, 18, 'customer', NULL, NULL, '21', NULL, '21', NULL, NULL, NULL, 'CO2512', 'active', NULL, NULL, NULL, NULL, NULL, NULL, NULL, NULL, '980980980809', NULL, NULL, NULL, NULL, NULL, 57, NULL, NULL, 0.0000, 0, 0, 0, 0, NULL, NULL, 0, NULL, NULL, NULL, NULL, NULL, NULL, NULL, NULL, NULL, NULL, NULL, NULL, NULL, NULL, NULL, NULL, NULL, NULL, NULL, NULL, NULL, '2024-10-27 20:49:50', '2024-10-27 20:49:50'),
(6700, 18, 'customer', NULL, NULL, '7', NULL, '7', NULL, NULL, NULL, 'CO2513', 'active', NULL, NULL, NULL, NULL, NULL, NULL, NULL, NULL, '9098098098090', NULL, NULL, NULL, NULL, NULL, 57, NULL, NULL, 0.0000, 0, 0, 0, 0, NULL, NULL, 0, NULL, NULL, NULL, NULL, NULL, NULL, NULL, NULL, NULL, NULL, NULL, NULL, NULL, NULL, NULL, NULL, NULL, NULL, NULL, NULL, NULL, '2024-10-27 20:50:27', '2024-10-27 20:50:27'),
(6701, 18, 'customer', NULL, NULL, '16', NULL, '16', NULL, NULL, NULL, 'CO2514', 'active', NULL, NULL, NULL, NULL, NULL, NULL, NULL, NULL, '980980980980', NULL, NULL, NULL, NULL, NULL, 57, NULL, NULL, 0.0000, 0, 0, 0, 0, NULL, NULL, 0, NULL, NULL, NULL, NULL, NULL, NULL, NULL, NULL, NULL, NULL, NULL, NULL, NULL, NULL, NULL, NULL, NULL, NULL, NULL, NULL, NULL, '2024-10-27 20:57:31', '2024-10-27 20:57:31'),
(6702, 18, 'customer', NULL, NULL, '6', NULL, '6', NULL, NULL, NULL, 'CO2515', 'active', NULL, NULL, NULL, NULL, NULL, NULL, NULL, NULL, '89098090000', NULL, NULL, NULL, NULL, NULL, 57, NULL, NULL, 0.0000, 0, 0, 0, 0, NULL, NULL, 0, NULL, NULL, NULL, NULL, NULL, NULL, NULL, NULL, NULL, NULL, NULL, NULL, NULL, NULL, NULL, NULL, NULL, NULL, NULL, NULL, NULL, '2024-10-27 21:10:50', '2024-10-27 21:10:50'),
(6703, 18, 'customer', NULL, NULL, '5', NULL, '5', NULL, NULL, NULL, 'CO2516', 'active', NULL, NULL, NULL, NULL, NULL, NULL, NULL, NULL, '980980980890', NULL, NULL, NULL, NULL, NULL, 57, NULL, NULL, 0.0000, 0, 0, 0, 0, NULL, NULL, 0, NULL, NULL, NULL, NULL, NULL, NULL, NULL, NULL, NULL, NULL, NULL, NULL, NULL, NULL, NULL, NULL, NULL, NULL, NULL, NULL, NULL, '2024-10-27 21:13:53', '2024-10-27 21:13:53'),
(6704, 18, 'customer', NULL, NULL, '3', NULL, '3', NULL, NULL, NULL, 'CO2517', 'active', NULL, NULL, NULL, NULL, NULL, NULL, NULL, NULL, '980980890980', NULL, NULL, NULL, NULL, NULL, 57, NULL, NULL, 0.0000, 0, 0, 0, 0, NULL, NULL, 0, NULL, NULL, NULL, NULL, NULL, NULL, NULL, NULL, NULL, NULL, NULL, NULL, NULL, NULL, NULL, NULL, NULL, NULL, NULL, NULL, NULL, '2024-10-27 21:17:03', '2024-10-27 21:17:03'),
(6705, 18, 'customer', NULL, NULL, '111', NULL, '111', NULL, NULL, NULL, 'CO2518', 'active', NULL, NULL, NULL, NULL, NULL, NULL, NULL, NULL, '909809809000', NULL, NULL, NULL, NULL, NULL, 57, NULL, NULL, 0.0000, 0, 0, 0, 0, NULL, NULL, 0, NULL, NULL, NULL, NULL, NULL, NULL, NULL, NULL, NULL, NULL, NULL, NULL, NULL, NULL, NULL, NULL, NULL, NULL, NULL, NULL, NULL, '2024-10-27 21:19:24', '2024-10-27 21:19:24'),
(6706, 18, 'customer', NULL, NULL, '13', NULL, '13', NULL, NULL, NULL, 'CO2519', 'active', NULL, NULL, NULL, NULL, NULL, NULL, NULL, NULL, '98098090900', NULL, NULL, NULL, NULL, NULL, 57, NULL, NULL, 0.0000, 0, 0, 0, 0, NULL, NULL, 0, NULL, NULL, NULL, NULL, NULL, NULL, NULL, NULL, NULL, NULL, NULL, NULL, NULL, NULL, NULL, NULL, NULL, NULL, NULL, NULL, NULL, '2024-10-27 21:25:39', '2024-10-27 21:25:39'),
(6707, 19, 'supplier', NULL, NULL, '', NULL, NULL, NULL, NULL, NULL, 'CO0083', 'active', NULL, NULL, NULL, NULL, NULL, NULL, NULL, NULL, '01813921456', NULL, '0247113503', NULL, NULL, NULL, 65, NULL, NULL, 0.0000, 0, 0, 0, 0, NULL, NULL, 0, NULL, NULL, NULL, NULL, NULL, NULL, NULL, NULL, NULL, NULL, NULL, NULL, NULL, NULL, NULL, NULL, NULL, NULL, NULL, NULL, NULL, '2024-10-28 11:07:15', '2024-10-28 11:07:15'),
(6708, 19, 'supplier', NULL, NULL, 'maisa telicom maisa telicom dhaka', 'maisa telicom', 'maisa', 'telicom', 'dhaka', NULL, 'CO0084', 'active', NULL, NULL, NULL, NULL, NULL, NULL, NULL, NULL, '01813921456', NULL, NULL, NULL, NULL, NULL, 65, NULL, NULL, 0.0000, 0, 0, 0, 0, NULL, NULL, 0, NULL, NULL, NULL, NULL, NULL, NULL, NULL, NULL, NULL, NULL, NULL, NULL, NULL, NULL, NULL, NULL, NULL, NULL, NULL, NULL, NULL, '2024-10-28 11:09:04', '2024-10-28 11:09:04'),
(6709, 19, 'customer', NULL, NULL, 'TARAK AHAMMED B.BARAIA', NULL, 'TARAK', 'AHAMMED', 'B.BARAIA', NULL, 'CO0085', 'active', NULL, NULL, NULL, NULL, NULL, NULL, NULL, NULL, '01813921456', NULL, NULL, NULL, NULL, NULL, 65, NULL, NULL, 0.0000, 0, 0, 0, 0, NULL, NULL, 0, NULL, NULL, NULL, NULL, NULL, NULL, NULL, 9, NULL, NULL, NULL, NULL, NULL, NULL, NULL, NULL, NULL, NULL, NULL, NULL, NULL, '2024-10-28 12:51:19', '2024-10-28 12:51:19'),
(6710, 4, 'customer', NULL, NULL, 'Huzur', NULL, 'Huzur', NULL, NULL, NULL, 'CO1250', 'active', NULL, NULL, NULL, NULL, 'Dewanpara Kashipur, Fatulla', 'Narayanganj', NULL, NULL, '01000-000000', NULL, NULL, NULL, NULL, NULL, 18, NULL, NULL, 0.0000, 0, 0, 0, 0, NULL, NULL, 0, NULL, NULL, NULL, NULL, NULL, NULL, NULL, NULL, NULL, NULL, NULL, NULL, NULL, NULL, NULL, NULL, NULL, NULL, NULL, NULL, NULL, '2024-10-28 13:29:13', '2024-10-28 13:29:13'),
(6711, 4, 'customer', NULL, NULL, 'Ritu', NULL, 'Ritu', NULL, NULL, NULL, 'CO1251', 'active', NULL, NULL, NULL, NULL, 'D. P. Road', 'Narayanganj', NULL, NULL, '01819-435192', NULL, NULL, NULL, NULL, NULL, 18, NULL, NULL, 0.0000, 0, 0, 0, 0, NULL, NULL, 0, NULL, NULL, NULL, NULL, NULL, NULL, NULL, NULL, NULL, NULL, NULL, NULL, NULL, NULL, NULL, NULL, NULL, NULL, NULL, NULL, NULL, '2024-10-28 13:39:14', '2024-10-28 13:39:14'),
(6712, 4, 'customer', NULL, NULL, 'Rajib Bhuiyan', NULL, 'Rajib Bhuiyan', NULL, NULL, NULL, 'CO1252', 'active', NULL, NULL, NULL, NULL, 'Bhuiyan Bari Deobhog', 'Narayanganj', NULL, NULL, '01000-000000', NULL, NULL, NULL, NULL, NULL, 18, NULL, NULL, 0.0000, 0, 0, 0, 0, NULL, NULL, 0, NULL, NULL, NULL, NULL, NULL, NULL, NULL, NULL, NULL, NULL, NULL, NULL, NULL, NULL, NULL, NULL, NULL, NULL, NULL, NULL, NULL, '2024-10-28 13:48:16', '2024-10-28 13:48:16'),
(6713, 4, 'customer', NULL, NULL, 'Teacher', NULL, 'Teacher', NULL, NULL, NULL, 'CO1253', 'active', NULL, NULL, NULL, NULL, 'Morgan Girls School and College', 'Narayanganj', NULL, NULL, '01721-449737', NULL, NULL, NULL, NULL, NULL, 18, NULL, NULL, 0.0000, 0, 0, 0, 0, 'Bhuiyan Bari Deobhog, N.Goanj.', NULL, 0, NULL, NULL, NULL, NULL, NULL, NULL, NULL, NULL, NULL, NULL, NULL, NULL, NULL, NULL, NULL, NULL, NULL, NULL, NULL, NULL, NULL, '2024-10-28 13:57:25', '2024-10-28 13:57:25'),
(6714, 18, 'customer', NULL, NULL, '14', NULL, '14', NULL, NULL, NULL, 'CO2520', 'active', NULL, NULL, NULL, NULL, NULL, NULL, NULL, NULL, '980980890980', NULL, NULL, NULL, NULL, NULL, 57, NULL, NULL, 0.0000, 0, 0, 0, 0, NULL, NULL, 0, NULL, NULL, NULL, NULL, NULL, NULL, NULL, NULL, NULL, NULL, NULL, NULL, NULL, NULL, NULL, NULL, NULL, NULL, NULL, NULL, NULL, '2024-10-28 15:05:05', '2024-10-28 15:05:05'),
(6715, 18, 'customer', NULL, NULL, '1', NULL, '1', NULL, NULL, NULL, 'CO2521', 'active', NULL, NULL, NULL, NULL, NULL, NULL, NULL, NULL, '0154257427482', NULL, NULL, NULL, NULL, NULL, 57, NULL, NULL, 0.0000, 0, 0, 0, 0, NULL, NULL, 0, NULL, NULL, NULL, NULL, NULL, NULL, NULL, NULL, NULL, NULL, NULL, NULL, NULL, NULL, NULL, NULL, NULL, NULL, NULL, NULL, NULL, '2024-10-28 16:01:05', '2024-10-28 16:01:05'),
(6716, 18, 'customer', NULL, NULL, '1', NULL, '1', NULL, NULL, NULL, 'CO2521', 'active', NULL, NULL, NULL, NULL, NULL, NULL, NULL, NULL, '0154257427482', NULL, NULL, NULL, NULL, NULL, 57, NULL, NULL, 0.0000, 0, 0, 0, 0, NULL, NULL, 0, NULL, NULL, NULL, NULL, NULL, NULL, NULL, NULL, NULL, NULL, NULL, NULL, NULL, NULL, NULL, NULL, NULL, NULL, NULL, NULL, NULL, '2024-10-28 16:01:05', '2024-10-28 16:01:05'),
(6717, 18, 'customer', NULL, NULL, '1', NULL, '1', NULL, NULL, NULL, 'CO2521', 'active', NULL, NULL, NULL, NULL, NULL, NULL, NULL, NULL, '0154257427482', NULL, NULL, NULL, NULL, NULL, 57, NULL, NULL, 0.0000, 0, 0, 0, 0, NULL, NULL, 0, NULL, NULL, NULL, NULL, NULL, NULL, NULL, NULL, NULL, NULL, NULL, NULL, NULL, NULL, NULL, NULL, NULL, NULL, NULL, NULL, NULL, '2024-10-28 16:01:05', '2024-10-28 16:01:05'),
(6718, 29, 'supplier', NULL, NULL, 'KEROSIN', NULL, 'KEROSIN', NULL, NULL, NULL, 'CO0405', 'active', NULL, NULL, NULL, NULL, NULL, NULL, NULL, NULL, '1236547890', NULL, NULL, NULL, NULL, NULL, 93, NULL, NULL, 0.0000, 0, 0, 0, 0, NULL, NULL, 0, NULL, NULL, NULL, NULL, NULL, NULL, NULL, NULL, NULL, NULL, NULL, NULL, NULL, NULL, NULL, NULL, NULL, NULL, NULL, NULL, NULL, '2024-10-28 18:08:11', '2024-10-28 18:08:11'),
(6719, 29, 'customer', NULL, NULL, '136166 SUYAB SUB', NULL, '136166 SUYAB', 'SUB', NULL, NULL, 'CO0406', 'active', NULL, NULL, NULL, NULL, NULL, NULL, NULL, NULL, '8801922051091', NULL, NULL, NULL, NULL, NULL, 93, NULL, NULL, 0.0000, 670, 0, 0, 0, NULL, NULL, 0, NULL, NULL, NULL, NULL, NULL, NULL, NULL, NULL, NULL, NULL, NULL, NULL, NULL, NULL, NULL, NULL, NULL, NULL, NULL, NULL, NULL, '2024-10-28 18:34:43', '2024-10-28 18:35:16'),
(6720, 4, 'customer', NULL, NULL, 'Momin', NULL, 'Momin', NULL, NULL, NULL, 'CO1254', 'active', NULL, NULL, NULL, NULL, 'Azmeri Manjil Amlapara', 'Narayanganj', NULL, NULL, '01715-617459', NULL, NULL, NULL, NULL, NULL, 18, NULL, NULL, 0.0000, 0, 0, 0, 0, NULL, NULL, 0, NULL, NULL, NULL, NULL, NULL, NULL, NULL, NULL, NULL, NULL, NULL, NULL, NULL, NULL, NULL, NULL, NULL, NULL, NULL, NULL, NULL, '2024-10-28 19:48:44', '2024-10-28 19:48:44'),
(6721, 24, 'customer', NULL, NULL, 'Emon', NULL, 'Emon', NULL, NULL, NULL, 'CO0803', 'active', NULL, NULL, NULL, NULL, NULL, NULL, NULL, NULL, '01521435441', NULL, NULL, NULL, NULL, NULL, 76, NULL, NULL, 0.0000, 0, 0, 0, 0, NULL, NULL, 0, NULL, NULL, NULL, NULL, NULL, NULL, NULL, NULL, NULL, NULL, NULL, NULL, NULL, NULL, NULL, NULL, NULL, NULL, NULL, NULL, NULL, '2024-10-28 20:32:32', '2024-10-28 20:32:32'),
(6722, 18, 'customer', NULL, NULL, '20', NULL, '20', NULL, NULL, NULL, 'CO2522', 'active', NULL, NULL, NULL, NULL, NULL, NULL, NULL, NULL, '051445145874', NULL, NULL, NULL, NULL, NULL, 57, NULL, NULL, 0.0000, 0, 0, 0, 0, NULL, NULL, 0, NULL, NULL, NULL, NULL, NULL, NULL, NULL, NULL, NULL, NULL, NULL, NULL, NULL, NULL, NULL, NULL, NULL, NULL, NULL, NULL, NULL, '2024-10-28 20:33:44', '2024-10-28 20:33:44'),
(6723, 24, 'customer', NULL, NULL, 'Forhad', NULL, 'Forhad', NULL, NULL, NULL, 'CO0804', 'active', NULL, NULL, NULL, NULL, NULL, NULL, NULL, NULL, '01705317742', NULL, NULL, NULL, NULL, NULL, 76, NULL, NULL, 0.0000, 0, 0, 0, 0, NULL, NULL, 0, NULL, NULL, NULL, NULL, NULL, NULL, NULL, NULL, NULL, NULL, NULL, NULL, NULL, NULL, NULL, NULL, NULL, NULL, NULL, NULL, NULL, '2024-10-28 20:40:40', '2024-10-28 20:40:40'),
(6724, 24, 'customer', NULL, NULL, 'iqbal', NULL, 'iqbal', NULL, NULL, NULL, 'CO0805', 'active', NULL, NULL, NULL, NULL, NULL, NULL, NULL, NULL, '01618477769', NULL, NULL, NULL, NULL, NULL, 76, NULL, NULL, 0.0000, 0, 0, 0, 0, NULL, NULL, 0, NULL, NULL, NULL, NULL, NULL, NULL, NULL, NULL, NULL, NULL, NULL, NULL, NULL, NULL, NULL, NULL, NULL, NULL, NULL, NULL, NULL, '2024-10-28 20:51:33', '2024-10-28 20:51:33'),
(6725, 18, 'customer', NULL, NULL, '12', NULL, '12', NULL, NULL, NULL, 'CO2523', 'active', NULL, NULL, NULL, NULL, NULL, NULL, NULL, NULL, '05145215244521', NULL, NULL, NULL, NULL, NULL, 57, NULL, NULL, 0.0000, 0, 0, 0, 0, NULL, NULL, 0, NULL, NULL, NULL, NULL, NULL, NULL, NULL, NULL, NULL, NULL, NULL, NULL, NULL, NULL, NULL, NULL, NULL, NULL, NULL, NULL, NULL, '2024-10-28 21:29:55', '2024-10-28 21:29:55'),
(6726, 18, 'customer', NULL, NULL, '19', NULL, '19', NULL, NULL, NULL, 'CO2524', 'active', NULL, NULL, NULL, NULL, NULL, NULL, NULL, NULL, '024515784151', NULL, NULL, NULL, NULL, NULL, 57, NULL, NULL, 0.0000, 0, 0, 0, 0, NULL, NULL, 0, NULL, NULL, NULL, NULL, NULL, NULL, NULL, NULL, NULL, NULL, NULL, NULL, NULL, NULL, NULL, NULL, NULL, NULL, NULL, NULL, NULL, '2024-10-28 21:36:40', '2024-10-28 21:36:40'),
(6727, 18, 'customer', NULL, NULL, '3', NULL, '3', NULL, NULL, NULL, 'CO2525', 'active', NULL, NULL, NULL, NULL, NULL, NULL, NULL, NULL, '0251458758275874', NULL, NULL, NULL, NULL, NULL, 57, NULL, NULL, 0.0000, 0, 0, 0, 0, NULL, NULL, 0, NULL, NULL, NULL, NULL, NULL, NULL, NULL, NULL, NULL, NULL, NULL, NULL, NULL, NULL, NULL, NULL, NULL, NULL, NULL, NULL, NULL, '2024-10-28 21:37:53', '2024-10-28 21:37:53'),
(6728, 18, 'customer', NULL, NULL, '7', NULL, '7', NULL, NULL, NULL, 'CO2526', 'active', NULL, NULL, NULL, NULL, NULL, NULL, NULL, NULL, '528784527842748', NULL, NULL, NULL, NULL, NULL, 57, NULL, NULL, 0.0000, 0, 0, 0, 0, NULL, NULL, 0, NULL, NULL, NULL, NULL, NULL, NULL, NULL, NULL, NULL, NULL, NULL, NULL, NULL, NULL, NULL, NULL, NULL, NULL, NULL, NULL, NULL, '2024-10-28 21:53:27', '2024-10-28 21:53:27'),
(6729, 18, 'customer', NULL, NULL, '17', NULL, '17', NULL, NULL, NULL, 'CO2527', 'active', NULL, NULL, NULL, NULL, NULL, NULL, NULL, NULL, '052152152145', NULL, NULL, NULL, NULL, NULL, 57, NULL, NULL, 0.0000, 0, 0, 0, 0, NULL, NULL, 0, NULL, NULL, NULL, NULL, NULL, NULL, NULL, NULL, NULL, NULL, NULL, NULL, NULL, NULL, NULL, NULL, NULL, NULL, NULL, NULL, NULL, '2024-10-28 21:58:19', '2024-10-28 21:58:19'),
(6730, 24, 'customer', NULL, NULL, 'anisa', NULL, 'anisa', NULL, NULL, NULL, 'CO0806', 'active', NULL, NULL, NULL, NULL, NULL, NULL, NULL, NULL, '01922624103', NULL, NULL, NULL, NULL, NULL, 76, NULL, NULL, 0.0000, 0, 0, 0, 0, NULL, NULL, 0, NULL, NULL, NULL, NULL, NULL, NULL, NULL, NULL, NULL, NULL, NULL, NULL, NULL, NULL, NULL, NULL, NULL, NULL, NULL, NULL, NULL, '2024-10-29 12:01:57', '2024-10-29 12:01:57');
INSERT INTO `contacts` (`id`, `business_id`, `type`, `contact_type`, `supplier_business_name`, `name`, `prefix`, `first_name`, `middle_name`, `last_name`, `email`, `contact_id`, `contact_status`, `tax_number`, `city`, `state`, `country`, `address_line_1`, `address_line_2`, `zip_code`, `dob`, `mobile`, `landline`, `alternate_number`, `pay_term_number`, `pay_term_type`, `credit_limit`, `created_by`, `converted_by`, `converted_on`, `balance`, `total_rp`, `total_rp_used`, `total_rp_expired`, `is_default`, `shipping_address`, `shipping_custom_field_details`, `is_export`, `export_custom_field_1`, `export_custom_field_2`, `export_custom_field_3`, `export_custom_field_4`, `export_custom_field_5`, `export_custom_field_6`, `position`, `customer_group_id`, `crm_source`, `crm_life_stage`, `custom_field1`, `custom_field2`, `custom_field3`, `custom_field4`, `custom_field5`, `custom_field6`, `custom_field7`, `custom_field8`, `custom_field9`, `custom_field10`, `deleted_at`, `created_at`, `updated_at`) VALUES
(6731, 24, 'customer', NULL, NULL, 'foysal', NULL, 'foysal', NULL, NULL, NULL, 'CO0807', 'active', NULL, NULL, NULL, NULL, NULL, NULL, NULL, NULL, '01640548624', NULL, NULL, NULL, NULL, NULL, 76, NULL, NULL, 0.0000, 0, 0, 0, 0, NULL, NULL, 0, NULL, NULL, NULL, NULL, NULL, NULL, NULL, NULL, NULL, NULL, NULL, NULL, NULL, NULL, NULL, NULL, NULL, NULL, NULL, NULL, NULL, '2024-10-29 12:16:44', '2024-10-29 12:16:44'),
(6732, 4, 'customer', NULL, NULL, 'Jabed', NULL, 'Jabed', NULL, NULL, NULL, 'CO1255', 'active', NULL, NULL, NULL, NULL, 'Khanka Street D. P. Road', 'Narayanganj', NULL, NULL, '01917-304485', NULL, NULL, NULL, NULL, NULL, 18, NULL, NULL, 0.0000, 0, 0, 0, 0, NULL, NULL, 0, NULL, NULL, NULL, NULL, NULL, NULL, NULL, NULL, NULL, NULL, NULL, NULL, NULL, NULL, NULL, NULL, NULL, NULL, NULL, NULL, NULL, '2024-10-29 13:42:04', '2024-10-29 13:42:04'),
(6733, 18, 'customer', NULL, NULL, '19', NULL, '19', NULL, NULL, NULL, 'CO2528', 'active', NULL, NULL, NULL, NULL, NULL, NULL, NULL, NULL, '9809898098090', NULL, NULL, NULL, NULL, NULL, 57, NULL, NULL, 0.0000, 0, 0, 0, 0, NULL, NULL, 0, NULL, NULL, NULL, NULL, NULL, NULL, NULL, NULL, NULL, NULL, NULL, NULL, NULL, NULL, NULL, NULL, NULL, NULL, NULL, NULL, NULL, '2024-10-29 15:21:59', '2024-10-29 15:21:59'),
(6734, 18, 'customer', NULL, NULL, '17', NULL, '17', NULL, NULL, NULL, 'CO2529', 'active', NULL, NULL, NULL, NULL, NULL, NULL, NULL, NULL, '980980980980', NULL, NULL, NULL, NULL, NULL, 57, NULL, NULL, 0.0000, 0, 0, 0, 0, NULL, NULL, 0, NULL, NULL, NULL, NULL, NULL, NULL, NULL, NULL, NULL, NULL, NULL, NULL, NULL, NULL, NULL, NULL, NULL, NULL, NULL, NULL, NULL, '2024-10-29 15:22:20', '2024-10-29 15:22:20'),
(6735, 18, 'customer', NULL, NULL, '11', NULL, '11', NULL, NULL, NULL, 'CO2530', 'active', NULL, NULL, NULL, NULL, NULL, NULL, NULL, NULL, '90980980980980', NULL, NULL, NULL, NULL, NULL, 57, NULL, NULL, 0.0000, 0, 0, 0, 0, NULL, NULL, 0, NULL, NULL, NULL, NULL, NULL, NULL, NULL, NULL, NULL, NULL, NULL, NULL, NULL, NULL, NULL, NULL, NULL, NULL, NULL, NULL, NULL, '2024-10-29 15:25:11', '2024-10-29 15:25:11'),
(6736, 18, 'customer', NULL, NULL, '4', NULL, '4', NULL, NULL, NULL, 'CO2531', 'active', NULL, NULL, NULL, NULL, NULL, NULL, NULL, NULL, '980980980980', NULL, NULL, NULL, NULL, NULL, 57, NULL, NULL, 0.0000, 0, 0, 0, 0, NULL, NULL, 0, NULL, NULL, NULL, NULL, NULL, NULL, NULL, NULL, NULL, NULL, NULL, NULL, NULL, NULL, NULL, NULL, NULL, NULL, NULL, NULL, NULL, '2024-10-29 15:29:37', '2024-10-29 15:29:37'),
(6737, 18, 'customer', NULL, NULL, 'dd', NULL, 'dd', NULL, NULL, NULL, 'CO2532', 'active', NULL, NULL, NULL, NULL, NULL, NULL, NULL, NULL, '90980909090', NULL, NULL, NULL, NULL, NULL, 57, NULL, NULL, 0.0000, 0, 0, 0, 0, NULL, NULL, 0, NULL, NULL, NULL, NULL, NULL, NULL, NULL, NULL, NULL, NULL, NULL, NULL, NULL, NULL, NULL, NULL, NULL, NULL, NULL, NULL, NULL, '2024-10-29 15:30:03', '2024-10-29 15:30:03'),
(6738, 18, 'customer', NULL, NULL, '10', NULL, '10', NULL, NULL, NULL, 'CO2533', 'active', NULL, NULL, NULL, NULL, NULL, NULL, NULL, NULL, '0101010100110', NULL, NULL, NULL, NULL, NULL, 57, NULL, NULL, 0.0000, 0, 0, 0, 0, NULL, NULL, 0, NULL, NULL, NULL, NULL, NULL, NULL, NULL, NULL, NULL, NULL, NULL, NULL, NULL, NULL, NULL, NULL, NULL, NULL, NULL, NULL, NULL, '2024-10-29 15:33:19', '2024-10-29 15:33:19'),
(6739, 32, 'customer', NULL, NULL, 'Shamim', NULL, 'Shamim', NULL, NULL, NULL, 'CO0393', 'active', NULL, NULL, NULL, NULL, NULL, NULL, NULL, NULL, '01911472944', NULL, NULL, NULL, NULL, NULL, 124, NULL, NULL, 0.0000, 0, 0, 0, 0, NULL, NULL, 0, NULL, NULL, NULL, NULL, NULL, NULL, NULL, NULL, NULL, NULL, NULL, NULL, NULL, NULL, NULL, NULL, NULL, NULL, NULL, NULL, NULL, '2024-10-29 15:38:06', '2024-10-29 15:38:06'),
(6740, 28, 'supplier', NULL, NULL, 'SAGUR', NULL, 'SAGUR', NULL, NULL, NULL, 'CO0172', 'active', NULL, NULL, NULL, NULL, NULL, NULL, NULL, NULL, '01862374820', NULL, NULL, NULL, NULL, NULL, 96, NULL, NULL, 0.0000, 0, 0, 0, 0, NULL, NULL, 0, NULL, NULL, NULL, NULL, NULL, NULL, NULL, NULL, NULL, NULL, NULL, NULL, NULL, NULL, NULL, NULL, NULL, NULL, NULL, NULL, NULL, '2024-10-29 16:28:02', '2024-10-29 16:28:02'),
(6741, 32, 'customer', NULL, NULL, 'Muhammad Arif', NULL, 'Muhammad Arif', NULL, NULL, NULL, 'CO0394', 'active', NULL, NULL, NULL, NULL, NULL, NULL, NULL, NULL, '01911332562', NULL, NULL, NULL, NULL, NULL, 124, NULL, NULL, 0.0000, 0, 0, 0, 0, NULL, NULL, 0, NULL, NULL, NULL, NULL, NULL, NULL, NULL, NULL, NULL, NULL, NULL, NULL, NULL, NULL, NULL, NULL, NULL, NULL, NULL, NULL, NULL, '2024-10-29 17:07:54', '2024-10-29 17:07:54'),
(6742, 32, 'customer', NULL, NULL, 'Hiron', NULL, 'Hiron', NULL, NULL, NULL, 'CO0395', 'active', NULL, NULL, NULL, NULL, NULL, NULL, NULL, NULL, '01616801581', NULL, NULL, NULL, NULL, NULL, 124, NULL, NULL, 0.0000, 0, 0, 0, 0, NULL, NULL, 0, NULL, NULL, NULL, NULL, NULL, NULL, NULL, NULL, NULL, NULL, NULL, NULL, NULL, NULL, NULL, NULL, NULL, NULL, NULL, NULL, NULL, '2024-10-29 17:10:30', '2024-10-29 17:10:30'),
(6743, 24, 'customer', NULL, NULL, 'joy', NULL, 'joy', NULL, NULL, NULL, 'CO0808', 'active', NULL, NULL, NULL, NULL, NULL, NULL, NULL, NULL, '01971427707', NULL, NULL, NULL, NULL, NULL, 76, NULL, NULL, 0.0000, 0, 0, 0, 0, NULL, NULL, 0, NULL, NULL, NULL, NULL, NULL, NULL, NULL, NULL, NULL, NULL, NULL, NULL, NULL, NULL, NULL, NULL, NULL, NULL, NULL, NULL, NULL, '2024-10-29 19:08:24', '2024-10-29 19:08:24'),
(6744, 24, 'customer', NULL, NULL, 'shawon', NULL, 'shawon', NULL, NULL, NULL, 'CO0809', 'active', NULL, NULL, NULL, NULL, NULL, NULL, NULL, NULL, '01752317251', NULL, NULL, NULL, NULL, NULL, 76, NULL, NULL, 0.0000, 0, 0, 0, 0, NULL, NULL, 0, NULL, NULL, NULL, NULL, NULL, NULL, NULL, NULL, NULL, NULL, NULL, NULL, NULL, NULL, NULL, NULL, NULL, NULL, NULL, NULL, NULL, '2024-10-29 20:51:19', '2024-10-29 20:51:19'),
(6745, 18, 'customer', NULL, NULL, '19', NULL, '19', NULL, NULL, NULL, 'CO2534', 'active', NULL, NULL, NULL, NULL, NULL, NULL, NULL, NULL, '90980980890', NULL, NULL, NULL, NULL, NULL, 57, NULL, NULL, 0.0000, 0, 0, 0, 0, NULL, NULL, 0, NULL, NULL, NULL, NULL, NULL, NULL, NULL, NULL, NULL, NULL, NULL, NULL, NULL, NULL, NULL, NULL, NULL, NULL, NULL, NULL, NULL, '2024-10-29 21:14:31', '2024-10-29 21:14:31'),
(6746, 18, 'customer', NULL, NULL, '7', NULL, '7', NULL, NULL, NULL, 'CO2535', 'active', NULL, NULL, NULL, NULL, NULL, NULL, NULL, NULL, '909809809800', NULL, NULL, NULL, NULL, NULL, 57, NULL, NULL, 0.0000, 0, 0, 0, 0, NULL, NULL, 0, NULL, NULL, NULL, NULL, NULL, NULL, NULL, NULL, NULL, NULL, NULL, NULL, NULL, NULL, NULL, NULL, NULL, NULL, NULL, NULL, NULL, '2024-10-29 21:15:22', '2024-10-29 21:15:22'),
(6747, 18, 'customer', NULL, NULL, '16', NULL, '16', NULL, NULL, NULL, 'CO2536', 'active', NULL, NULL, NULL, NULL, NULL, NULL, NULL, NULL, '9098098089098', NULL, NULL, NULL, NULL, NULL, 57, NULL, NULL, 0.0000, 0, 0, 0, 0, NULL, NULL, 0, NULL, NULL, NULL, NULL, NULL, NULL, NULL, NULL, NULL, NULL, NULL, NULL, NULL, NULL, NULL, NULL, NULL, NULL, NULL, NULL, NULL, '2024-10-29 21:16:10', '2024-10-29 21:16:10'),
(6748, 18, 'customer', NULL, NULL, '18', NULL, '18', NULL, NULL, NULL, 'CO2537', 'active', NULL, NULL, NULL, NULL, NULL, NULL, NULL, NULL, '980909808900', NULL, NULL, NULL, NULL, NULL, 57, NULL, NULL, 0.0000, 0, 0, 0, 0, NULL, NULL, 0, NULL, NULL, NULL, NULL, NULL, NULL, NULL, NULL, NULL, NULL, NULL, NULL, NULL, NULL, NULL, NULL, NULL, NULL, NULL, NULL, NULL, '2024-10-29 21:20:04', '2024-10-29 21:20:04'),
(6749, 18, 'customer', NULL, NULL, '17', NULL, '17', NULL, NULL, NULL, 'CO2538', 'active', NULL, NULL, NULL, NULL, NULL, NULL, NULL, NULL, '98090909090', NULL, NULL, NULL, NULL, NULL, 57, NULL, NULL, 0.0000, 0, 0, 0, 0, NULL, NULL, 0, NULL, NULL, NULL, NULL, NULL, NULL, NULL, NULL, NULL, NULL, NULL, NULL, NULL, NULL, NULL, NULL, NULL, NULL, NULL, NULL, NULL, '2024-10-29 21:23:02', '2024-10-29 21:23:02'),
(6750, 18, 'customer', NULL, NULL, '9', NULL, '9', NULL, NULL, NULL, 'CO2539', 'active', NULL, NULL, NULL, NULL, NULL, NULL, NULL, NULL, '980980980890', NULL, NULL, NULL, NULL, NULL, 57, NULL, NULL, 0.0000, 0, 0, 0, 0, NULL, NULL, 0, NULL, NULL, NULL, NULL, NULL, NULL, NULL, NULL, NULL, NULL, NULL, NULL, NULL, NULL, NULL, NULL, NULL, NULL, NULL, NULL, NULL, '2024-10-29 21:25:51', '2024-10-29 21:25:51'),
(6751, 18, 'customer', NULL, NULL, '12', NULL, '12', NULL, NULL, NULL, 'CO2540', 'active', NULL, NULL, NULL, NULL, NULL, NULL, NULL, NULL, '054185745892749', NULL, NULL, NULL, NULL, NULL, 57, NULL, NULL, 0.0000, 0, 0, 0, 0, NULL, NULL, 0, NULL, NULL, NULL, NULL, NULL, NULL, NULL, NULL, NULL, NULL, NULL, NULL, NULL, NULL, NULL, NULL, NULL, NULL, NULL, NULL, NULL, '2024-10-29 21:28:01', '2024-10-29 21:28:01'),
(6752, 18, 'customer', NULL, NULL, '20', NULL, '20', NULL, NULL, NULL, 'CO2541', 'active', NULL, NULL, NULL, NULL, NULL, NULL, NULL, NULL, '05425427424', NULL, NULL, NULL, NULL, NULL, 57, NULL, NULL, 0.0000, 0, 0, 0, 0, NULL, NULL, 0, NULL, NULL, NULL, NULL, NULL, NULL, NULL, NULL, NULL, NULL, NULL, NULL, NULL, NULL, NULL, NULL, NULL, NULL, NULL, NULL, NULL, '2024-10-29 21:34:54', '2024-10-29 21:34:54');

-- --------------------------------------------------------

--
-- Table structure for table `crm_call_logs`
--

CREATE TABLE `crm_call_logs` (
  `id` bigint UNSIGNED NOT NULL,
  `business_id` int NOT NULL,
  `user_id` int DEFAULT NULL,
  `call_type` varchar(191) CHARACTER SET utf8mb4 COLLATE utf8mb4_unicode_ci DEFAULT NULL,
  `mobile_number` varchar(191) CHARACTER SET utf8mb4 COLLATE utf8mb4_unicode_ci NOT NULL,
  `mobile_name` varchar(191) CHARACTER SET utf8mb4 COLLATE utf8mb4_unicode_ci DEFAULT NULL,
  `contact_id` int DEFAULT NULL,
  `start_time` datetime DEFAULT NULL,
  `end_time` datetime DEFAULT NULL,
  `duration` int DEFAULT NULL,
  `created_by` int NOT NULL,
  `created_at` timestamp NULL DEFAULT NULL,
  `updated_at` timestamp NULL DEFAULT NULL
) ENGINE=InnoDB DEFAULT CHARSET=utf8mb4 COLLATE=utf8mb4_unicode_ci;

-- --------------------------------------------------------

--
-- Table structure for table `crm_campaigns`
--

CREATE TABLE `crm_campaigns` (
  `id` bigint UNSIGNED NOT NULL,
  `business_id` int UNSIGNED NOT NULL,
  `name` varchar(191) CHARACTER SET utf8mb4 COLLATE utf8mb4_unicode_ci NOT NULL,
  `campaign_type` enum('sms','email') CHARACTER SET utf8mb4 COLLATE utf8mb4_unicode_ci NOT NULL DEFAULT 'email',
  `subject` varchar(191) CHARACTER SET utf8mb4 COLLATE utf8mb4_unicode_ci DEFAULT NULL,
  `email_body` text CHARACTER SET utf8mb4 COLLATE utf8mb4_unicode_ci,
  `sms_body` text CHARACTER SET utf8mb4 COLLATE utf8mb4_unicode_ci,
  `sent_on` datetime DEFAULT NULL,
  `contact_ids` text CHARACTER SET utf8mb4 COLLATE utf8mb4_unicode_ci NOT NULL,
  `additional_info` text CHARACTER SET utf8mb4 COLLATE utf8mb4_unicode_ci,
  `created_by` int NOT NULL,
  `created_at` timestamp NULL DEFAULT NULL,
  `updated_at` timestamp NULL DEFAULT NULL
) ENGINE=InnoDB DEFAULT CHARSET=utf8mb4 COLLATE=utf8mb4_unicode_ci;

-- --------------------------------------------------------

--
-- Table structure for table `crm_contact_person_commissions`
--

CREATE TABLE `crm_contact_person_commissions` (
  `id` bigint UNSIGNED NOT NULL,
  `contact_person_id` int NOT NULL,
  `transaction_id` int DEFAULT NULL,
  `commission_amount` decimal(22,4) NOT NULL DEFAULT '0.0000',
  `created_at` timestamp NULL DEFAULT NULL,
  `updated_at` timestamp NULL DEFAULT NULL
) ENGINE=InnoDB DEFAULT CHARSET=utf8mb4 COLLATE=utf8mb4_unicode_ci;

-- --------------------------------------------------------

--
-- Table structure for table `crm_followup_invoices`
--

CREATE TABLE `crm_followup_invoices` (
  `follow_up_id` int NOT NULL,
  `transaction_id` int NOT NULL
) ENGINE=InnoDB DEFAULT CHARSET=utf8mb4 COLLATE=utf8mb4_unicode_ci;

-- --------------------------------------------------------

--
-- Table structure for table `crm_lead_users`
--

CREATE TABLE `crm_lead_users` (
  `id` bigint UNSIGNED NOT NULL,
  `contact_id` int UNSIGNED NOT NULL,
  `user_id` int NOT NULL
) ENGINE=InnoDB DEFAULT CHARSET=utf8mb4 COLLATE=utf8mb4_unicode_ci;

--
-- Dumping data for table `crm_lead_users`
--

INSERT INTO `crm_lead_users` (`id`, `contact_id`, `user_id`) VALUES
(1, 2497, 5),
(2, 2498, 5),
(3, 2499, 5);

-- --------------------------------------------------------

--
-- Table structure for table `crm_marketplaces`
--

CREATE TABLE `crm_marketplaces` (
  `id` bigint UNSIGNED NOT NULL,
  `business_id` int NOT NULL,
  `marketplace` varchar(191) CHARACTER SET utf8mb4 COLLATE utf8mb4_unicode_ci DEFAULT NULL,
  `site_key` varchar(191) CHARACTER SET utf8mb4 COLLATE utf8mb4_unicode_ci DEFAULT NULL,
  `site_id` varchar(191) CHARACTER SET utf8mb4 COLLATE utf8mb4_unicode_ci DEFAULT NULL,
  `assigned_users` text CHARACTER SET utf8mb4 COLLATE utf8mb4_unicode_ci,
  `crm_source_id` int DEFAULT NULL,
  `created_at` timestamp NULL DEFAULT NULL,
  `updated_at` timestamp NULL DEFAULT NULL
) ENGINE=InnoDB DEFAULT CHARSET=utf8mb4 COLLATE=utf8mb4_unicode_ci;

-- --------------------------------------------------------

--
-- Table structure for table `crm_proposals`
--

CREATE TABLE `crm_proposals` (
  `id` bigint UNSIGNED NOT NULL,
  `business_id` int UNSIGNED NOT NULL,
  `contact_id` int UNSIGNED NOT NULL,
  `subject` text CHARACTER SET utf8mb4 COLLATE utf8mb4_unicode_ci NOT NULL,
  `body` longtext CHARACTER SET utf8mb4 COLLATE utf8mb4_unicode_ci NOT NULL,
  `cc` text CHARACTER SET utf8mb4 COLLATE utf8mb4_unicode_ci,
  `bcc` text CHARACTER SET utf8mb4 COLLATE utf8mb4_unicode_ci,
  `sent_by` int NOT NULL,
  `created_at` timestamp NULL DEFAULT NULL,
  `updated_at` timestamp NULL DEFAULT NULL
) ENGINE=InnoDB DEFAULT CHARSET=utf8mb4 COLLATE=utf8mb4_unicode_ci;

-- --------------------------------------------------------

--
-- Table structure for table `crm_proposal_templates`
--

CREATE TABLE `crm_proposal_templates` (
  `id` bigint UNSIGNED NOT NULL,
  `business_id` int UNSIGNED NOT NULL,
  `subject` text CHARACTER SET utf8mb4 COLLATE utf8mb4_unicode_ci NOT NULL,
  `body` longtext CHARACTER SET utf8mb4 COLLATE utf8mb4_unicode_ci NOT NULL,
  `cc` text CHARACTER SET utf8mb4 COLLATE utf8mb4_unicode_ci,
  `bcc` text CHARACTER SET utf8mb4 COLLATE utf8mb4_unicode_ci,
  `created_by` int NOT NULL,
  `created_at` timestamp NULL DEFAULT NULL,
  `updated_at` timestamp NULL DEFAULT NULL
) ENGINE=InnoDB DEFAULT CHARSET=utf8mb4 COLLATE=utf8mb4_unicode_ci;

-- --------------------------------------------------------

--
-- Table structure for table `crm_schedules`
--

CREATE TABLE `crm_schedules` (
  `id` bigint UNSIGNED NOT NULL,
  `business_id` int UNSIGNED NOT NULL,
  `contact_id` int DEFAULT NULL,
  `title` varchar(191) CHARACTER SET utf8mb4 COLLATE utf8mb4_unicode_ci NOT NULL,
  `status` varchar(191) CHARACTER SET utf8mb4 COLLATE utf8mb4_unicode_ci DEFAULT NULL,
  `start_datetime` datetime DEFAULT NULL,
  `end_datetime` datetime DEFAULT NULL,
  `description` text CHARACTER SET utf8mb4 COLLATE utf8mb4_unicode_ci,
  `schedule_type` enum('call','sms','meeting','email') CHARACTER SET utf8mb4 COLLATE utf8mb4_unicode_ci NOT NULL DEFAULT 'email',
  `followup_category_id` int DEFAULT NULL,
  `allow_notification` tinyint(1) NOT NULL DEFAULT '1',
  `notify_via` text CHARACTER SET utf8mb4 COLLATE utf8mb4_unicode_ci,
  `notify_before` int DEFAULT NULL,
  `notify_type` enum('minute','hour','day') CHARACTER SET utf8mb4 COLLATE utf8mb4_unicode_ci NOT NULL DEFAULT 'hour',
  `created_by` int NOT NULL,
  `is_recursive` tinyint(1) NOT NULL DEFAULT '0',
  `recursion_days` int DEFAULT NULL,
  `followup_additional_info` text CHARACTER SET utf8mb4 COLLATE utf8mb4_unicode_ci,
  `follow_up_by` varchar(191) CHARACTER SET utf8mb4 COLLATE utf8mb4_unicode_ci DEFAULT NULL,
  `follow_up_by_value` varchar(191) CHARACTER SET utf8mb4 COLLATE utf8mb4_unicode_ci DEFAULT NULL,
  `created_at` timestamp NULL DEFAULT NULL,
  `updated_at` timestamp NULL DEFAULT NULL
) ENGINE=InnoDB DEFAULT CHARSET=utf8mb4 COLLATE=utf8mb4_unicode_ci;

-- --------------------------------------------------------

--
-- Table structure for table `crm_schedule_logs`
--

CREATE TABLE `crm_schedule_logs` (
  `id` bigint UNSIGNED NOT NULL,
  `schedule_id` bigint UNSIGNED NOT NULL,
  `log_type` enum('call','sms','meeting','email') CHARACTER SET utf8mb4 COLLATE utf8mb4_unicode_ci NOT NULL DEFAULT 'email',
  `start_datetime` datetime NOT NULL,
  `end_datetime` datetime NOT NULL,
  `subject` varchar(191) CHARACTER SET utf8mb4 COLLATE utf8mb4_unicode_ci NOT NULL,
  `description` text CHARACTER SET utf8mb4 COLLATE utf8mb4_unicode_ci,
  `created_by` int NOT NULL,
  `created_at` timestamp NULL DEFAULT NULL,
  `updated_at` timestamp NULL DEFAULT NULL
) ENGINE=InnoDB DEFAULT CHARSET=utf8mb4 COLLATE=utf8mb4_unicode_ci;

-- --------------------------------------------------------

--
-- Table structure for table `crm_schedule_users`
--

CREATE TABLE `crm_schedule_users` (
  `id` bigint UNSIGNED NOT NULL,
  `schedule_id` bigint UNSIGNED NOT NULL,
  `user_id` int NOT NULL,
  `created_at` timestamp NULL DEFAULT NULL,
  `updated_at` timestamp NULL DEFAULT NULL
) ENGINE=InnoDB DEFAULT CHARSET=utf8mb4 COLLATE=utf8mb4_unicode_ci;

-- --------------------------------------------------------

--
-- Table structure for table `currencies`
--

CREATE TABLE `currencies` (
  `id` int UNSIGNED NOT NULL,
  `country` varchar(100) CHARACTER SET utf8mb4 COLLATE utf8mb4_unicode_ci NOT NULL,
  `currency` varchar(100) CHARACTER SET utf8mb4 COLLATE utf8mb4_unicode_ci NOT NULL,
  `code` varchar(25) CHARACTER SET utf8mb4 COLLATE utf8mb4_unicode_ci NOT NULL,
  `symbol` varchar(25) CHARACTER SET utf8mb4 COLLATE utf8mb4_unicode_ci NOT NULL,
  `thousand_separator` varchar(10) CHARACTER SET utf8mb4 COLLATE utf8mb4_unicode_ci NOT NULL,
  `decimal_separator` varchar(10) CHARACTER SET utf8mb4 COLLATE utf8mb4_unicode_ci NOT NULL,
  `created_at` timestamp NULL DEFAULT NULL,
  `updated_at` timestamp NULL DEFAULT NULL
) ENGINE=InnoDB DEFAULT CHARSET=utf8mb4 COLLATE=utf8mb4_unicode_ci;

--
-- Dumping data for table `currencies`
--

INSERT INTO `currencies` (`id`, `country`, `currency`, `code`, `symbol`, `thousand_separator`, `decimal_separator`, `created_at`, `updated_at`) VALUES
(1, 'Albania', 'Leke', 'ALL', 'Lek', ',', '.', NULL, NULL),
(2, 'America', 'Dollars', 'USD', '$', ',', '.', NULL, NULL),
(3, 'Afghanistan', 'Afghanis', 'AF', '؋', ',', '.', NULL, NULL),
(4, 'Argentina', 'Pesos', 'ARS', '$', ',', '.', NULL, NULL),
(5, 'Aruba', 'Guilders', 'AWG', 'ƒ', ',', '.', NULL, NULL),
(6, 'Australia', 'Dollars', 'AUD', '$', ',', '.', NULL, NULL),
(7, 'Azerbaijan', 'New Manats', 'AZ', 'ман', ',', '.', NULL, NULL),
(8, 'Bahamas', 'Dollars', 'BSD', '$', ',', '.', NULL, NULL),
(9, 'Barbados', 'Dollars', 'BBD', '$', ',', '.', NULL, NULL),
(10, 'Belarus', 'Rubles', 'BYR', 'p.', ',', '.', NULL, NULL),
(11, 'Belgium', 'Euro', 'EUR', '€', ',', '.', NULL, NULL),
(12, 'Beliz', 'Dollars', 'BZD', 'BZ$', ',', '.', NULL, NULL),
(13, 'Bermuda', 'Dollars', 'BMD', '$', ',', '.', NULL, NULL),
(14, 'Bolivia', 'Bolivianos', 'BOB', '$b', ',', '.', NULL, NULL),
(15, 'Bosnia and Herzegovina', 'Convertible Marka', 'BAM', 'KM', ',', '.', NULL, NULL),
(16, 'Botswana', 'Pula\'s', 'BWP', 'P', ',', '.', NULL, NULL),
(17, 'Bulgaria', 'Leva', 'BG', 'лв', ',', '.', NULL, NULL),
(18, 'Brazil', 'Reais', 'BRL', 'R$', ',', '.', NULL, NULL),
(19, 'Britain [United Kingdom]', 'Pounds', 'GBP', '£', ',', '.', NULL, NULL),
(20, 'Brunei Darussalam', 'Dollars', 'BND', '$', ',', '.', NULL, NULL),
(21, 'Cambodia', 'Riels', 'KHR', '៛', ',', '.', NULL, NULL),
(22, 'Canada', 'Dollars', 'CAD', '$', ',', '.', NULL, NULL),
(23, 'Cayman Islands', 'Dollars', 'KYD', '$', ',', '.', NULL, NULL),
(24, 'Chile', 'Pesos', 'CLP', '$', ',', '.', NULL, NULL),
(25, 'China', 'Yuan Renminbi', 'CNY', '¥', ',', '.', NULL, NULL),
(26, 'Colombia', 'Pesos', 'COP', '$', ',', '.', NULL, NULL),
(27, 'Costa Rica', 'Colón', 'CRC', '₡', ',', '.', NULL, NULL),
(28, 'Croatia', 'Kuna', 'HRK', 'kn', ',', '.', NULL, NULL),
(29, 'Cuba', 'Pesos', 'CUP', '₱', ',', '.', NULL, NULL),
(30, 'Cyprus', 'Euro', 'EUR', '€', '.', ',', NULL, NULL),
(31, 'Czech Republic', 'Koruny', 'CZK', 'Kč', ',', '.', NULL, NULL),
(32, 'Denmark', 'Kroner', 'DKK', 'kr', ',', '.', NULL, NULL),
(33, 'Dominican Republic', 'Pesos', 'DOP ', 'RD$', ',', '.', NULL, NULL),
(34, 'East Caribbean', 'Dollars', 'XCD', '$', ',', '.', NULL, NULL),
(35, 'Egypt', 'Pounds', 'EGP', '£', ',', '.', NULL, NULL),
(36, 'El Salvador', 'Colones', 'SVC', '$', ',', '.', NULL, NULL),
(37, 'England [United Kingdom]', 'Pounds', 'GBP', '£', ',', '.', NULL, NULL),
(38, 'Euro', 'Euro', 'EUR', '€', '.', ',', NULL, NULL),
(39, 'Falkland Islands', 'Pounds', 'FKP', '£', ',', '.', NULL, NULL),
(40, 'Fiji', 'Dollars', 'FJD', '$', ',', '.', NULL, NULL),
(41, 'France', 'Euro', 'EUR', '€', '.', ',', NULL, NULL),
(42, 'Ghana', 'Cedis', 'GHS', '¢', ',', '.', NULL, NULL),
(43, 'Gibraltar', 'Pounds', 'GIP', '£', ',', '.', NULL, NULL),
(44, 'Greece', 'Euro', 'EUR', '€', '.', ',', NULL, NULL),
(45, 'Guatemala', 'Quetzales', 'GTQ', 'Q', ',', '.', NULL, NULL),
(46, 'Guernsey', 'Pounds', 'GGP', '£', ',', '.', NULL, NULL),
(47, 'Guyana', 'Dollars', 'GYD', '$', ',', '.', NULL, NULL),
(48, 'Holland [Netherlands]', 'Euro', 'EUR', '€', '.', ',', NULL, NULL),
(49, 'Honduras', 'Lempiras', 'HNL', 'L', ',', '.', NULL, NULL),
(50, 'Hong Kong', 'Dollars', 'HKD', '$', ',', '.', NULL, NULL),
(51, 'Hungary', 'Forint', 'HUF', 'Ft', ',', '.', NULL, NULL),
(52, 'Iceland', 'Kronur', 'ISK', 'kr', ',', '.', NULL, NULL),
(53, 'India', 'Rupees', 'INR', '₹', ',', '.', NULL, NULL),
(54, 'Indonesia', 'Rupiahs', 'IDR', 'Rp', ',', '.', NULL, NULL),
(55, 'Iran', 'Rials', 'IRR', '﷼', ',', '.', NULL, NULL),
(56, 'Ireland', 'Euro', 'EUR', '€', '.', ',', NULL, NULL),
(57, 'Isle of Man', 'Pounds', 'IMP', '£', ',', '.', NULL, NULL),
(58, 'Israel', 'New Shekels', 'ILS', '₪', ',', '.', NULL, NULL),
(59, 'Italy', 'Euro', 'EUR', '€', '.', ',', NULL, NULL),
(60, 'Jamaica', 'Dollars', 'JMD', 'J$', ',', '.', NULL, NULL),
(61, 'Japan', 'Yen', 'JPY', '¥', ',', '.', NULL, NULL),
(62, 'Jersey', 'Pounds', 'JEP', '£', ',', '.', NULL, NULL),
(63, 'Kazakhstan', 'Tenge', 'KZT', 'лв', ',', '.', NULL, NULL),
(64, 'Korea [North]', 'Won', 'KPW', '₩', ',', '.', NULL, NULL),
(65, 'Korea [South]', 'Won', 'KRW', '₩', ',', '.', NULL, NULL),
(66, 'Kyrgyzstan', 'Soms', 'KGS', 'лв', ',', '.', NULL, NULL),
(67, 'Laos', 'Kips', 'LAK', '₭', ',', '.', NULL, NULL),
(68, 'Latvia', 'Lati', 'LVL', 'Ls', ',', '.', NULL, NULL),
(69, 'Lebanon', 'Pounds', 'LBP', '£', ',', '.', NULL, NULL),
(70, 'Liberia', 'Dollars', 'LRD', '$', ',', '.', NULL, NULL),
(71, 'Liechtenstein', 'Switzerland Francs', 'CHF', 'CHF', ',', '.', NULL, NULL),
(72, 'Lithuania', 'Litai', 'LTL', 'Lt', ',', '.', NULL, NULL),
(73, 'Luxembourg', 'Euro', 'EUR', '€', '.', ',', NULL, NULL),
(74, 'Macedonia', 'Denars', 'MKD', 'ден', ',', '.', NULL, NULL),
(75, 'Malaysia', 'Ringgits', 'MYR', 'RM', ',', '.', NULL, NULL),
(76, 'Malta', 'Euro', 'EUR', '€', '.', ',', NULL, NULL),
(77, 'Mauritius', 'Rupees', 'MUR', '₨', ',', '.', NULL, NULL),
(78, 'Mexico', 'Pesos', 'MXN', '$', ',', '.', NULL, NULL),
(79, 'Mongolia', 'Tugriks', 'MNT', '₮', ',', '.', NULL, NULL),
(80, 'Mozambique', 'Meticais', 'MZ', 'MT', ',', '.', NULL, NULL),
(81, 'Namibia', 'Dollars', 'NAD', '$', ',', '.', NULL, NULL),
(82, 'Nepal', 'Rupees', 'NPR', '₨', ',', '.', NULL, NULL),
(83, 'Netherlands Antilles', 'Guilders', 'ANG', 'ƒ', ',', '.', NULL, NULL),
(84, 'Netherlands', 'Euro', 'EUR', '€', '.', ',', NULL, NULL),
(85, 'New Zealand', 'Dollars', 'NZD', '$', ',', '.', NULL, NULL),
(86, 'Nicaragua', 'Cordobas', 'NIO', 'C$', ',', '.', NULL, NULL),
(87, 'Nigeria', 'Nairas', 'NGN', '₦', ',', '.', NULL, NULL),
(88, 'North Korea', 'Won', 'KPW', '₩', ',', '.', NULL, NULL),
(89, 'Norway', 'Krone', 'NOK', 'kr', ',', '.', NULL, NULL),
(90, 'Oman', 'Rials', 'OMR', '﷼', ',', '.', NULL, NULL),
(91, 'Pakistan', 'Rupees', 'PKR', '₨', ',', '.', NULL, NULL),
(92, 'Panama', 'Balboa', 'PAB', 'B/.', ',', '.', NULL, NULL),
(93, 'Paraguay', 'Guarani', 'PYG', 'Gs', ',', '.', NULL, NULL),
(94, 'Peru', 'Nuevos Soles', 'PE', 'S/.', ',', '.', NULL, NULL),
(95, 'Philippines', 'Pesos', 'PHP', 'Php', ',', '.', NULL, NULL),
(96, 'Poland', 'Zlotych', 'PL', 'zł', ',', '.', NULL, NULL),
(97, 'Qatar', 'Rials', 'QAR', '﷼', ',', '.', NULL, NULL),
(98, 'Romania', 'New Lei', 'RO', 'lei', ',', '.', NULL, NULL),
(99, 'Russia', 'Rubles', 'RUB', 'руб', ',', '.', NULL, NULL),
(100, 'Saint Helena', 'Pounds', 'SHP', '£', ',', '.', NULL, NULL),
(101, 'Saudi Arabia', 'Riyals', 'SAR', '﷼', ',', '.', NULL, NULL),
(102, 'Serbia', 'Dinars', 'RSD', 'Дин.', ',', '.', NULL, NULL),
(103, 'Seychelles', 'Rupees', 'SCR', '₨', ',', '.', NULL, NULL),
(104, 'Singapore', 'Dollars', 'SGD', '$', ',', '.', NULL, NULL),
(105, 'Slovenia', 'Euro', 'EUR', '€', '.', ',', NULL, NULL),
(106, 'Solomon Islands', 'Dollars', 'SBD', '$', ',', '.', NULL, NULL),
(107, 'Somalia', 'Shillings', 'SOS', 'S', ',', '.', NULL, NULL),
(108, 'South Africa', 'Rand', 'ZAR', 'R', ',', '.', NULL, NULL),
(109, 'South Korea', 'Won', 'KRW', '₩', ',', '.', NULL, NULL),
(110, 'Spain', 'Euro', 'EUR', '€', '.', ',', NULL, NULL),
(111, 'Sri Lanka', 'Rupees', 'LKR', '₨', ',', '.', NULL, NULL),
(112, 'Sweden', 'Kronor', 'SEK', 'kr', ',', '.', NULL, NULL),
(113, 'Switzerland', 'Francs', 'CHF', 'CHF', ',', '.', NULL, NULL),
(114, 'Suriname', 'Dollars', 'SRD', '$', ',', '.', NULL, NULL),
(115, 'Syria', 'Pounds', 'SYP', '£', ',', '.', NULL, NULL),
(116, 'Taiwan', 'New Dollars', 'TWD', 'NT$', ',', '.', NULL, NULL),
(117, 'Thailand', 'Baht', 'THB', '฿', ',', '.', NULL, NULL),
(118, 'Trinidad and Tobago', 'Dollars', 'TTD', 'TT$', ',', '.', NULL, NULL),
(119, 'Turkey', 'Lira', 'TRY', 'TL', ',', '.', NULL, NULL),
(120, 'Turkey', 'Liras', 'TRL', '£', ',', '.', NULL, NULL),
(121, 'Tuvalu', 'Dollars', 'TVD', '$', ',', '.', NULL, NULL),
(122, 'Ukraine', 'Hryvnia', 'UAH', '₴', ',', '.', NULL, NULL),
(123, 'United Kingdom', 'Pounds', 'GBP', '£', ',', '.', NULL, NULL),
(124, 'United States of America', 'Dollars', 'USD', '$', ',', '.', NULL, NULL),
(125, 'Uruguay', 'Pesos', 'UYU', '$U', ',', '.', NULL, NULL),
(126, 'Uzbekistan', 'Sums', 'UZS', 'лв', ',', '.', NULL, NULL),
(127, 'Vatican City', 'Euro', 'EUR', '€', '.', ',', NULL, NULL),
(128, 'Venezuela', 'Bolivares Fuertes', 'VEF', 'Bs', ',', '.', NULL, NULL),
(129, 'Vietnam', 'Dong', 'VND', '₫', ',', '.', NULL, NULL),
(130, 'Yemen', 'Rials', 'YER', '﷼', ',', '.', NULL, NULL),
(131, 'Zimbabwe', 'Zimbabwe Dollars', 'ZWD', 'Z$', ',', '.', NULL, NULL),
(132, 'Iraq', 'Iraqi dinar', 'IQD', 'د.ع', ',', '.', NULL, NULL),
(133, 'Kenya', 'Kenyan shilling', 'KES', 'KSh', ',', '.', NULL, NULL),
(134, 'Bangladesh', 'Taka', 'BDT', '৳', ',', '.', NULL, NULL),
(135, 'Algerie', 'Algerian dinar', 'DZD', 'د.ج', ' ', '.', NULL, NULL),
(136, 'United Arab Emirates', 'United Arab Emirates dirham', 'AED', 'د.إ', ',', '.', NULL, NULL),
(137, 'Uganda', 'Uganda shillings', 'UGX', 'USh', ',', '.', NULL, NULL),
(138, 'Tanzania', 'Tanzanian shilling', 'TZS', 'TSh', ',', '.', NULL, NULL),
(139, 'Angola', 'Kwanza', 'AOA', 'Kz', ',', '.', NULL, NULL),
(140, 'Kuwait', 'Kuwaiti dinar', 'KWD', 'KD', ',', '.', NULL, NULL),
(141, 'Bahrain', 'Bahraini dinar', 'BHD', 'BD', ',', '.', NULL, NULL);

-- --------------------------------------------------------

--
-- Table structure for table `customer_groups`
--

CREATE TABLE `customer_groups` (
  `id` int UNSIGNED NOT NULL,
  `business_id` int UNSIGNED NOT NULL,
  `name` varchar(191) CHARACTER SET utf8mb4 COLLATE utf8mb4_unicode_ci NOT NULL,
  `amount` double(5,2) NOT NULL,
  `price_calculation_type` varchar(191) CHARACTER SET utf8mb4 COLLATE utf8mb4_unicode_ci DEFAULT 'percentage',
  `selling_price_group_id` int DEFAULT NULL,
  `created_by` int UNSIGNED NOT NULL,
  `created_at` timestamp NULL DEFAULT NULL,
  `updated_at` timestamp NULL DEFAULT NULL
) ENGINE=InnoDB DEFAULT CHARSET=utf8mb4 COLLATE=utf8mb4_unicode_ci;

--
-- Dumping data for table `customer_groups`
--

INSERT INTO `customer_groups` (`id`, `business_id`, `name`, `amount`, `price_calculation_type`, `selling_price_group_id`, `created_by`, `created_at`, `updated_at`) VALUES
(1, 1, 'Trade', 0.00, 'selling_price_group', 2, 2, '2023-06-28 12:38:36', '2023-06-28 12:38:36'),
(2, 1, 'Wholesale', 0.00, 'selling_price_group', 1, 2, '2023-06-28 12:38:59', '2023-06-28 12:38:59'),
(3, 4, 'Purber Baki Customers (A)', 0.00, 'selling_price_group', 3, 7, '2023-10-17 08:58:03', '2023-10-24 06:27:23'),
(4, 4, 'Purber Baki Customers (C)', 0.00, 'selling_price_group', 3, 7, '2023-10-24 06:27:54', '2023-10-24 06:28:27'),
(5, 4, 'Purber baki Customers (B)', 0.00, 'percentage', 3, 7, '2023-11-14 05:39:26', '2023-11-14 05:39:45'),
(6, 14, 'DD Accounts', 0.00, 'selling_price_group', NULL, 52, '2023-12-11 09:20:26', '2023-12-11 09:20:26'),
(7, 14, 'Party', 0.00, 'selling_price_group', NULL, 52, '2023-12-17 07:32:18', '2023-12-17 07:32:18'),
(8, 14, 'Cash Sales', 0.00, 'percentage', NULL, 52, '2023-12-17 07:47:38', '2024-01-10 16:31:06'),
(9, 19, 'Wholesale', 0.00, 'selling_price_group', NULL, 65, '2024-01-17 18:17:10', '2024-01-17 18:17:10'),
(10, 19, 'Retail', 0.00, 'selling_price_group', NULL, 65, '2024-01-17 18:17:47', '2024-01-17 18:17:47'),
(11, 22, 'Chattogram', 0.00, 'percentage', NULL, 73, '2024-02-08 14:13:18', '2024-02-08 14:13:18'),
(14, 22, 'Barishal,Borguna,Gauro nadi,Faridpur', 0.00, 'percentage', NULL, 73, '2024-02-10 16:34:47', '2024-02-10 16:34:47'),
(15, 22, 'Gaocia,Urdo road,Chakbazar,Bongabazar,Gulistan', 0.00, 'percentage', NULL, 73, '2024-02-10 16:37:14', '2024-02-10 16:37:14'),
(16, 22, 'Sadar Ghat, Bangabazar, Gulistan', 0.00, 'percentage', NULL, 73, '2024-02-10 16:37:49', '2024-02-24 17:35:13'),
(17, 22, 'Kaliganj', 0.00, 'percentage', NULL, 73, '2024-02-10 16:38:18', '2024-02-10 16:38:18'),
(19, 22, 'Mymanshingh, Manikganj, Tangail', 0.00, 'percentage', NULL, 73, '2024-02-10 16:39:21', '2024-02-19 14:09:17'),
(20, 22, 'Coxbazar, Feni,Chowmohoni,Lakkhipur', 0.00, 'percentage', NULL, 73, '2024-02-10 16:41:58', '2024-02-19 16:32:42'),
(21, 22, 'Cumilla,Companyganj', 0.00, 'percentage', NULL, 73, '2024-02-10 16:42:39', '2024-02-10 16:42:39'),
(22, 22, 'Kustia,Pabna,Jibon nagar,Dimla,Rangpur,Kurigram,Ishhordi', 0.00, 'percentage', NULL, 73, '2024-02-10 16:44:34', '2024-02-10 16:44:34'),
(23, 22, 'Rajshahi,Putia,Chapai,Jashor', 0.00, 'percentage', NULL, 73, '2024-02-10 16:45:43', '2024-02-20 17:00:35'),
(24, 22, 'Nouga,Bagura,Gaibandha,Shirajganj', 0.00, 'percentage', NULL, 73, '2024-02-10 16:46:58', '2024-02-10 16:46:58'),
(25, 22, 'Narshingdi,Kishorganj,Bramman baria,Vulta,Sylet,Hobiganj,Kutibazar', 0.00, 'percentage', NULL, 73, '2024-02-10 16:49:30', '2024-02-10 16:49:30'),
(26, 22, 'Munshiganj,Shipahi para,Baligao,Taltola', 0.00, 'percentage', NULL, 73, '2024-02-10 16:51:53', '2024-02-10 16:51:53'),
(27, 22, 'Haziganj,Motlab', 0.00, 'percentage', NULL, 73, '2024-02-10 16:52:33', '2024-02-10 16:52:33'),
(28, 22, 'Gazipur,Mohakhali,Farmgate,Tangi bazar,Mirpur', 0.00, 'percentage', NULL, 73, '2024-02-10 16:54:40', '2024-02-10 16:54:40'),
(29, 22, 'Chittagang road,Sharulia,Demra,Staf quatar,Adamji', 0.00, 'percentage', NULL, 73, '2024-02-10 16:56:35', '2024-02-10 16:56:35'),
(30, 22, 'Sonarga,Gouripur,Vober char,Chandina', 0.00, 'percentage', NULL, 73, '2024-02-10 16:57:57', '2024-02-10 16:57:57'),
(31, 22, 'Pagla,Jurain,Saniakhra', 0.00, 'percentage', NULL, 73, '2024-02-10 17:00:00', '2024-02-10 17:00:00'),
(32, 22, 'Narayanganj', 0.00, 'percentage', NULL, 73, '2024-02-10 17:00:44', '2024-02-10 17:00:44'),
(33, 22, 'Satkhira, Nator, Jhinaidaha, Darshana', 0.00, 'percentage', NULL, 73, '2024-02-19 13:44:12', '2024-02-19 13:44:12'),
(34, 23, 'Vip', 0.00, 'percentage', NULL, 75, '2024-02-29 13:16:14', '2024-02-29 13:16:14'),
(35, 23, 'high', 2.00, 'percentage', NULL, 80, '2024-06-15 19:00:21', '2024-06-15 19:00:21'),
(36, 23, 'SEMI', 3.00, 'percentage', NULL, 80, '2024-06-24 18:43:00', '2024-06-24 18:43:00'),
(37, 29, 'CASH', 0.00, 'percentage', NULL, 93, '2024-07-04 03:50:30', '2024-07-04 03:50:30'),
(38, 29, 'CASH VERY HIGH 3', 3.00, 'percentage', NULL, 93, '2024-07-04 03:51:04', '2024-10-10 15:21:14'),
(39, 29, 'CASH HIGH 1.5', 1.50, 'percentage', NULL, 93, '2024-07-04 03:51:37', '2024-10-10 15:21:27'),
(41, 29, 'MONTHLY 3', 3.00, 'percentage', NULL, 93, '2024-07-04 03:52:42', '2024-10-10 15:21:04'),
(42, 28, 'Kostiya', 0.00, 'percentage', NULL, 91, '2024-08-08 19:17:11', '2024-08-08 19:17:11'),
(43, 28, 'Pabna', 0.00, 'percentage', NULL, 91, '2024-08-08 19:17:29', '2024-08-08 19:17:29');

-- --------------------------------------------------------

--
-- Table structure for table `dashboard_configurations`
--

CREATE TABLE `dashboard_configurations` (
  `id` int UNSIGNED NOT NULL,
  `business_id` int UNSIGNED NOT NULL,
  `created_by` int NOT NULL,
  `name` varchar(191) CHARACTER SET utf8mb4 COLLATE utf8mb4_unicode_ci NOT NULL,
  `color` varchar(191) CHARACTER SET utf8mb4 COLLATE utf8mb4_unicode_ci NOT NULL,
  `configuration` text CHARACTER SET utf8mb4 COLLATE utf8mb4_unicode_ci,
  `created_at` timestamp NULL DEFAULT NULL,
  `updated_at` timestamp NULL DEFAULT NULL
) ENGINE=InnoDB DEFAULT CHARSET=utf8mb4 COLLATE=utf8mb4_unicode_ci;

-- --------------------------------------------------------

--
-- Table structure for table `discounts`
--

CREATE TABLE `discounts` (
  `id` int UNSIGNED NOT NULL,
  `name` varchar(191) CHARACTER SET utf8mb4 COLLATE utf8mb4_unicode_ci NOT NULL,
  `business_id` int NOT NULL,
  `brand_id` int DEFAULT NULL,
  `category_id` int DEFAULT NULL,
  `location_id` int DEFAULT NULL,
  `priority` int DEFAULT NULL,
  `discount_type` varchar(191) CHARACTER SET utf8mb4 COLLATE utf8mb4_unicode_ci DEFAULT NULL,
  `discount_amount` decimal(22,4) NOT NULL DEFAULT '0.0000',
  `starts_at` datetime DEFAULT NULL,
  `ends_at` datetime DEFAULT NULL,
  `is_active` tinyint(1) NOT NULL DEFAULT '1',
  `spg` varchar(100) CHARACTER SET utf8mb4 COLLATE utf8mb4_unicode_ci DEFAULT NULL COMMENT 'Applicable in specified selling price group only. Use of applicable_in_spg column is discontinued',
  `applicable_in_cg` tinyint(1) DEFAULT '0',
  `created_at` timestamp NULL DEFAULT NULL,
  `updated_at` timestamp NULL DEFAULT NULL
) ENGINE=InnoDB DEFAULT CHARSET=utf8mb4 COLLATE=utf8mb4_unicode_ci;

--
-- Dumping data for table `discounts`
--

INSERT INTO `discounts` (`id`, `name`, `business_id`, `brand_id`, `category_id`, `location_id`, `priority`, `discount_type`, `discount_amount`, `starts_at`, `ends_at`, `is_active`, `spg`, `applicable_in_cg`, `created_at`, `updated_at`) VALUES
(2, 'test', 1, NULL, NULL, 2, 123, 'percentage', 10.0000, '2024-10-12 00:00:00', '2024-10-13 00:42:00', 1, NULL, 0, '2024-10-13 00:43:05', '2024-10-13 00:43:05'),
(3, 'Eid', 1, NULL, NULL, 1, 1, 'percentage', 10.0000, '2024-10-13 01:27:00', '2025-01-04 01:27:00', 1, NULL, 0, '2024-10-13 01:27:37', '2024-10-13 01:27:37'),
(4, 'promo', 1, NULL, NULL, 1, 1, 'fixed', 10.0000, '2024-10-18 04:06:00', '2024-11-30 04:06:00', 1, NULL, 0, '2024-10-19 04:07:22', '2024-10-19 04:07:22'),
(5, 'promo', 32, NULL, NULL, 55, 1, 'fixed', 15000.0000, '2024-10-01 18:26:00', '2024-12-31 18:26:00', 1, NULL, 0, '2024-10-19 18:27:11', '2024-10-19 18:27:11'),
(6, 'PROMO', 32, NULL, NULL, 55, 2, 'fixed', 2300.0000, '2024-10-16 18:34:00', '2024-10-31 18:35:00', 0, NULL, 0, '2024-10-19 18:35:33', '2024-10-29 19:18:37'),
(7, 'PROMO', 32, NULL, NULL, 55, 1, 'fixed', 2300.0000, '2025-01-01 19:21:00', '2025-02-14 19:22:00', 1, NULL, 0, '2024-10-29 19:22:22', '2024-10-29 19:22:22');

-- --------------------------------------------------------

--
-- Table structure for table `discount_variations`
--

CREATE TABLE `discount_variations` (
  `discount_id` int NOT NULL,
  `variation_id` int NOT NULL
) ENGINE=InnoDB DEFAULT CHARSET=utf8mb4 COLLATE=utf8mb4_unicode_ci;

--
-- Dumping data for table `discount_variations`
--

INSERT INTO `discount_variations` (`discount_id`, `variation_id`) VALUES
(2, 1),
(3, 12532),
(4, 1),
(4, 2),
(4, 3),
(5, 12193),
(6, 12026),
(6, 12027),
(7, 12026),
(7, 12027);

-- --------------------------------------------------------

--
-- Table structure for table `document_and_notes`
--

CREATE TABLE `document_and_notes` (
  `id` int UNSIGNED NOT NULL,
  `business_id` int NOT NULL,
  `notable_id` int NOT NULL,
  `notable_type` varchar(191) CHARACTER SET utf8mb4 COLLATE utf8mb4_unicode_ci NOT NULL,
  `heading` text CHARACTER SET utf8mb4 COLLATE utf8mb4_unicode_ci,
  `description` text CHARACTER SET utf8mb4 COLLATE utf8mb4_unicode_ci,
  `is_private` tinyint(1) NOT NULL DEFAULT '0',
  `created_by` int NOT NULL,
  `created_at` timestamp NULL DEFAULT NULL,
  `updated_at` timestamp NULL DEFAULT NULL
) ENGINE=InnoDB DEFAULT CHARSET=utf8mb4 COLLATE=utf8mb4_unicode_ci;

-- --------------------------------------------------------

--
-- Table structure for table `essentials_allowances_and_deductions`
--

CREATE TABLE `essentials_allowances_and_deductions` (
  `id` int UNSIGNED NOT NULL,
  `business_id` int NOT NULL,
  `description` varchar(191) CHARACTER SET utf8mb4 COLLATE utf8mb4_unicode_ci NOT NULL,
  `type` enum('allowance','deduction') CHARACTER SET utf8mb4 COLLATE utf8mb4_unicode_ci NOT NULL,
  `amount` decimal(22,4) NOT NULL,
  `amount_type` enum('fixed','percent') CHARACTER SET utf8mb4 COLLATE utf8mb4_unicode_ci NOT NULL,
  `applicable_date` date DEFAULT NULL,
  `created_at` timestamp NULL DEFAULT NULL,
  `updated_at` timestamp NULL DEFAULT NULL
) ENGINE=InnoDB DEFAULT CHARSET=utf8mb4 COLLATE=utf8mb4_unicode_ci;

--
-- Dumping data for table `essentials_allowances_and_deductions`
--

INSERT INTO `essentials_allowances_and_deductions` (`id`, `business_id`, `description`, `type`, `amount`, `amount_type`, `applicable_date`, `created_at`, `updated_at`) VALUES
(1, 1, 'Bonus', 'allowance', 5000.0000, 'fixed', '2023-09-28', '2023-09-28 01:42:39', '2023-09-28 01:42:39'),
(2, 1, 'Eid', 'allowance', 10.0000, 'percent', '2024-04-10', '2024-04-09 16:44:24', '2024-04-09 16:44:24');

-- --------------------------------------------------------

--
-- Table structure for table `essentials_attendances`
--

CREATE TABLE `essentials_attendances` (
  `id` int UNSIGNED NOT NULL,
  `user_id` int NOT NULL,
  `business_id` int NOT NULL,
  `clock_in_time` datetime DEFAULT NULL,
  `clock_out_time` datetime DEFAULT NULL,
  `essentials_shift_id` int DEFAULT NULL,
  `ip_address` varchar(191) CHARACTER SET utf8mb4 COLLATE utf8mb4_unicode_ci DEFAULT NULL,
  `clock_in_note` text CHARACTER SET utf8mb4 COLLATE utf8mb4_unicode_ci,
  `clock_out_note` text CHARACTER SET utf8mb4 COLLATE utf8mb4_unicode_ci,
  `clock_in_location` text CHARACTER SET utf8mb4 COLLATE utf8mb4_unicode_ci,
  `clock_out_location` text CHARACTER SET utf8mb4 COLLATE utf8mb4_unicode_ci,
  `created_at` timestamp NULL DEFAULT NULL,
  `updated_at` timestamp NULL DEFAULT NULL
) ENGINE=InnoDB DEFAULT CHARSET=utf8mb4 COLLATE=utf8mb4_unicode_ci;

--
-- Dumping data for table `essentials_attendances`
--

INSERT INTO `essentials_attendances` (`id`, `user_id`, `business_id`, `clock_in_time`, `clock_out_time`, `essentials_shift_id`, `ip_address`, `clock_in_note`, `clock_out_note`, `clock_in_location`, `clock_out_location`, `created_at`, `updated_at`) VALUES
(2, 5, 1, '2023-07-01 10:00:00', '2023-07-01 06:00:00', 1, '103.58.75.101', NULL, NULL, NULL, NULL, '2023-09-28 00:44:38', '2023-09-28 00:44:38'),
(3, 3, 1, '2023-09-28 01:27:24', '2023-09-28 01:38:43', 2, '103.58.75.101', 'yes', 'yes', 'Paikpara Road, Paikpara, Narayanganj, Narayanganj Sadar Upazila, Narayanganj District, Dhaka Division, 1400, Bangladesh', 'Paikpara Road, Paikpara, Narayanganj, Narayanganj Sadar Upazila, Narayanganj District, Dhaka Division, 1400, Bangladesh', '2023-09-28 01:27:24', '2023-09-28 01:38:43'),
(4, 17, 6, '2023-10-07 10:00:00', '2023-10-06 20:00:00', NULL, '103.58.75.100', NULL, NULL, NULL, NULL, '2023-10-07 14:54:23', '2023-10-07 15:10:48'),
(5, 17, 6, '2023-10-07 15:17:14', '2023-10-07 15:18:08', 4, '103.58.75.100', NULL, NULL, NULL, '', '2023-10-07 15:17:14', '2023-10-07 15:18:08'),
(6, 43, 6, '2023-10-07 10:00:00', '2023-10-07 08:16:00', NULL, '103.107.77.133', NULL, NULL, NULL, NULL, '2023-10-07 10:18:18', '2023-10-07 10:18:18'),
(7, 44, 6, '2023-10-07 10:00:00', '2023-10-07 08:00:00', NULL, '103.107.77.133', NULL, NULL, NULL, NULL, '2023-10-07 10:19:16', '2023-10-07 10:19:16'),
(8, 17, 6, '2023-11-29 19:14:56', '2023-12-03 16:04:54', 4, '103.107.77.131', '10', NULL, NULL, '', '2023-11-29 13:14:56', '2023-12-03 10:04:54'),
(9, 17, 6, '2023-12-03 16:05:06', '2023-12-03 20:43:20', 4, '103.107.76.83', NULL, NULL, NULL, '', '2023-12-03 10:05:06', '2023-12-03 14:43:20'),
(10, 43, 6, '2023-12-03 19:35:00', NULL, NULL, '103.107.76.83', NULL, NULL, NULL, NULL, '2023-12-03 13:36:04', '2023-12-03 13:36:04'),
(11, 17, 6, '2023-12-04 14:41:54', '2023-12-05 20:49:35', 4, '103.107.76.84', '9', NULL, NULL, '', '2023-12-04 08:41:55', '2023-12-05 14:49:35'),
(12, 17, 6, '2023-12-06 10:29:02', '2023-12-06 22:07:14', 4, '103.107.76.84', NULL, NULL, NULL, '', '2023-12-06 04:29:02', '2023-12-06 16:07:14'),
(13, 17, 6, '2023-12-07 15:19:07', '2023-12-09 11:17:21', 4, '58.145.187.250', NULL, NULL, NULL, '', '2023-12-07 09:19:07', '2023-12-09 05:17:21'),
(14, 17, 6, '2023-12-09 11:17:28', '2023-12-12 09:59:28', 4, '103.107.76.84', NULL, NULL, NULL, '', '2023-12-09 05:17:28', '2023-12-12 03:59:28'),
(15, 17, 6, '2023-12-12 09:59:34', '2023-12-12 21:26:49', 4, '103.107.76.84', NULL, NULL, NULL, '', '2023-12-12 03:59:34', '2023-12-12 15:26:49'),
(16, 17, 6, '2023-12-13 10:05:58', '2023-12-15 09:35:31', 4, '103.107.76.84', NULL, NULL, NULL, '', '2023-12-13 04:05:58', '2023-12-15 03:35:31'),
(17, 17, 6, '2023-12-16 10:22:29', '2023-12-17 21:31:22', 4, '103.107.76.83', NULL, NULL, NULL, '', '2023-12-16 04:22:29', '2023-12-17 15:31:22'),
(18, 17, 6, '2023-12-18 09:28:28', '2023-12-20 20:39:34', 4, '103.107.76.83', NULL, NULL, NULL, '', '2023-12-18 03:28:28', '2023-12-20 20:39:34'),
(19, 17, 6, '2023-12-21 10:29:51', '2023-12-21 22:57:03', 4, '103.107.76.84', NULL, NULL, NULL, '', '2023-12-21 10:29:51', '2023-12-21 22:57:03'),
(20, 17, 6, '2023-12-23 10:16:58', '2023-12-25 00:18:25', 4, '103.107.76.84', NULL, NULL, NULL, '', '2023-12-23 10:16:58', '2023-12-25 00:18:25'),
(21, 17, 6, '2023-12-25 11:19:08', '2023-12-27 21:16:27', 4, '103.107.76.84', NULL, NULL, NULL, '', '2023-12-25 11:19:08', '2023-12-27 21:16:27'),
(22, 17, 6, '2023-12-28 10:15:16', '2023-12-31 10:13:05', 4, '103.107.76.83', NULL, NULL, NULL, '', '2023-12-28 10:15:16', '2023-12-31 10:13:05'),
(23, 17, 6, '2023-12-31 10:13:33', '2024-01-01 11:25:12', 4, '103.107.76.83', NULL, NULL, NULL, '', '2023-12-31 10:13:33', '2024-01-01 11:25:12'),
(24, 17, 6, '2024-01-01 11:25:18', '2024-01-01 20:31:22', 4, '103.107.76.83', NULL, NULL, NULL, '', '2024-01-01 11:25:18', '2024-01-01 20:31:22'),
(25, 17, 6, '2024-01-02 09:48:27', '2024-01-03 10:00:29', 4, '103.107.76.83', NULL, NULL, NULL, '', '2024-01-02 09:48:27', '2024-01-03 10:00:29'),
(26, 17, 6, '2024-01-03 10:00:36', '2024-01-04 10:09:46', 4, '103.107.76.83', NULL, NULL, NULL, '', '2024-01-03 10:00:36', '2024-01-04 10:09:46'),
(27, 17, 6, '2024-01-04 10:10:04', '2024-01-08 10:36:35', 4, '103.107.76.83', NULL, NULL, NULL, '', '2024-01-04 10:10:04', '2024-01-08 10:36:35'),
(28, 17, 6, '2024-01-08 10:37:39', '2024-01-09 21:08:33', 4, '103.107.76.84', NULL, NULL, NULL, '', '2024-01-08 10:37:39', '2024-01-09 21:08:33'),
(29, 17, 6, '2024-01-10 10:17:53', '2024-01-10 21:32:06', 4, '103.107.76.83', NULL, NULL, NULL, '', '2024-01-10 10:17:53', '2024-01-10 21:32:06'),
(30, 17, 6, '2024-01-11 10:09:18', '2024-01-13 10:38:45', 4, '103.107.76.83', NULL, NULL, NULL, '', '2024-01-11 10:09:18', '2024-01-13 10:38:45'),
(31, 17, 6, '2024-01-13 10:38:51', '2024-01-13 21:40:38', 4, '103.107.76.83', NULL, NULL, NULL, '', '2024-01-13 10:38:51', '2024-01-13 21:40:38'),
(32, 17, 6, '2024-01-14 10:08:48', '2024-01-14 21:02:38', 4, '103.107.76.83', NULL, NULL, NULL, '', '2024-01-14 10:08:48', '2024-01-14 21:02:38'),
(33, 17, 6, '2024-01-15 10:03:20', '2024-01-15 20:38:44', 4, '103.107.76.83', NULL, NULL, NULL, '', '2024-01-15 10:03:20', '2024-01-15 20:38:44'),
(34, 17, 6, '2024-01-16 10:19:30', '2024-01-16 21:12:00', 4, '103.107.76.83', NULL, NULL, NULL, '', '2024-01-16 10:19:30', '2024-01-16 21:12:00'),
(35, 17, 6, '2024-01-17 10:04:24', '2024-01-17 20:43:58', 4, '103.107.76.83', NULL, NULL, NULL, '', '2024-01-17 10:04:24', '2024-01-17 20:43:58'),
(36, 17, 6, '2024-01-18 09:57:13', '2024-01-18 20:11:05', 4, '103.107.76.83', NULL, NULL, NULL, '', '2024-01-18 09:57:13', '2024-01-18 20:11:05'),
(37, 17, 6, '2024-01-20 10:39:46', '2024-01-20 21:24:24', 4, '103.107.76.83', NULL, NULL, NULL, '', '2024-01-20 10:39:46', '2024-01-20 21:24:24'),
(38, 17, 6, '2024-01-21 10:15:52', '2024-01-21 21:02:52', 4, '103.107.76.83', NULL, NULL, NULL, '', '2024-01-21 10:15:52', '2024-01-21 21:02:52'),
(39, 17, 6, '2024-01-22 10:13:56', '2024-01-22 21:01:57', 4, '103.107.76.83', NULL, NULL, NULL, '', '2024-01-22 10:13:56', '2024-01-22 21:01:57'),
(40, 17, 6, '2024-01-23 10:33:01', '2024-01-24 10:04:20', 4, '103.107.76.83', NULL, NULL, NULL, '', '2024-01-23 10:33:01', '2024-01-24 10:04:20'),
(41, 17, 6, '2024-01-24 10:04:25', '2024-01-24 20:46:40', 4, '103.107.76.83', NULL, NULL, NULL, '', '2024-01-24 10:04:25', '2024-01-24 20:46:40'),
(42, 17, 6, '2024-01-25 10:07:54', '2024-01-25 21:10:38', 4, '103.107.76.83', NULL, NULL, NULL, '', '2024-01-25 10:07:54', '2024-01-25 21:10:38'),
(43, 17, 6, '2024-01-27 10:12:06', '2024-01-28 10:26:18', 4, '103.107.76.83', NULL, NULL, NULL, '', '2024-01-27 10:12:06', '2024-01-28 10:26:18'),
(44, 17, 6, '2024-01-28 10:26:45', '2024-01-28 20:38:00', 4, '103.107.76.83', NULL, NULL, NULL, '', '2024-01-28 10:26:45', '2024-01-28 20:38:00'),
(45, 17, 6, '2024-01-29 10:03:48', '2024-01-29 20:43:39', 4, '103.107.76.83', NULL, NULL, NULL, '', '2024-01-29 10:03:48', '2024-01-29 20:43:39'),
(46, 17, 6, '2024-01-30 10:15:06', '2024-01-30 21:08:41', 4, '103.107.76.83', NULL, NULL, NULL, '', '2024-01-30 10:15:06', '2024-01-30 21:08:41'),
(47, 17, 6, '2024-01-31 13:38:08', '2024-01-31 21:09:46', 4, '103.107.76.83', NULL, NULL, NULL, '', '2024-01-31 13:38:08', '2024-01-31 21:09:46'),
(48, 17, 6, '2024-02-01 10:10:05', '2024-02-01 21:21:17', 4, '103.107.76.83', NULL, NULL, NULL, '', '2024-02-01 10:10:05', '2024-02-01 21:21:17'),
(49, 17, 6, '2024-02-03 10:12:45', '2024-02-03 22:52:23', 4, '103.107.76.83', NULL, NULL, NULL, '', '2024-02-03 10:12:45', '2024-02-03 22:52:23'),
(50, 17, 6, '2024-02-04 10:15:39', '2024-02-04 20:44:20', 4, '103.107.76.83', NULL, NULL, NULL, '', '2024-02-04 10:15:39', '2024-02-04 20:44:20'),
(51, 17, 6, '2024-02-05 10:00:05', '2024-02-05 20:42:52', 4, '103.107.76.83', NULL, NULL, NULL, '', '2024-02-05 10:00:05', '2024-02-05 20:42:52'),
(52, 17, 6, '2024-02-06 10:08:22', '2024-02-06 20:40:05', 4, '103.107.76.83', NULL, NULL, NULL, '', '2024-02-06 10:08:22', '2024-02-06 20:40:05'),
(53, 17, 6, '2024-02-07 10:06:19', '2024-02-07 20:39:19', 4, '103.107.76.83', NULL, NULL, NULL, '', '2024-02-07 10:06:19', '2024-02-07 20:39:19'),
(54, 17, 6, '2024-02-08 10:08:40', '2024-02-08 21:00:56', 4, '103.107.76.83', NULL, NULL, NULL, '', '2024-02-08 10:08:40', '2024-02-08 21:00:56'),
(55, 17, 6, '2024-02-10 10:26:41', '2024-02-10 20:55:27', 4, '103.107.76.83', NULL, NULL, NULL, '', '2024-02-10 10:26:41', '2024-02-10 20:55:27'),
(56, 17, 6, '2024-02-11 10:10:41', '2024-02-11 20:52:32', 4, '103.107.76.83', NULL, NULL, NULL, '', '2024-02-11 10:10:41', '2024-02-11 20:52:32'),
(57, 17, 6, '2024-02-12 09:57:09', '2024-02-12 20:50:29', 4, '103.107.76.83', NULL, NULL, NULL, '', '2024-02-12 09:57:09', '2024-02-12 20:50:29'),
(58, 17, 6, '2024-02-13 11:24:45', '2024-02-13 20:38:56', 4, '103.107.76.83', NULL, NULL, NULL, '', '2024-02-13 11:24:45', '2024-02-13 20:38:56'),
(59, 17, 6, '2024-02-14 10:15:05', '2024-02-15 21:05:13', 4, '103.107.76.83', NULL, NULL, NULL, '', '2024-02-14 10:15:05', '2024-02-15 21:05:13'),
(60, 17, 6, '2024-02-17 10:18:02', '2024-02-17 21:11:37', 4, '103.107.76.83', NULL, NULL, NULL, '', '2024-02-17 10:18:02', '2024-02-17 21:11:37'),
(61, 17, 6, '2024-02-18 09:57:45', '2024-02-19 20:40:18', 4, '103.107.76.83', NULL, NULL, NULL, '', '2024-02-18 09:57:45', '2024-02-19 20:40:18'),
(62, 17, 6, '2024-02-20 10:11:43', '2024-02-20 20:15:34', 4, '103.107.76.83', NULL, NULL, NULL, '', '2024-02-20 10:11:43', '2024-02-20 20:15:34'),
(63, 17, 6, '2024-02-21 09:51:41', '2024-02-21 20:47:44', 4, '103.107.76.83', NULL, NULL, NULL, '', '2024-02-21 09:51:41', '2024-02-21 20:47:44'),
(64, 17, 6, '2024-02-22 09:50:45', '2024-02-22 20:24:25', 4, '103.107.76.83', NULL, NULL, NULL, '', '2024-02-22 09:50:45', '2024-02-22 20:24:25'),
(65, 17, 6, '2024-02-24 10:02:28', '2024-02-24 21:07:50', 4, '103.107.76.83', NULL, NULL, NULL, '', '2024-02-24 10:02:28', '2024-02-24 21:07:50'),
(66, 17, 6, '2024-02-25 10:13:25', '2024-02-25 19:13:18', 4, '103.107.76.83', NULL, NULL, NULL, '', '2024-02-25 10:13:25', '2024-02-25 19:13:18'),
(67, 17, 6, '2024-02-26 13:42:27', '2024-02-26 21:07:13', 4, '103.107.76.83', NULL, NULL, NULL, '', '2024-02-26 13:42:27', '2024-02-26 21:07:13'),
(68, 17, 6, '2024-02-27 10:19:16', '2024-02-27 21:25:51', 4, '103.107.76.83', NULL, NULL, NULL, '', '2024-02-27 10:19:16', '2024-02-27 21:25:51'),
(69, 17, 6, '2024-02-28 12:10:26', '2024-02-28 20:49:17', 4, '103.107.76.83', NULL, NULL, NULL, '', '2024-02-28 12:10:26', '2024-02-28 20:49:17'),
(70, 17, 6, '2024-02-29 10:24:23', '2024-02-29 21:12:56', 4, '103.107.76.83', NULL, NULL, NULL, '', '2024-02-29 10:24:23', '2024-02-29 21:12:56'),
(71, 17, 6, '2024-03-02 10:26:10', '2024-03-02 21:35:20', 4, '103.107.76.83', NULL, NULL, NULL, '', '2024-03-02 10:26:10', '2024-03-02 21:35:20'),
(72, 17, 6, '2024-03-09 10:08:23', '2024-03-09 21:23:37', 4, '103.107.76.83', NULL, NULL, NULL, '', '2024-03-09 10:08:23', '2024-03-09 21:23:37'),
(73, 17, 6, '2024-03-10 10:13:42', '2024-03-10 21:56:09', 4, '103.107.76.83', NULL, NULL, NULL, '', '2024-03-10 10:13:42', '2024-03-10 21:56:09'),
(74, 17, 6, '2024-03-11 10:06:08', '2024-03-11 19:05:16', 4, '103.107.76.83', NULL, NULL, NULL, '', '2024-03-11 10:06:08', '2024-03-11 19:05:16'),
(75, 17, 6, '2024-03-12 10:13:43', '2024-03-12 17:02:51', 4, '103.107.76.83', NULL, NULL, NULL, '', '2024-03-12 10:13:43', '2024-03-12 17:02:51'),
(76, 17, 6, '2024-03-13 10:35:44', '2024-03-13 17:14:10', 4, '103.107.76.83', NULL, NULL, NULL, '', '2024-03-13 10:35:44', '2024-03-13 17:14:10'),
(77, 17, 6, '2024-03-14 10:39:03', '2024-03-16 17:19:21', 4, '103.107.76.83', NULL, NULL, NULL, '', '2024-03-14 10:39:03', '2024-03-16 17:19:21'),
(78, 17, 6, '2024-03-17 10:38:30', '2024-03-17 17:32:16', 4, '103.107.76.83', NULL, NULL, NULL, '', '2024-03-17 10:38:30', '2024-03-17 17:32:16'),
(79, 17, 6, '2024-03-18 11:42:26', '2024-03-18 17:15:26', 4, '103.107.76.83', NULL, NULL, NULL, '', '2024-03-18 03:42:26', '2024-03-18 09:15:26'),
(80, 17, 6, '2024-03-19 11:17:58', '2024-03-20 17:12:06', 4, '103.107.76.83', NULL, NULL, NULL, '', '2024-03-19 11:17:58', '2024-03-20 17:12:06'),
(81, 17, 6, '2024-03-21 10:25:45', '2024-03-23 17:35:05', 4, '103.107.76.83', NULL, NULL, NULL, '', '2024-03-21 10:25:45', '2024-03-23 17:35:05'),
(82, 17, 6, '2024-03-24 10:57:16', '2024-03-24 17:14:59', 4, '103.107.76.83', NULL, NULL, NULL, '', '2024-03-24 10:57:16', '2024-03-24 17:14:59'),
(83, 17, 6, '2024-03-25 10:25:23', '2024-03-25 17:33:19', 4, '103.107.76.83', NULL, NULL, NULL, '', '2024-03-25 10:25:23', '2024-03-25 17:33:19'),
(84, 17, 6, '2024-03-26 10:36:51', '2024-03-26 17:39:36', 4, '103.107.76.83', NULL, NULL, NULL, '', '2024-03-26 10:36:51', '2024-03-26 17:39:36'),
(85, 17, 6, '2024-03-27 11:16:59', '2024-03-27 17:10:24', 4, '103.107.76.83', NULL, NULL, NULL, '', '2024-03-27 03:16:59', '2024-03-27 09:10:24'),
(86, 17, 6, '2024-03-28 10:22:35', '2024-03-30 18:04:50', 4, '103.107.76.83', NULL, NULL, NULL, '', '2024-03-28 02:22:35', '2024-03-30 10:04:50'),
(87, 17, 6, '2024-03-31 10:27:02', '2024-03-31 17:57:17', 4, '103.107.76.83', NULL, NULL, NULL, '', '2024-03-31 02:27:02', '2024-03-31 09:57:17'),
(88, 17, 6, '2024-04-01 10:21:15', '2024-04-02 17:27:35', 4, '103.107.76.83', NULL, NULL, NULL, '', '2024-04-01 02:21:15', '2024-04-02 09:27:35'),
(89, 17, 6, '2024-04-03 10:12:16', '2024-04-03 17:52:48', 4, '103.107.76.83', NULL, NULL, NULL, '', '2024-04-03 02:12:16', '2024-04-03 09:52:48'),
(90, 17, 6, '2024-04-06 14:47:46', '2024-04-06 17:45:17', 4, '103.107.76.83', NULL, NULL, NULL, '', '2024-04-06 06:47:46', '2024-04-06 09:45:17'),
(91, 17, 6, '2024-04-07 11:26:31', '2024-04-07 17:49:49', 4, '103.107.76.83', NULL, NULL, NULL, '', '2024-04-07 03:26:31', '2024-04-07 09:49:49'),
(92, 17, 6, '2024-04-08 10:22:00', '2024-04-08 17:50:27', 4, '103.107.76.83', NULL, NULL, NULL, '', '2024-04-08 02:22:00', '2024-04-08 09:50:27'),
(93, 17, 6, '2024-04-10 10:30:31', '2024-04-10 21:45:21', 4, '103.107.76.83', NULL, NULL, NULL, '', '2024-04-10 02:30:31', '2024-04-10 13:45:21'),
(94, 17, 6, '2024-04-17 11:03:42', '2024-04-18 22:53:41', 4, '103.107.76.83', NULL, NULL, NULL, '', '2024-04-17 03:03:42', '2024-04-18 14:53:41'),
(95, 17, 6, '2024-04-20 18:21:24', '2024-04-20 21:21:48', 4, '103.107.76.81', NULL, NULL, NULL, '', '2024-04-20 10:21:24', '2024-04-20 13:21:48'),
(96, 17, 6, '2024-04-22 09:49:17', '2024-04-22 21:02:07', 4, '103.107.76.81', NULL, NULL, NULL, '', '2024-04-22 01:49:17', '2024-04-22 13:02:07'),
(97, 17, 6, '2024-04-23 09:50:12', '2024-04-23 20:49:35', 4, '103.107.76.81', NULL, NULL, NULL, '', '2024-04-23 09:50:12', '2024-04-23 20:49:35'),
(98, 17, 6, '2024-04-24 10:00:26', '2024-04-29 20:51:15', 4, '103.107.76.81', NULL, NULL, NULL, '', '2024-04-24 10:00:26', '2024-04-29 20:51:15'),
(99, 17, 6, '2024-04-30 10:13:47', '2024-04-30 21:35:20', 4, '103.107.76.83', NULL, NULL, NULL, '', '2024-04-30 10:13:47', '2024-04-30 21:35:20'),
(100, 17, 6, '2024-05-01 10:20:03', '2024-05-01 21:59:53', 4, '103.107.76.83', NULL, NULL, NULL, '', '2024-05-01 10:20:03', '2024-05-01 21:59:53'),
(101, 17, 6, '2024-05-02 10:32:44', '2024-05-02 21:40:26', 4, '103.107.76.83', NULL, NULL, NULL, '', '2024-05-02 10:32:44', '2024-05-02 21:40:26'),
(102, 17, 6, '2024-05-04 09:56:54', '2024-05-04 21:02:04', 4, '103.107.76.83', NULL, NULL, NULL, '', '2024-05-04 09:56:54', '2024-05-04 21:02:04'),
(103, 17, 6, '2024-05-05 10:08:55', '2024-05-05 21:16:17', 4, '103.107.76.83', NULL, NULL, NULL, '', '2024-05-05 10:08:55', '2024-05-05 21:16:17'),
(104, 17, 6, '2024-05-06 10:19:16', '2024-05-06 20:53:03', 4, '103.107.76.83', NULL, NULL, NULL, '', '2024-05-06 10:19:16', '2024-05-06 20:53:03'),
(105, 17, 6, '2024-05-07 10:48:32', '2024-05-07 20:30:30', 4, '103.107.76.83', NULL, NULL, NULL, '', '2024-05-07 10:48:32', '2024-05-07 20:30:30'),
(106, 17, 6, '2024-05-08 10:49:57', '2024-05-08 22:29:25', 4, '103.107.76.83', NULL, NULL, NULL, '', '2024-05-08 10:49:57', '2024-05-08 22:29:25'),
(107, 17, 6, '2024-05-09 10:00:24', '2024-05-09 20:34:04', 4, '103.107.76.83', NULL, NULL, NULL, '', '2024-05-09 10:00:24', '2024-05-09 20:34:04'),
(108, 17, 6, '2024-05-11 10:16:13', '2024-05-11 21:05:14', 4, '103.107.76.83', NULL, NULL, NULL, '', '2024-05-11 10:16:13', '2024-05-11 21:05:14'),
(109, 17, 6, '2024-05-12 10:24:24', '2024-05-12 21:08:12', 4, '103.107.76.83', NULL, NULL, NULL, '', '2024-05-12 10:24:24', '2024-05-12 21:08:12'),
(110, 17, 6, '2024-05-13 10:15:51', '2024-05-13 20:39:24', 4, '103.107.76.83', NULL, NULL, NULL, '', '2024-05-13 10:15:51', '2024-05-13 20:39:24'),
(111, 17, 6, '2024-05-15 10:42:16', '2024-05-15 21:20:55', 4, '103.107.76.83', NULL, NULL, NULL, '', '2024-05-15 10:42:16', '2024-05-15 21:20:55'),
(112, 17, 6, '2024-05-16 10:19:57', '2024-05-16 20:17:41', 4, '103.107.76.83', NULL, NULL, NULL, '', '2024-05-16 10:19:57', '2024-05-16 20:17:41'),
(113, 17, 6, '2024-05-19 18:15:02', '2024-05-19 21:14:59', 4, '103.107.76.83', NULL, NULL, NULL, '', '2024-05-19 18:15:02', '2024-05-19 21:14:59'),
(114, 17, 6, '2024-05-20 11:11:32', '2024-05-20 21:39:22', 4, '103.107.76.83', NULL, NULL, NULL, '', '2024-05-20 11:11:32', '2024-05-20 21:39:22'),
(115, 17, 6, '2024-05-21 10:14:45', '2024-05-21 20:56:14', 4, '103.107.76.83', NULL, NULL, NULL, '', '2024-05-21 10:14:45', '2024-05-21 20:56:14'),
(116, 17, 6, '2024-05-22 10:33:12', '2024-05-22 21:21:33', 4, '103.107.76.83', NULL, NULL, NULL, '', '2024-05-22 10:33:12', '2024-05-22 21:21:33'),
(117, 17, 6, '2024-05-23 19:25:52', '2024-05-25 20:57:38', 4, '103.107.76.83', NULL, NULL, NULL, '', '2024-05-23 19:25:52', '2024-05-25 20:57:38'),
(118, 17, 6, '2024-05-26 10:16:23', '2024-05-26 21:16:49', 4, '103.107.76.83', NULL, NULL, NULL, '', '2024-05-26 10:16:24', '2024-05-26 21:16:49'),
(119, 17, 6, '2024-05-27 12:56:49', '2024-05-27 18:22:59', 4, '103.107.76.83', NULL, NULL, NULL, '', '2024-05-27 12:56:49', '2024-05-27 18:22:59'),
(120, 17, 6, '2024-05-28 10:57:09', '2024-05-28 21:22:16', 4, '103.107.76.83', NULL, NULL, NULL, '', '2024-05-28 10:57:09', '2024-05-28 21:22:16'),
(121, 17, 6, '2024-05-29 10:08:58', '2024-05-29 21:27:39', 4, '103.107.76.83', NULL, NULL, NULL, '', '2024-05-29 10:08:58', '2024-05-29 21:27:39'),
(122, 17, 6, '2024-05-30 10:14:39', '2024-05-30 21:02:59', 4, '103.107.76.83', NULL, NULL, NULL, '', '2024-05-30 10:14:39', '2024-05-30 21:02:59'),
(123, 17, 6, '2024-06-01 10:03:53', '2024-06-03 10:46:44', 4, '103.107.76.83', NULL, NULL, NULL, '', '2024-06-01 10:03:53', '2024-06-03 10:46:44'),
(124, 17, 6, '2024-06-03 10:47:10', '2024-06-03 20:59:53', 4, '103.107.76.83', NULL, NULL, NULL, '', '2024-06-03 10:47:10', '2024-06-03 20:59:53'),
(125, 17, 6, '2024-06-04 10:34:03', '2024-06-06 21:58:38', 4, '103.107.76.83', NULL, NULL, NULL, '', '2024-06-04 10:34:03', '2024-06-06 21:58:38'),
(126, 17, 6, '2024-06-12 09:55:03', '2024-06-13 22:52:21', 4, '103.107.76.83', NULL, NULL, NULL, '', '2024-06-12 09:55:03', '2024-06-13 22:52:21'),
(127, 17, 6, '2024-06-15 10:44:09', '2024-06-15 21:26:31', 4, '103.107.76.83', NULL, NULL, NULL, '', '2024-06-15 10:44:10', '2024-06-15 21:26:31'),
(128, 17, 6, '2024-06-16 10:56:03', '2024-06-16 21:09:28', 4, '103.107.76.83', NULL, NULL, NULL, '', '2024-06-16 10:56:03', '2024-06-16 21:09:28'),
(129, 17, 6, '2024-07-01 15:34:50', '2024-07-01 21:07:26', 4, '103.107.76.83', NULL, NULL, NULL, '', '2024-07-01 15:34:50', '2024-07-01 21:07:26'),
(130, 17, 6, '2024-07-04 11:29:26', '2024-07-04 21:04:13', 4, '103.107.76.83', NULL, NULL, NULL, '', '2024-07-04 11:29:26', '2024-07-04 21:04:13'),
(131, 17, 6, '2024-07-07 17:53:30', '2024-07-07 20:57:07', 4, '103.107.76.83', NULL, NULL, NULL, '', '2024-07-07 17:53:30', '2024-07-07 20:57:07'),
(132, 17, 6, '2024-07-08 12:05:27', '2024-07-08 20:56:26', 4, '103.107.76.83', NULL, NULL, NULL, '', '2024-07-08 12:05:27', '2024-07-08 20:56:26'),
(133, 17, 6, '2024-07-09 18:05:43', '2024-07-09 21:02:57', 4, '103.107.76.83', NULL, NULL, NULL, '', '2024-07-09 18:05:43', '2024-07-09 21:02:57'),
(134, 17, 6, '2024-07-10 12:33:10', '2024-07-10 21:45:54', 4, '103.107.76.83', NULL, NULL, NULL, '', '2024-07-10 12:33:10', '2024-07-10 21:45:54'),
(135, 17, 6, '2024-07-13 16:59:04', '2024-07-13 21:39:16', 4, '58.145.186.202', NULL, NULL, NULL, '', '2024-07-13 16:59:04', '2024-07-13 21:39:16'),
(136, 17, 6, '2024-07-14 14:27:02', '2024-07-15 22:14:26', 4, '58.145.186.217', NULL, NULL, NULL, '', '2024-07-14 14:27:02', '2024-07-15 22:14:26'),
(137, 17, 6, '2024-07-16 10:36:38', '2024-07-16 21:58:08', 4, '103.107.76.83', NULL, NULL, NULL, '', '2024-07-16 10:36:38', '2024-07-16 21:58:08'),
(138, 17, 6, '2024-07-17 10:59:09', '2024-07-17 21:23:09', 4, '103.107.76.83', NULL, NULL, NULL, '', '2024-07-17 10:59:09', '2024-07-17 21:23:09'),
(139, 17, 6, '2024-07-18 11:30:06', '2024-07-27 20:45:56', 4, '103.107.76.83', NULL, NULL, NULL, '', '2024-07-18 11:30:06', '2024-07-27 20:45:56'),
(140, 17, 6, '2024-07-28 10:08:38', '2024-07-29 20:32:25', 4, '103.107.76.83', NULL, NULL, NULL, '', '2024-07-28 10:08:38', '2024-07-29 20:32:25'),
(141, 17, 6, '2024-07-30 10:29:24', '2024-07-30 20:39:14', 4, '103.107.76.83', NULL, NULL, NULL, '', '2024-07-30 10:29:24', '2024-07-30 20:39:14'),
(142, 17, 6, '2024-07-31 10:19:27', '2024-07-31 21:47:41', 4, '103.107.76.83', NULL, NULL, NULL, '', '2024-07-31 10:19:27', '2024-07-31 21:47:41'),
(143, 17, 6, '2024-08-01 11:04:04', '2024-08-01 20:56:39', 4, '103.107.76.83', NULL, NULL, NULL, '', '2024-08-01 11:04:04', '2024-08-01 20:56:39'),
(144, 1, 1, '2024-09-25 23:30:00', '2024-09-25 23:36:00', NULL, '103.125.29.61', NULL, NULL, NULL, NULL, '2024-09-25 23:36:27', '2024-09-25 23:36:27');

-- --------------------------------------------------------

--
-- Table structure for table `essentials_documents`
--

CREATE TABLE `essentials_documents` (
  `id` int UNSIGNED NOT NULL,
  `business_id` int NOT NULL,
  `user_id` int NOT NULL,
  `type` varchar(191) CHARACTER SET utf8mb4 COLLATE utf8mb4_unicode_ci DEFAULT NULL,
  `name` varchar(191) CHARACTER SET utf8mb4 COLLATE utf8mb4_unicode_ci NOT NULL,
  `description` varchar(191) CHARACTER SET utf8mb4 COLLATE utf8mb4_unicode_ci DEFAULT NULL,
  `created_at` timestamp NULL DEFAULT NULL,
  `updated_at` timestamp NULL DEFAULT NULL
) ENGINE=InnoDB DEFAULT CHARSET=utf8mb4 COLLATE=utf8mb4_unicode_ci;

--
-- Dumping data for table `essentials_documents`
--

INSERT INTO `essentials_documents` (`id`, `business_id`, `user_id`, `type`, `name`, `description`, `created_at`, `updated_at`) VALUES
(1, 1, 1, 'memos', 'Test', 'rrddtdyjd', '2024-04-09 16:25:05', '2024-04-09 16:25:05');

-- --------------------------------------------------------

--
-- Table structure for table `essentials_document_shares`
--

CREATE TABLE `essentials_document_shares` (
  `id` int UNSIGNED NOT NULL,
  `document_id` int NOT NULL,
  `value_type` enum('user','role') CHARACTER SET utf8mb4 COLLATE utf8mb4_unicode_ci NOT NULL,
  `value` int NOT NULL,
  `created_at` timestamp NULL DEFAULT NULL,
  `updated_at` timestamp NULL DEFAULT NULL
) ENGINE=InnoDB DEFAULT CHARSET=utf8mb4 COLLATE=utf8mb4_unicode_ci;

--
-- Dumping data for table `essentials_document_shares`
--

INSERT INTO `essentials_document_shares` (`id`, `document_id`, `value_type`, `value`, `created_at`, `updated_at`) VALUES
(1, 1, 'user', 5, '2024-04-09 16:25:45', '2024-04-09 16:25:45'),
(2, 1, 'role', 1, '2024-04-09 16:25:45', '2024-04-09 16:25:45');

-- --------------------------------------------------------

--
-- Table structure for table `essentials_holidays`
--

CREATE TABLE `essentials_holidays` (
  `id` int UNSIGNED NOT NULL,
  `name` varchar(191) CHARACTER SET utf8mb4 COLLATE utf8mb4_unicode_ci DEFAULT NULL,
  `start_date` date NOT NULL,
  `end_date` date NOT NULL,
  `business_id` int NOT NULL,
  `location_id` int DEFAULT NULL,
  `note` text CHARACTER SET utf8mb4 COLLATE utf8mb4_unicode_ci,
  `created_at` timestamp NULL DEFAULT NULL,
  `updated_at` timestamp NULL DEFAULT NULL
) ENGINE=InnoDB DEFAULT CHARSET=utf8mb4 COLLATE=utf8mb4_unicode_ci;

-- --------------------------------------------------------

--
-- Table structure for table `essentials_kb`
--

CREATE TABLE `essentials_kb` (
  `id` bigint UNSIGNED NOT NULL,
  `business_id` bigint UNSIGNED NOT NULL,
  `title` varchar(191) CHARACTER SET utf8mb4 COLLATE utf8mb4_unicode_ci NOT NULL,
  `content` longtext CHARACTER SET utf8mb4 COLLATE utf8mb4_unicode_ci,
  `status` varchar(191) CHARACTER SET utf8mb4 COLLATE utf8mb4_unicode_ci NOT NULL,
  `kb_type` varchar(191) CHARACTER SET utf8mb4 COLLATE utf8mb4_unicode_ci NOT NULL,
  `parent_id` bigint UNSIGNED DEFAULT NULL COMMENT 'id from essentials_kb table',
  `share_with` varchar(191) CHARACTER SET utf8mb4 COLLATE utf8mb4_unicode_ci DEFAULT NULL COMMENT 'public, private, only_with',
  `created_by` bigint UNSIGNED NOT NULL,
  `created_at` timestamp NULL DEFAULT NULL,
  `updated_at` timestamp NULL DEFAULT NULL
) ENGINE=InnoDB DEFAULT CHARSET=utf8mb4 COLLATE=utf8mb4_unicode_ci;

-- --------------------------------------------------------

--
-- Table structure for table `essentials_kb_users`
--

CREATE TABLE `essentials_kb_users` (
  `id` bigint UNSIGNED NOT NULL,
  `kb_id` int NOT NULL,
  `user_id` int NOT NULL
) ENGINE=InnoDB DEFAULT CHARSET=utf8mb4 COLLATE=utf8mb4_unicode_ci;

-- --------------------------------------------------------

--
-- Table structure for table `essentials_leaves`
--

CREATE TABLE `essentials_leaves` (
  `id` int UNSIGNED NOT NULL,
  `essentials_leave_type_id` int DEFAULT NULL,
  `business_id` int NOT NULL,
  `user_id` int NOT NULL,
  `start_date` date NOT NULL,
  `end_date` date NOT NULL,
  `ref_no` varchar(191) CHARACTER SET utf8mb4 COLLATE utf8mb4_unicode_ci DEFAULT NULL,
  `status` enum('pending','approved','cancelled') CHARACTER SET utf8mb4 COLLATE utf8mb4_unicode_ci DEFAULT NULL,
  `reason` text CHARACTER SET utf8mb4 COLLATE utf8mb4_unicode_ci,
  `status_note` text CHARACTER SET utf8mb4 COLLATE utf8mb4_unicode_ci,
  `created_at` timestamp NULL DEFAULT NULL,
  `updated_at` timestamp NULL DEFAULT NULL
) ENGINE=InnoDB DEFAULT CHARSET=utf8mb4 COLLATE=utf8mb4_unicode_ci;

--
-- Dumping data for table `essentials_leaves`
--

INSERT INTO `essentials_leaves` (`id`, `essentials_leave_type_id`, `business_id`, `user_id`, `start_date`, `end_date`, `ref_no`, `status`, `reason`, `status_note`, `created_at`, `updated_at`) VALUES
(1, 2, 1, 5, '2023-09-25', '2023-09-25', '2023/0001', 'approved', 'For Sick Leave', NULL, '2023-09-26 11:55:13', '2023-09-26 11:55:37');

-- --------------------------------------------------------

--
-- Table structure for table `essentials_leave_types`
--

CREATE TABLE `essentials_leave_types` (
  `id` int UNSIGNED NOT NULL,
  `leave_type` varchar(191) CHARACTER SET utf8mb4 COLLATE utf8mb4_unicode_ci NOT NULL,
  `max_leave_count` int DEFAULT NULL,
  `leave_count_interval` enum('month','year') CHARACTER SET utf8mb4 COLLATE utf8mb4_unicode_ci DEFAULT NULL,
  `business_id` int NOT NULL,
  `created_at` timestamp NULL DEFAULT NULL,
  `updated_at` timestamp NULL DEFAULT NULL
) ENGINE=InnoDB DEFAULT CHARSET=utf8mb4 COLLATE=utf8mb4_unicode_ci;

--
-- Dumping data for table `essentials_leave_types`
--

INSERT INTO `essentials_leave_types` (`id`, `leave_type`, `max_leave_count`, `leave_count_interval`, `business_id`, `created_at`, `updated_at`) VALUES
(1, 'Festival Leave', 11, 'year', 1, '2023-09-26 11:48:48', '2023-09-26 11:48:48'),
(2, 'Sick Leave', 10, 'year', 1, '2023-09-26 11:50:14', '2023-09-26 11:50:14'),
(3, 'Vacation Leave', 8, 'year', 1, '2023-09-26 11:51:40', '2023-09-26 11:51:40'),
(4, 'test', NULL, NULL, 1, '2024-06-02 01:10:12', '2024-06-02 01:10:12'),
(5, 'test', NULL, '', 1, '2024-06-02 01:12:06', '2024-06-02 01:12:15');

-- --------------------------------------------------------

--
-- Table structure for table `essentials_messages`
--

CREATE TABLE `essentials_messages` (
  `id` int UNSIGNED NOT NULL,
  `business_id` int NOT NULL,
  `user_id` int NOT NULL,
  `message` text CHARACTER SET utf8mb4 COLLATE utf8mb4_unicode_ci NOT NULL,
  `location_id` int DEFAULT NULL,
  `created_at` timestamp NULL DEFAULT NULL,
  `updated_at` timestamp NULL DEFAULT NULL
) ENGINE=InnoDB DEFAULT CHARSET=utf8mb4 COLLATE=utf8mb4_unicode_ci;

-- --------------------------------------------------------

--
-- Table structure for table `essentials_payroll_groups`
--

CREATE TABLE `essentials_payroll_groups` (
  `id` bigint UNSIGNED NOT NULL,
  `business_id` int NOT NULL,
  `location_id` int DEFAULT NULL COMMENT 'payroll for work location',
  `name` varchar(191) CHARACTER SET utf8mb4 COLLATE utf8mb4_unicode_ci NOT NULL,
  `status` varchar(191) CHARACTER SET utf8mb4 COLLATE utf8mb4_unicode_ci NOT NULL,
  `payment_status` varchar(191) CHARACTER SET utf8mb4 COLLATE utf8mb4_unicode_ci NOT NULL DEFAULT 'due',
  `gross_total` decimal(22,4) NOT NULL DEFAULT '0.0000',
  `created_by` int NOT NULL,
  `created_at` timestamp NULL DEFAULT NULL,
  `updated_at` timestamp NULL DEFAULT NULL
) ENGINE=InnoDB DEFAULT CHARSET=utf8mb4 COLLATE=utf8mb4_unicode_ci;

--
-- Dumping data for table `essentials_payroll_groups`
--

INSERT INTO `essentials_payroll_groups` (`id`, `business_id`, `location_id`, `name`, `status`, `payment_status`, `gross_total`, `created_by`, `created_at`, `updated_at`) VALUES
(1, 1, 2, 'Payroll for August 2023', 'final', 'paid', 15000.0000, 3, '2023-09-28 00:32:40', '2023-09-28 00:53:44'),
(2, 1, 2, 'Payroll for September 2023', 'final', 'paid', 20000.0000, 3, '2023-09-28 01:44:33', '2023-09-28 01:45:30'),
(3, 1, 2, 'Payroll for November 2023', 'final', 'paid', 20000.0000, 3, '2023-10-04 00:34:58', '2023-10-04 00:37:45'),
(5, 4, 7, 'Payroll for September 2023', 'final', 'paid', 5385.0000, 7, '2023-10-05 21:31:41', '2023-10-05 21:35:04'),
(6, 4, 7, 'Payroll for September 2023', 'final', 'paid', 14000.0000, 7, '2023-10-05 21:41:18', '2023-10-05 21:42:33'),
(7, 4, 7, 'Payroll for September 2023', 'final', 'paid', 7250.0000, 7, '2023-10-05 21:51:52', '2023-10-05 21:52:33'),
(8, 4, 7, 'Payroll for September 2023', 'final', 'paid', 2400.0000, 7, '2023-10-05 21:57:29', '2023-10-05 21:59:49'),
(9, 6, NULL, 'Payroll for October 2023', 'final', 'due', 10000.0000, 17, '2023-10-06 02:35:49', '2023-10-06 02:35:49'),
(10, 6, 9, 'Payroll for October 2023', 'final', 'due', 350.0000, 17, '2023-10-07 14:47:13', '2023-10-07 14:47:13'),
(11, 4, 7, 'Payroll for October 2023', 'final', 'paid', 8392.0000, 7, '2023-10-14 13:11:12', '2023-11-01 12:34:28'),
(12, 4, 7, 'Payroll for October 2023', 'final', 'paid', 2400.0000, 7, '2023-10-14 13:14:10', '2023-10-25 14:03:42'),
(13, 4, 7, 'Payroll for November 2023', 'final', 'paid', 10350.0000, 7, '2023-11-06 16:10:58', '2023-11-06 16:17:05'),
(14, 4, 7, 'Payroll for November 2023', 'final', 'paid', 7700.0000, 7, '2023-11-06 16:13:13', '2023-11-06 16:16:42'),
(15, 4, 7, 'Payroll for November 2023', 'final', 'paid', 8450.0000, 7, '2023-11-06 16:14:18', '2023-11-06 16:16:15'),
(16, 4, 7, 'Payroll for November 2023', 'final', 'paid', 2400.0000, 7, '2023-11-06 16:14:47', '2023-11-06 16:15:43'),
(17, 4, 7, 'Payroll for November 2023', 'final', 'paid', 14000.0000, 7, '2023-11-08 04:42:32', '2023-11-08 04:51:33'),
(18, 4, 6, 'Payroll for September 2023', 'final', 'paid', 13000.0000, 7, '2023-11-14 13:57:16', '2023-11-14 14:00:11'),
(19, 4, 6, 'Payroll for September 2023', 'final', 'paid', 8800.0000, 7, '2023-11-14 13:57:58', '2023-11-14 13:59:44'),
(20, 4, 6, 'Payroll for September 2023', 'final', 'paid', 5300.0000, 7, '2023-11-14 13:58:35', '2023-11-14 13:59:11'),
(21, 4, 5, 'Payroll for October 2023', 'final', 'paid', 14391.0000, 7, '2023-11-15 14:40:27', '2023-11-15 14:41:45'),
(22, 4, 5, 'Payroll for October 2023', 'final', 'paid', 16500.0000, 7, '2023-11-16 14:44:44', '2023-11-16 14:48:11'),
(23, 4, 6, 'Payroll for October 2023', 'final', 'paid', 13000.0000, 7, '2023-11-18 12:25:36', '2023-11-18 12:30:18'),
(24, 4, 6, 'Payroll for October 2023', 'final', 'paid', 9000.0000, 7, '2023-11-18 12:28:07', '2023-11-18 12:29:44'),
(25, 4, 6, 'Payroll for October 2023', 'final', 'paid', 5146.0000, 7, '2023-11-18 12:28:37', '2023-11-18 12:29:16'),
(26, 4, 5, 'Payroll for November 2023', 'final', 'paid', 13461.0000, 9, '2023-12-02 14:19:57', '2023-12-02 14:41:01'),
(27, 4, 5, 'Payroll for November 2023', 'final', 'paid', 15000.0000, 7, '2023-12-03 06:43:51', '2023-12-03 06:44:31'),
(28, 4, 7, 'Payroll for December 2023', 'final', 'paid', 10000.0000, 7, '2023-12-05 14:25:39', '2023-12-05 14:33:49'),
(29, 4, 7, 'Payroll for December 2023', 'final', 'paid', 8250.0000, 7, '2023-12-05 14:26:16', '2023-12-05 14:34:16'),
(30, 4, 7, 'Payroll for December 2023', 'final', 'paid', 7570.0000, 7, '2023-12-05 14:27:07', '2023-12-06 12:40:29'),
(31, 4, 7, 'Payroll for December 2023', 'final', 'paid', 6685.0000, 7, '2023-12-05 14:31:44', '2023-12-05 14:35:11'),
(32, 4, 7, 'Payroll for December 2023', 'final', 'paid', 14000.0000, 7, '2023-12-05 14:32:32', '2023-12-05 15:00:42'),
(33, 4, 7, 'Payroll for December 2023', 'final', 'paid', 2400.0000, 7, '2023-12-05 14:33:03', '2023-12-05 14:36:08'),
(34, 4, 5, 'Payroll for December 2023', 'final', 'paid', 13269.0000, 9, '2024-01-01 20:55:49', '2024-01-01 20:57:32'),
(35, 4, 5, 'Payroll for December 2023', 'final', 'paid', 12923.0000, 9, '2024-01-01 21:06:08', '2024-01-01 21:07:09'),
(36, 4, 6, 'Payroll for December 2023', 'final', 'paid', 9000.0000, 13, '2024-01-05 16:39:47', '2024-01-05 16:41:27'),
(37, 4, 6, 'Payroll for December 2023', 'final', 'paid', 5164.0000, 13, '2024-01-05 16:40:26', '2024-01-05 16:41:50'),
(38, 4, 7, 'Payroll for January 2024', 'final', 'paid', 10000.0000, 7, '2024-01-11 10:36:50', '2024-01-11 10:45:09'),
(39, 4, 7, 'Payroll for January 2024', 'final', 'paid', 8250.0000, 7, '2024-01-11 10:37:24', '2024-01-11 10:44:36'),
(40, 4, 7, 'Payroll for January 2024', 'final', 'paid', 7500.0000, 7, '2024-01-11 10:38:17', '2024-01-11 10:43:57'),
(41, 4, 7, 'Payroll for January 2024', 'final', 'paid', 7170.0000, 7, '2024-01-11 10:38:51', '2024-01-11 10:43:24'),
(42, 4, 7, 'Payroll for January 2024', 'final', 'paid', 2400.0000, 7, '2024-01-11 10:39:23', '2024-01-11 10:42:53'),
(43, 4, 7, 'Payroll for January 2024', 'final', 'paid', 14000.0000, 7, '2024-01-11 20:37:35', '2024-01-11 20:38:08'),
(44, 4, 7, 'Payroll for February 2024', 'final', 'paid', 14000.0000, 11, '2024-02-09 20:25:32', '2024-02-09 20:36:32'),
(45, 4, 7, 'Payroll for February 2024', 'final', 'paid', 10000.0000, 11, '2024-02-09 20:26:16', '2024-02-09 20:37:21'),
(46, 4, 7, 'Payroll for February 2024', 'final', 'paid', 8250.0000, 11, '2024-02-09 20:26:50', '2024-02-09 20:37:54'),
(47, 4, 7, 'Payroll for February 2024', 'final', 'paid', 7380.0000, 11, '2024-02-09 20:27:30', '2024-02-09 20:38:18'),
(48, 4, 7, 'Payroll for February 2024', 'final', 'paid', 7720.0000, 11, '2024-02-09 20:28:18', '2024-02-09 20:39:01'),
(49, 4, 7, 'Payroll for February 2024', 'final', 'paid', 2400.0000, 11, '2024-02-09 20:28:43', '2024-02-09 20:40:15'),
(50, 4, 7, 'Payroll for February 2024', 'final', 'paid', 250.0000, 11, '2024-02-09 20:35:35', '2024-02-09 20:44:09'),
(51, 4, 5, 'Payroll for January 2024', 'final', 'paid', 15000.0000, 9, '2024-03-03 19:16:41', '2024-03-03 19:22:37'),
(52, 4, 5, 'Payroll for January 2024', 'final', 'paid', 8000.0000, 9, '2024-03-03 19:29:17', '2024-03-03 19:32:04'),
(53, 4, 7, 'Payroll for March 2024', 'final', 'paid', 10335.0000, 11, '2024-03-11 16:43:51', '2024-03-11 19:21:31'),
(54, 4, 7, 'Payroll for March 2024', 'final', 'paid', 14000.0000, 11, '2024-03-11 16:55:49', '2024-03-11 19:22:44'),
(55, 4, 7, 'Payroll for March 2024', 'final', 'paid', 8000.0000, 11, '2024-03-11 16:56:24', '2024-06-04 16:53:51'),
(56, 4, 7, 'Payroll for March 2024', 'final', 'paid', 8285.0000, 11, '2024-03-11 16:56:46', '2024-03-11 19:23:19'),
(57, 4, 7, 'Payroll for March 2024', 'final', 'paid', 7500.0000, 11, '2024-03-11 16:57:12', '2024-03-11 19:23:34'),
(58, 4, 7, 'Payroll for March 2024', 'final', 'paid', 2400.0000, 11, '2024-03-11 16:57:32', '2024-03-11 19:23:48'),
(59, 4, 7, 'Payroll for March 2024', 'final', 'paid', 250.0000, 11, '2024-03-11 16:58:35', '2024-03-11 19:24:02'),
(60, 4, 5, 'Payroll for February 2024', 'final', 'paid', 14000.0000, 9, '2024-03-17 16:29:32', '2024-03-17 16:32:55'),
(61, 4, 5, 'Payroll for February 2024', 'final', 'paid', 15000.0000, 9, '2024-03-17 16:34:08', '2024-03-17 16:35:11'),
(62, 1, 2, 'Payroll for April 2024', 'final', 'paid', 16000.0000, 1, '2024-04-09 16:41:24', '2024-04-09 16:43:17'),
(63, 4, 5, 'Payroll for March 2024', 'final', 'paid', 25205.0000, 7, '2024-04-10 05:51:15', '2024-04-10 05:52:12'),
(64, 4, 5, 'Payroll for May 2024', 'final', 'paid', 10115.0000, 7, '2024-05-29 17:34:01', '2024-05-29 17:43:20'),
(65, 4, 5, 'Payroll for May 2024', 'final', 'paid', 15000.0000, 7, '2024-05-29 17:35:03', '2024-05-29 17:43:02'),
(66, 4, 5, 'Payroll for May 2024', 'final', 'paid', 11430.0000, 9, '2024-05-29 17:39:45', '2024-05-29 17:42:46'),
(67, 4, 5, 'Payroll for May 2024', 'final', 'paid', 3935.0000, 9, '2024-05-29 17:41:39', '2024-05-29 17:42:29'),
(68, 4, 5, 'Payroll for June 2024', 'final', 'paid', 22500.0000, 7, '2024-06-30 20:33:48', '2024-06-30 20:38:20'),
(69, 4, 5, 'Payroll for June 2024', 'final', 'paid', 21780.0000, 7, '2024-06-30 20:34:34', '2024-06-30 20:37:33'),
(70, 4, 5, 'Payroll for June 2024', 'final', 'paid', 14520.0000, 7, '2024-06-30 20:35:14', '2024-06-30 20:46:34'),
(71, 4, 7, 'Payroll for April 2024', 'final', 'paid', 24000.0000, 11, '2024-07-04 10:19:28', '2024-07-04 10:50:38'),
(72, 4, 7, 'Payroll for April 2024', 'final', 'paid', 14400.0000, 11, '2024-07-04 10:20:33', '2024-07-04 10:51:09'),
(73, 4, 7, 'Payroll for April 2024', 'final', 'paid', 15150.0000, 11, '2024-07-04 10:21:01', '2024-07-04 10:51:42'),
(74, 4, 7, 'Payroll for April 2024', 'final', 'paid', 11870.0000, 11, '2024-07-04 10:21:55', '2024-07-04 10:52:19'),
(75, 4, 7, 'Payroll for April 2024', 'final', 'paid', 14450.0000, 11, '2024-07-04 10:23:08', '2024-07-04 10:52:49'),
(76, 4, 7, 'Payroll for April 2024', 'final', 'paid', 5000.0000, 11, '2024-07-04 10:27:04', '2024-07-04 10:53:15'),
(77, 4, 7, 'Payroll for April 2024', 'final', 'paid', 4050.0000, 11, '2024-07-04 10:27:33', '2024-07-04 10:53:55'),
(78, 4, 7, 'Payroll for April 2024', 'final', 'paid', 250.0000, 11, '2024-07-04 10:30:11', '2024-07-04 10:54:21'),
(79, 4, 7, 'Payroll for May 2024', 'final', 'paid', 16000.0000, 11, '2024-07-04 10:31:28', '2024-07-04 10:54:47'),
(80, 4, 7, 'Payroll for May 2024', 'final', 'paid', 11877.0000, 11, '2024-07-04 10:33:24', '2024-07-04 10:55:09'),
(81, 4, 7, 'Payroll for May 2024', 'final', 'paid', 9313.0000, 11, '2024-07-04 10:33:51', '2024-07-04 10:55:35'),
(82, 4, 7, 'Payroll for May 2024', 'final', 'paid', 10130.0000, 11, '2024-07-04 10:34:21', '2024-07-04 10:56:28'),
(83, 4, 7, 'Payroll for May 2024', 'final', 'paid', 2560.0000, 11, '2024-07-04 10:34:55', '2024-07-04 10:57:01'),
(84, 4, 7, 'Payroll for May 2024', 'final', 'paid', 250.0000, 11, '2024-07-04 10:35:31', '2024-07-04 10:57:27'),
(85, 4, 7, 'Payroll for June 2024', 'final', 'paid', 24000.0000, 11, '2024-07-04 10:41:34', '2024-07-04 10:57:58'),
(86, 4, 7, 'Payroll for June 2024', 'final', 'paid', 15590.0000, 11, '2024-07-04 10:42:14', '2024-07-04 10:58:18'),
(87, 4, 7, 'Payroll for June 2024', 'final', 'paid', 11950.0000, 11, '2024-07-04 10:43:33', '2024-07-04 10:58:45'),
(88, 4, 7, 'Payroll for June 2024', 'final', 'paid', 11790.0000, 11, '2024-07-04 10:44:22', '2024-07-04 10:59:07'),
(89, 4, 7, 'Payroll for June 2024', 'final', 'paid', 4050.0000, 11, '2024-07-04 10:44:55', '2024-07-04 10:59:29'),
(90, 4, 7, 'Payroll for June 2024', 'final', 'paid', 250.0000, 11, '2024-07-04 10:45:26', '2024-07-04 11:00:09'),
(91, 4, 5, 'Payroll for July 2024', 'final', 'paid', 14600.0000, 9, '2024-08-03 13:36:10', '2024-08-03 13:37:37'),
(92, 4, 5, 'Payroll for July 2024', 'final', 'paid', 11080.0000, 9, '2024-08-03 13:36:42', '2024-08-03 13:38:08'),
(93, 4, 7, 'Payroll for July 2024', 'final', 'paid', 16000.0000, 7, '2024-08-08 16:21:48', '2024-08-08 16:26:19'),
(94, 4, 7, 'Payroll for July 2024', 'final', 'paid', 11915.0000, 7, '2024-08-08 16:22:25', '2024-08-08 16:27:49'),
(95, 4, 7, 'Payroll for July 2024', 'final', 'paid', 8400.0000, 7, '2024-08-08 16:22:56', '2024-08-08 16:28:18'),
(96, 4, 7, 'Payroll for July 2024', 'final', 'paid', 9070.0000, 7, '2024-08-08 16:23:27', '2024-08-08 16:29:08'),
(97, 4, 7, 'Payroll for July 2024', 'final', 'paid', 2700.0000, 7, '2024-08-08 16:24:16', '2024-08-08 16:29:26'),
(98, 4, 7, 'Payroll for July 2024', 'final', 'paid', 250.0000, 7, '2024-08-08 16:25:44', '2024-08-08 16:29:44'),
(99, 4, 5, 'Payroll for August 2024', 'final', 'paid', 15000.0000, 9, '2024-09-01 19:26:21', '2024-09-01 19:27:45'),
(100, 4, 5, 'Payroll for August 2024', 'final', 'paid', 10770.0000, 9, '2024-09-01 19:27:04', '2024-09-01 19:27:24'),
(101, 4, 7, 'Payroll for August 2024', 'final', 'paid', 16000.0000, 11, '2024-09-04 18:15:31', '2024-09-04 18:20:09'),
(102, 4, 7, 'Payroll for August 2024', 'final', 'paid', 11945.0000, 11, '2024-09-04 18:16:03', '2024-09-04 18:19:44'),
(103, 4, 7, 'Payroll for August 2024', 'final', 'paid', 8145.0000, 11, '2024-09-04 18:16:28', '2024-09-04 18:19:18'),
(104, 4, 7, 'Payroll for August 2024', 'final', 'paid', 9255.0000, 11, '2024-09-04 18:17:07', '2024-09-04 18:18:55'),
(105, 4, 7, 'Payroll for August 2024', 'final', 'paid', 2420.0000, 11, '2024-09-04 18:17:39', '2024-09-04 18:18:38'),
(106, 4, 7, 'Payroll for August 2024', 'final', 'paid', 250.0000, 11, '2024-09-04 18:18:00', '2024-09-04 18:18:21'),
(107, 4, 5, 'Payroll for September 2024', 'final', 'paid', 15000.0000, 9, '2024-10-02 12:42:16', '2024-10-02 12:43:49'),
(108, 4, 5, 'Payroll for September 2024', 'final', 'paid', 10670.0000, 9, '2024-10-02 12:42:45', '2024-10-02 12:43:25'),
(109, 4, 5, 'Payroll for September 2024', 'final', 'paid', 400.0000, 9, '2024-10-02 12:49:07', '2024-10-02 12:49:33'),
(110, 4, 7, 'Payroll for September 2024', 'final', 'paid', 16000.0000, 7, '2024-10-06 18:11:55', '2024-10-06 18:16:28'),
(111, 4, 7, 'Payroll for September 2024', 'final', 'paid', 11150.0000, 7, '2024-10-06 18:13:05', '2024-10-06 18:16:07'),
(112, 4, 7, 'Payroll for September 2024', 'final', 'paid', 8650.0000, 7, '2024-10-06 18:13:33', '2024-10-06 18:15:45'),
(113, 4, 7, 'Payroll for September 2024', 'final', 'paid', 6460.0000, 7, '2024-10-06 18:14:05', '2024-10-06 18:15:22'),
(114, 4, 7, 'Payroll for September 2024', 'final', 'paid', 2610.0000, 7, '2024-10-06 18:14:36', '2024-10-06 18:15:00'),
(115, 32, 53, 'Payroll for October 2024', 'draft', 'due', 8000.0000, 124, '2024-10-22 14:46:27', '2024-10-22 14:46:27');

-- --------------------------------------------------------

--
-- Table structure for table `essentials_payroll_group_transactions`
--

CREATE TABLE `essentials_payroll_group_transactions` (
  `payroll_group_id` bigint UNSIGNED NOT NULL,
  `transaction_id` int NOT NULL
) ENGINE=InnoDB DEFAULT CHARSET=utf8mb4 COLLATE=utf8mb4_unicode_ci;

--
-- Dumping data for table `essentials_payroll_group_transactions`
--

INSERT INTO `essentials_payroll_group_transactions` (`payroll_group_id`, `transaction_id`) VALUES
(1, 601),
(2, 603),
(3, 998),
(5, 1148),
(6, 1149),
(7, 1150),
(8, 1151),
(9, 1163),
(10, 1181),
(11, 1255),
(12, 1256),
(13, 1740),
(14, 1741),
(15, 1742),
(16, 1743),
(17, 1752),
(18, 2076),
(19, 2077),
(20, 2078),
(21, 2086),
(22, 2101),
(23, 2129),
(24, 2130),
(25, 2131),
(26, 2447),
(27, 2463),
(28, 2684),
(29, 2685),
(30, 2686),
(31, 2687),
(32, 2688),
(33, 2689),
(34, 4014),
(35, 4015),
(36, 4102),
(37, 4103),
(38, 4330),
(39, 4331),
(40, 4332),
(41, 4333),
(42, 4334),
(43, 4396),
(44, 7267),
(45, 7268),
(46, 7269),
(47, 7270),
(48, 7271),
(49, 7272),
(50, 7274),
(51, 10136),
(52, 10140),
(53, 11347),
(54, 11354),
(55, 11356),
(56, 11357),
(57, 11358),
(58, 11359),
(59, 11360),
(60, 12073),
(61, 12075),
(62, 14598),
(63, 14618),
(64, 18144),
(65, 18145),
(66, 18146),
(67, 18147),
(68, 19588),
(69, 19589),
(70, 19590),
(71, 22642),
(72, 22643),
(73, 22644),
(74, 22645),
(75, 22646),
(76, 22647),
(77, 22648),
(78, 22649),
(79, 22650),
(80, 22651),
(81, 22652),
(82, 22653),
(83, 22654),
(84, 22655),
(85, 22656),
(86, 22657),
(87, 22658),
(88, 22659),
(89, 22660),
(90, 22661),
(91, 24513),
(92, 24514),
(93, 24674),
(94, 24675),
(95, 24676),
(96, 24677),
(97, 24678),
(98, 24680),
(99, 26188),
(100, 26189),
(101, 26362),
(102, 26363),
(103, 26364),
(104, 26365),
(105, 26366),
(106, 26367),
(107, 28941),
(108, 28942),
(109, 28943),
(110, 29423),
(111, 29425),
(112, 29426),
(113, 29427),
(114, 29428),
(115, 31376);

-- --------------------------------------------------------

--
-- Table structure for table `essentials_reminders`
--

CREATE TABLE `essentials_reminders` (
  `id` int UNSIGNED NOT NULL,
  `business_id` int NOT NULL,
  `user_id` int NOT NULL,
  `name` varchar(191) CHARACTER SET utf8mb4 COLLATE utf8mb4_unicode_ci NOT NULL,
  `date` date NOT NULL,
  `time` time NOT NULL,
  `end_time` time DEFAULT NULL,
  `repeat` enum('one_time','every_day','every_week','every_month') CHARACTER SET utf8mb4 COLLATE utf8mb4_unicode_ci NOT NULL,
  `created_at` timestamp NULL DEFAULT NULL,
  `updated_at` timestamp NULL DEFAULT NULL
) ENGINE=InnoDB DEFAULT CHARSET=utf8mb4 COLLATE=utf8mb4_unicode_ci;

--
-- Dumping data for table `essentials_reminders`
--

INSERT INTO `essentials_reminders` (`id`, `business_id`, `user_id`, `name`, `date`, `time`, `end_time`, `repeat`, `created_at`, `updated_at`) VALUES
(1, 6, 17, 'plaster for bike wash', '2023-10-07', '11:00:00', '10:00:00', 'one_time', '2023-10-06 02:52:30', '2023-10-06 02:52:30');

-- --------------------------------------------------------

--
-- Table structure for table `essentials_shifts`
--

CREATE TABLE `essentials_shifts` (
  `id` int UNSIGNED NOT NULL,
  `name` varchar(191) CHARACTER SET utf8mb4 COLLATE utf8mb4_unicode_ci NOT NULL,
  `type` enum('fixed_shift','flexible_shift') CHARACTER SET utf8mb4 COLLATE utf8mb4_unicode_ci NOT NULL DEFAULT 'fixed_shift',
  `business_id` int NOT NULL,
  `start_time` time DEFAULT NULL,
  `end_time` time DEFAULT NULL,
  `is_allowed_auto_clockout` tinyint(1) NOT NULL DEFAULT '0',
  `auto_clockout_time` time DEFAULT NULL,
  `holidays` text CHARACTER SET utf8mb4 COLLATE utf8mb4_unicode_ci,
  `created_at` timestamp NULL DEFAULT NULL,
  `updated_at` timestamp NULL DEFAULT NULL
) ENGINE=InnoDB DEFAULT CHARSET=utf8mb4 COLLATE=utf8mb4_unicode_ci;

--
-- Dumping data for table `essentials_shifts`
--

INSERT INTO `essentials_shifts` (`id`, `name`, `type`, `business_id`, `start_time`, `end_time`, `is_allowed_auto_clockout`, `auto_clockout_time`, `holidays`, `created_at`, `updated_at`) VALUES
(1, 'Morning', 'flexible_shift', 1, NULL, NULL, 0, '10:00:00', '[\"friday\"]', '2023-09-26 17:55:53', '2023-09-28 01:17:03'),
(2, '2nd Shift', 'flexible_shift', 1, NULL, NULL, 0, NULL, '[\"friday\"]', '2023-09-28 01:20:01', '2023-09-28 01:20:01'),
(3, 'Day', 'flexible_shift', 5, NULL, NULL, 0, NULL, '[\"friday\"]', '2023-10-04 18:01:11', '2023-10-07 11:01:06'),
(4, 'Day Shift', 'flexible_shift', 6, NULL, NULL, 0, '08:00:00', '[\"friday\"]', '2023-10-07 14:57:32', '2023-10-07 15:17:08'),
(5, 'Mr Arafat', 'fixed_shift', 6, '09:00:00', '21:00:00', 1, '21:00:00', '[\"friday\"]', '2023-12-03 13:28:10', '2023-12-03 13:28:10'),
(6, 'Mubarak', 'fixed_shift', 6, '09:00:00', '20:00:00', 0, NULL, NULL, '2023-12-10 13:45:17', '2023-12-10 13:45:17'),
(7, 'Ahad', 'fixed_shift', 28, '09:00:00', '21:00:00', 0, NULL, NULL, '2024-08-10 21:42:22', '2024-08-10 21:42:22'),
(8, 'All', 'fixed_shift', 32, '09:40:00', '21:00:00', 0, NULL, NULL, '2024-10-22 14:38:38', '2024-10-22 14:38:38');

-- --------------------------------------------------------

--
-- Table structure for table `essentials_todos_users`
--

CREATE TABLE `essentials_todos_users` (
  `todo_id` int NOT NULL,
  `user_id` int NOT NULL
) ENGINE=InnoDB DEFAULT CHARSET=utf8mb4 COLLATE=utf8mb4_unicode_ci;

--
-- Dumping data for table `essentials_todos_users`
--

INSERT INTO `essentials_todos_users` (`todo_id`, `user_id`) VALUES
(1, 17);

-- --------------------------------------------------------

--
-- Table structure for table `essentials_todo_comments`
--

CREATE TABLE `essentials_todo_comments` (
  `id` int UNSIGNED NOT NULL,
  `comment` text CHARACTER SET utf8mb4 COLLATE utf8mb4_unicode_ci NOT NULL,
  `task_id` int NOT NULL,
  `comment_by` int NOT NULL,
  `created_at` timestamp NULL DEFAULT NULL,
  `updated_at` timestamp NULL DEFAULT NULL
) ENGINE=InnoDB DEFAULT CHARSET=utf8mb4 COLLATE=utf8mb4_unicode_ci;

-- --------------------------------------------------------

--
-- Table structure for table `essentials_to_dos`
--

CREATE TABLE `essentials_to_dos` (
  `id` int UNSIGNED NOT NULL,
  `business_id` int NOT NULL,
  `task` text CHARACTER SET utf8mb4 COLLATE utf8mb4_unicode_ci NOT NULL,
  `date` datetime DEFAULT NULL,
  `end_date` datetime DEFAULT NULL,
  `task_id` varchar(191) CHARACTER SET utf8mb4 COLLATE utf8mb4_unicode_ci DEFAULT NULL,
  `description` text CHARACTER SET utf8mb4 COLLATE utf8mb4_unicode_ci,
  `status` varchar(191) CHARACTER SET utf8mb4 COLLATE utf8mb4_unicode_ci DEFAULT NULL,
  `estimated_hours` varchar(191) CHARACTER SET utf8mb4 COLLATE utf8mb4_unicode_ci DEFAULT NULL,
  `priority` varchar(191) CHARACTER SET utf8mb4 COLLATE utf8mb4_unicode_ci DEFAULT NULL,
  `created_by` int DEFAULT NULL,
  `created_at` timestamp NULL DEFAULT NULL,
  `updated_at` timestamp NULL DEFAULT NULL
) ENGINE=InnoDB DEFAULT CHARSET=utf8mb4 COLLATE=utf8mb4_unicode_ci;

--
-- Dumping data for table `essentials_to_dos`
--

INSERT INTO `essentials_to_dos` (`id`, `business_id`, `task`, `date`, `end_date`, `task_id`, `description`, `status`, `estimated_hours`, `priority`, `created_by`, `created_at`, `updated_at`) VALUES
(1, 6, 'Plaster fo bike wash', '2023-10-06 02:45:00', NULL, '2023/0001', NULL, 'completed', '72', 'urgent', 17, '2023-10-06 02:48:18', '2023-11-28 15:32:36');

-- --------------------------------------------------------

--
-- Table structure for table `essentials_user_allowance_and_deductions`
--

CREATE TABLE `essentials_user_allowance_and_deductions` (
  `user_id` int NOT NULL,
  `allowance_deduction_id` int NOT NULL
) ENGINE=InnoDB DEFAULT CHARSET=utf8mb4 COLLATE=utf8mb4_unicode_ci;

--
-- Dumping data for table `essentials_user_allowance_and_deductions`
--

INSERT INTO `essentials_user_allowance_and_deductions` (`user_id`, `allowance_deduction_id`) VALUES
(5, 1),
(5, 2);

-- --------------------------------------------------------

--
-- Table structure for table `essentials_user_sales_targets`
--

CREATE TABLE `essentials_user_sales_targets` (
  `id` bigint UNSIGNED NOT NULL,
  `user_id` int NOT NULL,
  `target_start` decimal(22,4) NOT NULL DEFAULT '0.0000',
  `target_end` decimal(22,4) NOT NULL DEFAULT '0.0000',
  `commission_percent` decimal(22,4) NOT NULL DEFAULT '0.0000',
  `created_at` timestamp NULL DEFAULT NULL,
  `updated_at` timestamp NULL DEFAULT NULL
) ENGINE=InnoDB DEFAULT CHARSET=utf8mb4 COLLATE=utf8mb4_unicode_ci;

--
-- Dumping data for table `essentials_user_sales_targets`
--

INSERT INTO `essentials_user_sales_targets` (`id`, `user_id`, `target_start`, `target_end`, `commission_percent`, `created_at`, `updated_at`) VALUES
(1, 11, 500000.0000, 700000.0000, 0.0000, '2024-03-08 18:50:57', '2024-03-08 18:50:57');

-- --------------------------------------------------------

--
-- Table structure for table `essentials_user_shifts`
--

CREATE TABLE `essentials_user_shifts` (
  `id` int UNSIGNED NOT NULL,
  `user_id` int NOT NULL,
  `essentials_shift_id` int NOT NULL,
  `start_date` date DEFAULT NULL,
  `end_date` date DEFAULT NULL,
  `created_at` timestamp NULL DEFAULT NULL,
  `updated_at` timestamp NULL DEFAULT NULL
) ENGINE=InnoDB DEFAULT CHARSET=utf8mb4 COLLATE=utf8mb4_unicode_ci;

--
-- Dumping data for table `essentials_user_shifts`
--

INSERT INTO `essentials_user_shifts` (`id`, `user_id`, `essentials_shift_id`, `start_date`, `end_date`, `created_at`, `updated_at`) VALUES
(1, 5, 1, '2023-07-01', '2023-09-01', '2023-09-28 00:42:30', '2023-09-28 00:42:30'),
(2, 3, 2, '2023-09-28', '2023-09-30', '2023-09-28 01:26:45', '2023-09-28 01:26:45'),
(3, 5, 2, '2023-09-28', '2023-09-30', '2023-09-28 01:26:45', '2023-09-28 01:26:45'),
(4, 17, 4, '2023-10-07', '2026-06-30', '2023-10-07 15:14:33', '2023-10-07 15:14:33'),
(5, 43, 4, '2023-10-07', '2025-04-30', '2023-10-07 15:15:45', '2023-10-07 15:15:45'),
(7, 44, 5, '2023-12-03', NULL, '2023-12-03 13:30:16', '2023-12-03 13:30:16'),
(8, 44, 4, '2023-12-05', NULL, '2023-12-05 14:41:03', '2023-12-05 14:41:03');

-- --------------------------------------------------------

--
-- Table structure for table `expense_categories`
--

CREATE TABLE `expense_categories` (
  `id` int UNSIGNED NOT NULL,
  `name` varchar(191) CHARACTER SET utf8mb4 COLLATE utf8mb4_unicode_ci NOT NULL,
  `business_id` int UNSIGNED NOT NULL,
  `code` varchar(191) CHARACTER SET utf8mb4 COLLATE utf8mb4_unicode_ci DEFAULT NULL,
  `parent_id` int DEFAULT NULL,
  `deleted_at` timestamp NULL DEFAULT NULL,
  `created_at` timestamp NULL DEFAULT NULL,
  `updated_at` timestamp NULL DEFAULT NULL
) ENGINE=InnoDB DEFAULT CHARSET=utf8mb4 COLLATE=utf8mb4_unicode_ci;

--
-- Dumping data for table `expense_categories`
--

INSERT INTO `expense_categories` (`id`, `name`, `business_id`, `code`, `parent_id`, `deleted_at`, `created_at`, `updated_at`) VALUES
(1, 'Operating Expense', 1, '05', NULL, NULL, '2023-06-28 12:47:02', '2023-07-03 16:56:40'),
(2, 'Direct Expense', 1, '06', NULL, NULL, '2023-06-28 12:47:39', '2023-07-03 16:57:23'),
(3, 'Employee Salary', 1, '01', 1, NULL, '2023-06-28 12:48:50', '2023-06-28 12:48:50'),
(4, 'Transportation', 1, '02', 2, NULL, '2023-06-28 12:49:35', '2023-07-03 16:58:11'),
(5, 'Entertainment', 1, '03', 2, NULL, '2023-06-28 12:50:06', '2023-06-28 12:50:06'),
(6, 'Sales Return', 1, '140', NULL, NULL, '2023-09-24 00:47:28', '2023-09-24 00:47:28'),
(7, 'Supplyer Advance', 1, '145', 1, NULL, '2023-09-24 13:06:35', '2023-09-24 13:06:53'),
(8, 'Operating Expense', 4, '101', NULL, NULL, '2023-09-24 22:06:03', '2023-09-24 22:06:03'),
(9, 'Direct Expense', 4, '102', NULL, NULL, '2023-09-24 22:06:59', '2023-09-24 22:06:59'),
(10, 'Entertainment', 4, '101', 8, NULL, '2023-09-24 22:08:05', '2023-10-04 11:27:49'),
(11, 'Advance Payment  For Employee', 1, '101', 1, NULL, '2023-09-28 01:48:43', '2023-09-28 01:50:43'),
(12, 'Electricity Bill', 4, '101', 8, NULL, '2023-09-30 19:07:04', '2023-10-04 11:27:24'),
(13, 'Telephone Bill', 4, '101', 8, NULL, '2023-09-30 19:07:38', '2023-10-04 11:29:56'),
(14, 'Daily expense', 4, '102', 9, NULL, '2023-09-30 19:09:50', '2023-09-30 19:09:50'),
(15, 'Shop Rent', 4, '101', 8, NULL, '2023-09-30 19:10:16', '2023-10-04 11:29:42'),
(16, 'Security Salary', 4, '101', 8, NULL, '2023-09-30 19:10:47', '2023-10-04 11:29:16'),
(17, 'Mobile Recharge Bill', 4, '101', 8, NULL, '2023-09-30 19:11:13', '2023-10-04 11:28:12'),
(18, 'Eid Bonus', 4, '101', 8, NULL, '2023-09-30 19:11:32', '2023-10-04 11:26:57'),
(19, 'Travel Fare to Walton', 4, '102', 9, NULL, '2023-09-30 19:12:01', '2023-09-30 19:12:16'),
(20, 'Other\'s Expense', 4, '102', 9, NULL, '2023-09-30 19:12:55', '2023-09-30 19:12:55'),
(21, 'Employee Expense and over Time', 4, '2000', 8, NULL, '2023-10-04 21:11:31', '2023-10-05 13:15:12'),
(22, 'Mr. Hasan Islam', 4, '2001', 8, NULL, '2023-10-04 21:13:52', '2023-10-04 21:13:52'),
(23, 'Rajot Roy', 4, '2235', 8, NULL, '2023-10-04 21:15:36', '2023-10-04 21:15:36'),
(24, 'Donation', 4, '101', 9, NULL, '2023-10-05 13:21:40', '2023-10-05 13:21:40'),
(25, 'Rent (N-C)', 4, '101', 8, NULL, '2023-10-05 13:25:27', '2023-10-05 13:25:27'),
(26, 'Form+Commission', 4, '101', 8, NULL, '2023-10-05 13:27:50', '2023-10-05 13:27:50'),
(27, 'Gift Voucher', 4, '101', 8, NULL, '2023-10-05 13:30:00', '2023-10-05 13:30:00'),
(28, 'Donation Madrasha', 4, '101', 8, NULL, '2023-10-05 13:32:16', '2023-10-05 13:32:26'),
(29, 'Internet Bill', 4, '101', 8, NULL, '2023-10-05 13:36:27', '2023-10-05 13:36:27'),
(30, 'Office Accessories', 4, '101', 8, NULL, '2023-10-05 13:38:41', '2023-10-05 13:38:41'),
(31, 'Customer entertainment', 6, NULL, NULL, NULL, '2023-10-05 17:48:01', '2023-10-05 17:48:01'),
(32, 'Shop rent monthly', 6, NULL, NULL, NULL, '2023-10-05 17:49:00', '2023-10-05 17:49:00'),
(33, 'Elicticity', 6, NULL, NULL, NULL, '2023-10-05 17:49:24', '2023-10-05 17:49:24'),
(34, 'Office Supplies', 4, NULL, 8, NULL, '2023-10-05 22:04:00', '2023-10-05 22:04:00'),
(35, 'WiFi monthly fee', 6, NULL, NULL, NULL, '2023-10-06 02:07:54', '2023-10-06 02:14:04'),
(36, 'Acounting software monthly subscription fee', 6, NULL, NULL, NULL, '2023-10-06 02:12:25', '2023-10-06 02:13:26'),
(37, 'Tools buy and repair', 6, NULL, NULL, NULL, '2023-10-06 02:19:43', '2023-10-06 02:19:43'),
(38, 'Transport coast', 6, NULL, NULL, NULL, '2023-10-06 02:21:13', '2023-10-06 02:21:13'),
(39, 'Advance Payment  For Employee', 7, '201', 41, NULL, '2023-10-06 18:54:12', '2023-10-06 18:57:45'),
(40, 'Employee Exp', 7, '203', 41, NULL, '2023-10-06 18:54:58', '2023-10-06 18:58:00'),
(41, 'Operating Exp', 7, '204', NULL, NULL, '2023-10-06 18:56:57', '2023-10-06 18:56:57'),
(42, 'Direct Exp', 7, '205', NULL, NULL, '2023-10-06 18:57:23', '2023-10-06 18:58:20'),
(43, 'Entertainment Exp', 7, '106', 42, NULL, '2023-10-06 18:59:07', '2023-10-06 18:59:07'),
(44, 'Stuff salary', 6, NULL, NULL, NULL, '2023-10-07 14:49:27', '2023-11-29 12:26:30'),
(45, 'Employee Exp', 9, NULL, NULL, NULL, '2023-10-07 19:36:41', '2023-10-07 19:36:41'),
(46, 'Entertainment', 9, NULL, NULL, NULL, '2023-10-07 19:36:56', '2023-10-07 19:36:56'),
(47, 'Supplier payment', 9, NULL, NULL, NULL, '2023-10-09 08:05:30', '2023-10-09 08:05:30'),
(48, 'Office suplise', 4, NULL, 8, '2023-10-20 14:50:47', '2023-10-20 14:50:33', '2023-10-20 14:50:47'),
(49, 'Hijra Dan', 4, NULL, 8, NULL, '2023-10-23 15:38:41', '2023-10-23 15:38:41'),
(50, 'Computer & Printer Repairing', 4, NULL, 8, NULL, '2023-10-23 15:46:19', '2023-10-23 15:54:02'),
(51, 'Nekra Kapor', 4, NULL, 8, NULL, '2023-10-24 15:19:37', '2023-10-24 15:19:37'),
(52, 'Discount', 4, NULL, 8, NULL, '2023-10-29 06:46:23', '2023-10-29 06:46:23'),
(53, 'For Old A/C Exchange', 4, NULL, 8, NULL, '2023-10-29 08:15:55', '2023-10-29 08:15:55'),
(54, 'Satar Mistri', 4, NULL, 8, NULL, '2023-11-09 15:10:28', '2023-11-09 15:10:28'),
(55, 'SHOP EXPENSE', 11, NULL, NULL, NULL, '2023-11-11 05:06:33', '2023-11-11 05:06:33'),
(56, 'OCTANE', 11, NULL, NULL, NULL, '2023-11-11 05:06:48', '2023-11-11 05:06:48'),
(57, 'PRODUCT UNLOAD', 11, NULL, NULL, NULL, '2023-11-11 05:07:40', '2023-11-11 05:07:40'),
(58, 'VEHICLES FARE', 11, NULL, NULL, NULL, '2023-11-11 05:07:52', '2023-11-11 05:07:52'),
(59, 'SHOP RENT', 11, NULL, NULL, NULL, '2023-11-11 05:08:07', '2023-11-11 05:08:07'),
(60, 'STORE ROOM RENT', 11, NULL, NULL, NULL, '2023-11-11 05:08:21', '2023-11-11 05:08:21'),
(61, 'SHOP RENT ADVANCE', 11, NULL, NULL, NULL, '2023-11-11 05:08:38', '2023-11-11 05:08:38'),
(62, 'STORE ROOM RENT ADVANCE', 11, NULL, NULL, NULL, '2023-11-11 05:09:18', '2023-11-11 05:09:18'),
(63, 'WIFI BILL', 11, NULL, NULL, NULL, '2023-11-11 06:56:43', '2023-11-11 06:56:43'),
(64, 'MOBILE BILL', 11, NULL, NULL, NULL, '2023-11-11 06:56:51', '2023-11-11 06:56:51'),
(65, 'MEALS', 11, NULL, NULL, NULL, '2023-11-11 06:57:12', '2023-11-11 06:57:12'),
(66, 'MASSION COMMISION', 11, NULL, NULL, NULL, '2023-11-11 06:57:23', '2023-11-11 06:57:23'),
(67, 'ELECTRIC BILL', 11, NULL, NULL, NULL, '2023-11-11 06:57:38', '2023-11-11 06:57:38'),
(68, 'TRANSPORT BILL', 11, NULL, NULL, NULL, '2023-11-11 06:58:31', '2023-11-11 06:58:31'),
(69, 'ALMS/PARTAKE/ENGAGE', 11, NULL, NULL, NULL, '2023-11-11 07:00:29', '2023-12-19 18:38:19'),
(70, 'GIFTS', 11, NULL, NULL, NULL, '2023-11-11 07:01:49', '2023-11-11 07:01:49'),
(71, 'EMPLOYEE BONUS', 11, NULL, NULL, NULL, '2023-11-11 07:05:02', '2023-11-11 07:05:02'),
(72, 'SOFTWARE/CONSULTATION', 11, NULL, NULL, NULL, '2023-11-11 07:07:29', '2023-11-11 07:07:29'),
(73, 'PRINTING/PHOTOCOPY', 11, NULL, NULL, NULL, '2023-11-11 07:08:53', '2023-11-11 07:08:53'),
(74, 'SERVICING/REPAIRING', 11, NULL, NULL, NULL, '2023-11-11 07:10:20', '2023-11-11 07:10:20'),
(75, 'SHOWROOM DECORATION', 11, NULL, NULL, NULL, '2023-11-11 07:14:46', '2023-11-11 07:14:46'),
(76, 'STAFF EXPENSE', 11, NULL, NULL, NULL, '2023-11-11 07:14:58', '2023-11-11 07:14:58'),
(77, 'TAX/TIN/TRADE LICENSE', 11, NULL, NULL, NULL, '2023-11-11 07:15:49', '2023-11-11 07:15:49'),
(78, 'BANK SERVICE CHARGE', 11, NULL, NULL, '2023-12-14 09:16:44', '2023-11-11 07:17:17', '2023-12-14 09:16:44'),
(79, 'ADVERTISING', 11, NULL, NULL, NULL, '2023-11-11 07:18:17', '2023-11-11 07:18:17'),
(80, 'MARKETING/CONVEINCING', 11, NULL, NULL, NULL, '2023-11-11 07:20:30', '2023-11-11 07:20:30'),
(81, 'BANK DEPOSITE/CREDIT', 11, NULL, NULL, '2023-12-14 09:16:36', '2023-11-11 07:22:20', '2023-12-14 09:16:36'),
(82, 'NIRJON SAHA', 11, NULL, 71, '2023-12-14 09:17:04', '2023-11-11 07:23:28', '2023-12-14 09:17:04'),
(83, 'MAFUZUL ISLAM MAFUJ', 11, NULL, 71, '2023-12-18 05:06:46', '2023-11-11 07:23:50', '2023-12-18 05:06:46'),
(84, 'SHORIFUL ISLAM', 11, NULL, 71, '2023-12-14 09:17:24', '2023-11-11 07:24:14', '2023-12-14 09:17:24'),
(85, 'OHIDULLA ISLAM', 11, NULL, 71, '2023-12-14 09:17:35', '2023-11-11 07:24:49', '2023-12-14 09:17:35'),
(86, 'ATIKUR ISLAM', 11, NULL, 71, '2023-12-14 09:17:53', '2023-11-11 07:25:03', '2023-12-14 09:17:53'),
(87, 'MORSALIN HOSSAIN', 11, NULL, 71, '2023-12-14 09:17:44', '2023-11-11 07:25:27', '2023-12-14 09:17:44'),
(88, 'SHARE PROFIT', 11, NULL, NULL, NULL, '2023-11-11 07:27:28', '2023-11-11 07:27:28'),
(89, 'JIBON SIDDQUE', 11, NULL, 88, NULL, '2023-11-11 07:27:47', '2023-11-11 07:27:47'),
(90, 'NURUZZAMAN', 11, NULL, 88, NULL, '2023-11-11 07:28:04', '2023-11-11 07:28:04'),
(91, 'MAFUZUL ISLAM MAFUJ', 11, NULL, 88, NULL, '2023-11-11 07:28:20', '2023-11-11 07:28:20'),
(92, 'RIPON SIDDIQUE', 11, NULL, 88, NULL, '2023-11-11 07:29:10', '2023-11-11 07:29:10'),
(93, 'Godowm Rent', 4, NULL, 8, NULL, '2023-11-14 14:02:27', '2023-11-14 14:02:27'),
(94, 'Sales Return', 1, NULL, NULL, '2023-11-22 19:07:37', '2023-11-22 19:07:27', '2023-11-22 19:07:37'),
(95, 'Arafat', 6, '01625913724', 44, NULL, '2023-11-29 12:27:27', '2023-11-29 12:27:27'),
(96, 'Family expenses A.N.', 6, NULL, 44, NULL, '2023-11-29 13:26:33', '2023-11-29 13:26:33'),
(97, 'Mamo Commission', 4, NULL, 8, NULL, '2023-11-30 13:33:46', '2023-11-30 13:33:46'),
(98, 'Others', 6, NULL, NULL, NULL, '2023-12-03 09:56:51', '2023-12-03 09:56:51'),
(99, 'CNG 11-4361', 6, NULL, NULL, NULL, '2023-12-03 11:52:28', '2023-12-03 11:52:28'),
(100, 'CNG 11-4971', 6, NULL, NULL, NULL, '2023-12-03 11:53:12', '2023-12-03 11:53:12'),
(101, 'Advertising cost for business', 6, NULL, NULL, NULL, '2023-12-03 12:20:05', '2023-12-03 12:20:05'),
(102, 'Shop Id card', 4, NULL, NULL, '2023-12-03 14:48:01', '2023-12-03 14:47:12', '2023-12-03 14:48:01'),
(103, 'Shop Id card', 4, 'Shop Id card', 8, NULL, '2023-12-03 14:49:12', '2023-12-03 14:49:12'),
(104, 'Noman', 6, NULL, 44, NULL, '2023-12-10 13:41:35', '2023-12-10 13:41:35'),
(105, 'Mubarak', 6, NULL, 44, NULL, '2023-12-10 13:42:17', '2023-12-10 13:42:17'),
(106, 'Raihan', 6, NULL, 44, NULL, '2023-12-10 13:43:07', '2023-12-10 13:43:07'),
(107, 'BANK DEPOSITE/CREDIT', 11, NULL, NULL, NULL, '2023-12-18 10:03:40', '2023-12-18 10:03:40'),
(108, 'BANK WITHDRAW/DEBIT', 11, NULL, NULL, NULL, '2023-12-18 10:12:57', '2023-12-18 10:12:57'),
(109, 'NIGHT GUARD BILL', 11, NULL, NULL, NULL, '2023-12-20 17:37:59', '2023-12-20 17:37:59'),
(110, 'Advance Payment Return', 6, NULL, NULL, NULL, '2023-12-25 00:14:15', '2023-12-25 00:14:15'),
(111, 'Ingredients Expense', 7, 'ing', 41, NULL, '2024-01-05 01:44:28', '2024-01-05 01:44:28'),
(112, 'Operating Expense', 18, NULL, NULL, NULL, '2024-01-05 01:53:06', '2024-01-05 01:53:06'),
(113, 'Raw Material Expense', 18, NULL, 112, NULL, '2024-01-05 01:53:21', '2024-01-05 01:53:33'),
(114, 'Employee Expense', 18, NULL, 112, NULL, '2024-01-05 01:54:16', '2024-01-05 01:54:16'),
(115, 'Salary Expenses', 18, NULL, 112, NULL, '2024-01-05 01:54:49', '2024-01-05 01:54:49'),
(116, 'Direct Expenses', 18, NULL, NULL, NULL, '2024-01-05 01:55:15', '2024-01-05 01:55:15'),
(117, 'Operating Expense', 14, NULL, NULL, NULL, '2024-01-09 13:29:21', '2024-01-09 13:29:21'),
(118, 'Direct Expense', 14, NULL, NULL, NULL, '2024-01-09 13:29:44', '2024-01-09 13:29:44'),
(119, 'MD Abdul Hai', 14, '01', NULL, NULL, '2024-01-09 13:47:00', '2024-01-09 13:47:00'),
(120, 'Salary', 14, '03', 117, NULL, '2024-01-09 13:47:29', '2024-01-09 13:47:29'),
(121, 'Other', 14, '04', 118, NULL, '2024-01-09 13:47:53', '2024-01-09 13:47:53'),
(122, 'Operating Exp', 19, NULL, NULL, NULL, '2024-01-19 12:35:10', '2024-01-19 12:35:10'),
(123, 'Direct Exp', 19, NULL, NULL, NULL, '2024-01-19 12:35:33', '2024-01-19 12:35:33'),
(124, 'Salary', 19, NULL, 122, NULL, '2024-01-19 12:36:50', '2024-01-19 12:36:50'),
(125, 'Entertainment', 19, NULL, 123, NULL, '2024-01-19 12:38:15', '2024-01-19 12:38:15'),
(126, 'Rimon', 19, NULL, NULL, NULL, '2024-01-19 14:38:19', '2024-01-19 14:38:19'),
(127, 'Business Travel cost', 6, NULL, NULL, NULL, '2024-01-19 19:16:48', '2024-01-19 19:16:48'),
(128, 'Sojib Daily cost', 18, NULL, NULL, NULL, '2024-01-31 13:14:09', '2024-01-31 13:14:09'),
(129, 'Hall Rent', 18, NULL, 112, NULL, '2024-01-31 13:20:32', '2024-01-31 13:20:32'),
(130, 'Hall Electricity Bill', 18, NULL, 112, NULL, '2024-01-31 13:20:57', '2024-01-31 13:20:57'),
(131, 'Staff Rent', 18, NULL, 112, NULL, '2024-01-31 13:21:25', '2024-01-31 13:21:25'),
(132, 'Staff Electricity Bill', 18, NULL, 112, NULL, '2024-01-31 13:21:54', '2024-01-31 13:21:54'),
(133, 'Service Charge', 18, NULL, 112, NULL, '2024-01-31 13:22:19', '2024-01-31 13:22:19'),
(134, 'Others', 18, NULL, 116, NULL, '2024-01-31 13:22:44', '2024-01-31 13:22:44'),
(135, 'Staff Nasta', 18, NULL, NULL, NULL, '2024-02-01 16:09:25', '2024-02-01 16:09:25'),
(136, 'Gift Voucher', 18, NULL, NULL, NULL, '2024-02-03 13:37:10', '2024-02-03 13:37:10'),
(137, 'Sanitary Bill', 18, NULL, NULL, NULL, '2024-02-03 13:39:31', '2024-02-03 13:39:31'),
(138, 'Marketing Expense', 18, NULL, NULL, NULL, '2024-02-03 13:43:36', '2024-02-03 13:43:36'),
(139, 'Tisho', 18, NULL, NULL, NULL, '2024-02-03 13:45:25', '2024-02-03 13:45:25'),
(140, 'Drinks', 18, NULL, NULL, NULL, '2024-02-03 13:48:58', '2024-02-03 13:48:58'),
(141, 'Raihan', 6, NULL, NULL, NULL, '2024-02-08 20:48:27', '2024-02-08 20:48:27'),
(142, 'Mobarak', 6, NULL, NULL, NULL, '2024-02-08 20:49:16', '2024-02-08 20:49:16'),
(143, 'Software Operating Bill (Monthly)', 4, NULL, 8, NULL, '2024-03-03 19:42:34', '2024-03-03 19:42:34'),
(144, 'Employee Medical & Medicine Bill', 4, NULL, 8, NULL, '2024-03-04 10:00:22', '2024-03-04 10:00:22'),
(145, 'Bag Expense', 24, NULL, NULL, NULL, '2024-03-11 16:06:48', '2024-03-11 16:06:48'),
(146, 'Tiffin', 24, NULL, NULL, NULL, '2024-03-11 16:07:45', '2024-03-11 19:39:40'),
(147, 'Entertainment', 24, NULL, NULL, NULL, '2024-03-11 16:08:18', '2024-03-11 16:08:18'),
(148, 'Electricity Bill', 24, NULL, NULL, NULL, '2024-03-11 16:10:08', '2024-03-11 16:10:08'),
(149, 'Internet Bill', 24, NULL, NULL, NULL, '2024-03-11 16:10:26', '2024-03-11 16:10:26'),
(150, 'Software Bill', 24, NULL, NULL, NULL, '2024-03-11 16:10:39', '2024-03-11 16:10:39'),
(151, 'Shop Rent', 24, NULL, NULL, NULL, '2024-03-11 16:11:01', '2024-03-11 16:11:01'),
(152, 'Others Expense', 24, NULL, NULL, NULL, '2024-03-11 16:12:23', '2024-03-11 16:12:23'),
(153, 'Ifter', 24, NULL, NULL, NULL, '2024-03-11 16:12:38', '2024-03-11 16:12:38'),
(154, 'salary staff', 24, NULL, NULL, '2024-03-19 19:47:20', '2024-03-18 07:49:20', '2024-03-19 19:47:20'),
(155, 'salary staff', 24, NULL, NULL, NULL, '2024-03-19 19:47:08', '2024-03-19 19:47:08'),
(156, 'Sopon', 24, NULL, 155, NULL, '2024-03-19 22:13:57', '2024-03-19 22:13:57'),
(157, 'Shamim', 24, NULL, 155, NULL, '2024-03-21 10:36:31', '2024-03-21 10:36:31'),
(158, 'Muktar', 24, NULL, 155, NULL, '2024-03-21 10:37:04', '2024-03-21 10:37:04'),
(159, 'Uttam', 24, NULL, 155, NULL, '2024-03-21 10:37:19', '2024-03-21 10:37:19'),
(160, 'Liton shaha', 24, NULL, 155, NULL, '2024-03-21 22:22:37', '2024-03-21 22:22:37'),
(161, 'Jaganath', 24, NULL, 155, NULL, '2024-03-21 22:23:19', '2024-03-21 22:23:19'),
(162, 'Ador', 24, NULL, 155, NULL, '2024-03-24 11:50:34', '2024-03-24 11:50:34'),
(163, 'Keshob', 24, NULL, 155, NULL, '2024-03-24 11:51:16', '2024-03-24 11:51:16'),
(164, 'Manik', 24, NULL, 155, NULL, '2024-03-24 11:51:35', '2024-03-24 11:51:35'),
(165, 'Akash', 24, NULL, 155, NULL, '2024-03-28 03:36:02', '2024-03-28 03:36:02'),
(166, 'Rafiq bag (choa pak)', 24, NULL, 145, NULL, '2024-03-28 14:49:11', '2024-03-28 14:49:11'),
(167, 'nayeem', 24, NULL, 155, NULL, '2024-04-03 04:08:07', '2024-04-03 04:08:07'),
(168, 'Bappy', 24, NULL, 155, NULL, '2024-04-03 04:14:00', '2024-04-03 04:14:00'),
(169, 'Faisal', 24, NULL, 155, NULL, '2024-04-04 03:04:42', '2024-04-04 03:04:42'),
(170, 'Sharmin', 24, NULL, 155, NULL, '2024-04-05 02:53:13', '2024-04-05 02:53:13'),
(171, 'Rafi', 24, NULL, 155, NULL, '2024-04-05 02:53:32', '2024-04-05 02:53:32'),
(172, 'Roton da', 24, NULL, 155, NULL, '2024-04-05 02:53:51', '2024-04-05 02:53:51'),
(173, 'Nehal box', 24, NULL, 145, NULL, '2024-04-10 14:02:34', '2024-04-10 14:02:34'),
(174, 'Vai Vai Bag', 24, NULL, 145, NULL, '2024-04-10 14:03:05', '2024-04-10 14:03:05'),
(175, 'Rafiq', 24, NULL, 155, NULL, '2024-04-10 16:51:00', '2024-04-10 16:51:00'),
(176, 'Operating Expense', 13, NULL, NULL, NULL, '2024-05-01 23:36:50', '2024-05-01 23:36:50'),
(177, 'Direct Expense', 13, NULL, NULL, NULL, '2024-05-01 23:37:24', '2024-05-01 23:37:24'),
(178, 'Labure', 13, NULL, 177, NULL, '2024-05-01 23:38:58', '2024-05-01 23:38:58'),
(179, 'Entertenment Exp', 13, NULL, 177, NULL, '2024-05-01 23:40:14', '2024-05-01 23:40:14'),
(180, 'Software Cost', 13, NULL, 176, NULL, '2024-05-01 23:41:51', '2024-05-01 23:41:51'),
(181, 'Durjoy', 6, NULL, NULL, NULL, '2024-05-02 21:43:02', '2024-05-02 21:43:02'),
(182, 'MONTLY FOOD', 29, NULL, NULL, NULL, '2024-07-06 16:32:26', '2024-07-06 16:32:26'),
(183, 'MONTLY SHOP RENT', 29, NULL, NULL, NULL, '2024-07-06 16:32:39', '2024-07-06 16:36:16'),
(184, 'SHOP OTHERS', 29, NULL, NULL, NULL, '2024-07-06 16:32:56', '2024-07-06 16:32:56'),
(185, 'SCHOOL BILL', 29, NULL, NULL, NULL, '2024-07-06 16:33:17', '2024-07-06 16:33:17'),
(186, 'GIFTS', 29, NULL, NULL, NULL, '2024-07-06 16:33:50', '2024-07-06 16:33:50'),
(187, 'FAMILY FOOD', 29, NULL, NULL, NULL, '2024-07-06 16:36:03', '2024-07-06 16:36:03'),
(188, 'Trade license', 24, NULL, NULL, NULL, '2024-07-07 21:07:16', '2024-07-07 21:07:16'),
(189, 'Direct Expense', 28, NULL, NULL, NULL, '2024-07-08 19:36:13', '2024-07-08 19:36:13'),
(190, 'Operating Expense', 28, NULL, NULL, NULL, '2024-07-08 19:36:42', '2024-07-08 19:36:42'),
(191, 'Electricity Bill', 28, NULL, 190, NULL, '2024-07-08 19:38:44', '2024-07-08 19:39:50'),
(192, 'Internet Bill', 28, NULL, 190, NULL, '2024-07-08 19:39:33', '2024-07-08 19:39:33'),
(193, 'Software Bill', 28, NULL, 190, NULL, '2024-07-08 19:40:10', '2024-07-08 19:40:10'),
(194, 'Employee salary exp', 28, NULL, 190, NULL, '2024-07-08 19:41:04', '2024-07-08 19:43:35'),
(195, 'Security Bill', 28, NULL, 190, NULL, '2024-07-08 19:41:39', '2024-07-08 19:49:49'),
(196, 'Entertainment', 28, NULL, 189, NULL, '2024-07-08 19:42:46', '2024-07-08 19:42:46'),
(197, 'Other', 28, NULL, 189, NULL, '2024-07-08 19:43:11', '2024-07-08 19:43:11'),
(198, 'Shoop Rent', 28, NULL, 190, NULL, '2024-07-08 19:44:11', '2024-07-08 19:44:11'),
(199, 'Lebar Charge', 28, NULL, 189, NULL, '2024-07-08 19:45:04', '2024-07-09 17:12:53'),
(200, 'Online Bank Charge', 28, NULL, 189, NULL, '2024-07-08 19:45:45', '2024-07-08 20:03:24'),
(201, 'Bank Charge', 28, NULL, 190, NULL, '2024-07-08 19:46:08', '2024-07-08 19:46:08'),
(202, 'Delivery cost', 28, NULL, 189, NULL, '2024-07-08 19:47:31', '2024-07-08 19:47:31'),
(203, 'VAT TEX', 28, NULL, 190, NULL, '2024-07-08 19:48:26', '2024-07-08 19:48:26'),
(204, 'Generator Bill', 28, NULL, 190, NULL, '2024-07-08 19:49:34', '2024-07-08 19:49:34'),
(205, 'Owner cost Jitu', 28, NULL, NULL, NULL, '2024-07-08 19:54:17', '2024-07-08 19:54:17'),
(206, 'Advance salary Exp', 28, NULL, 189, NULL, '2024-07-08 20:10:43', '2024-07-08 20:10:43'),
(207, 'bikas', 28, NULL, 189, NULL, '2024-07-15 17:07:36', '2024-07-15 17:07:36'),
(208, 'Memo babot', 28, NULL, 190, NULL, '2024-07-16 13:41:30', '2024-07-16 13:41:30'),
(209, 'DPS', 28, NULL, 190, NULL, '2024-07-31 09:58:31', '2024-07-31 09:58:31'),
(210, 'Somity', 28, NULL, 190, NULL, '2024-07-31 09:58:53', '2024-07-31 09:58:53'),
(211, 'Alauddin unk', 24, NULL, 155, NULL, '2024-08-03 12:38:34', '2024-08-03 12:38:34'),
(212, 'Daily Expense', 4, NULL, 212, NULL, '2024-08-10 19:30:24', '2024-09-15 16:21:22'),
(213, 'Entertainment', 28, NULL, 189, NULL, '2024-08-21 18:32:57', '2024-08-21 18:32:57'),
(214, 'Pathor apa', 28, NULL, 189, NULL, '2024-09-08 11:39:48', '2024-09-08 11:39:48'),
(215, 'Onudan', 28, NULL, 189, NULL, '2024-09-09 18:00:34', '2024-09-09 18:00:34'),
(216, 'FAMILY others', 29, NULL, NULL, NULL, '2024-09-09 19:10:13', '2024-09-09 19:10:13'),
(217, 'Workshop Daily Expense', 4, NULL, 9, NULL, '2024-09-15 16:23:55', '2024-09-15 16:23:55'),
(218, 'Workshop', 4, NULL, NULL, NULL, '2024-09-15 16:52:19', '2024-09-15 16:52:19'),
(219, 'ENTERTENMENT', 32, NULL, NULL, NULL, '2024-09-20 16:13:44', '2024-09-20 16:13:44'),
(220, 'TIFFIN', 32, NULL, NULL, NULL, '2024-09-20 16:14:02', '2024-09-20 16:14:02'),
(221, 'CONVENCE', 32, NULL, NULL, NULL, '2024-09-20 16:14:29', '2024-09-20 16:14:29'),
(222, 'TIPS', 32, NULL, NULL, NULL, '2024-09-20 16:14:55', '2024-09-20 16:14:55'),
(223, 'VAN RENT', 32, NULL, NULL, NULL, '2024-09-20 16:16:16', '2024-09-20 16:16:16'),
(224, 'VAT', 32, NULL, NULL, NULL, '2024-09-20 16:16:30', '2024-09-20 16:16:30'),
(225, 'TEX', 32, NULL, NULL, NULL, '2024-09-20 16:16:39', '2024-09-20 16:16:39'),
(226, 'ELECTRIC BILL', 32, NULL, NULL, NULL, '2024-09-20 16:17:09', '2024-09-20 16:17:09'),
(227, 'HOME ELICTRIC BILL', 32, NULL, NULL, NULL, '2024-09-20 16:17:25', '2024-09-20 16:17:25'),
(228, 'HOME BAZAR', 32, NULL, NULL, NULL, '2024-09-20 16:17:39', '2024-09-20 16:17:39'),
(229, 'DISH BILL', 32, NULL, NULL, NULL, '2024-09-20 16:18:56', '2024-09-20 16:18:56'),
(230, 'TNT BILL', 32, NULL, NULL, NULL, '2024-09-20 16:19:11', '2024-09-20 16:19:11'),
(231, 'WIFI TNT BILL', 32, NULL, NULL, NULL, '2024-09-20 16:19:29', '2024-09-20 16:19:29'),
(232, 'ZAKAT', 32, NULL, NULL, NULL, '2024-09-20 16:20:44', '2024-09-20 16:20:44'),
(233, 'DAN', 32, NULL, NULL, NULL, '2024-09-20 16:20:54', '2024-09-20 16:20:54'),
(234, 'HIRA VAI', 32, NULL, NULL, NULL, '2024-09-20 16:21:15', '2024-09-20 16:21:15'),
(235, 'AARIZ', 32, NULL, NULL, NULL, '2024-09-20 16:21:32', '2024-09-20 16:21:32'),
(236, 'ARSHAN', 32, NULL, NULL, NULL, '2024-09-20 16:21:42', '2024-09-20 16:21:42'),
(237, 'CAR & BIKE SERVICE', 32, NULL, NULL, NULL, '2024-09-20 16:22:58', '2024-09-20 16:22:58'),
(238, 'STATIONERY', 28, NULL, 189, NULL, '2024-09-21 17:58:52', '2024-09-21 17:58:52'),
(239, 'Nehal box', 24, NULL, NULL, NULL, '2024-09-22 21:38:17', '2024-09-22 21:38:17'),
(240, 'Workshop Daily Expense', 4, NULL, 218, NULL, '2024-09-23 11:08:47', '2024-09-23 11:08:47'),
(241, 'Workshop Spear Parts Expense', 4, NULL, 218, NULL, '2024-09-23 11:10:24', '2024-09-23 11:10:24'),
(242, 'Vai Vai Bag', 24, NULL, 145, NULL, '2024-09-24 21:44:46', '2024-09-24 21:44:46'),
(243, 'City Bank commission', 24, NULL, NULL, NULL, '2024-10-02 21:49:13', '2024-10-02 21:49:13'),
(244, 'Donate', 6, NULL, NULL, NULL, '2024-10-07 12:35:56', '2024-10-07 12:35:56'),
(245, 'Rony', 24, NULL, 155, NULL, '2024-10-08 22:09:56', '2024-10-08 22:09:56'),
(246, 'Hira Vabi', 32, NULL, NULL, NULL, '2024-10-22 14:13:45', '2024-10-22 14:13:45'),
(247, 'Veen Rent', 32, NULL, NULL, NULL, '2024-10-22 14:14:25', '2024-10-22 14:14:25'),
(248, 'Miraz Sallary', 32, NULL, NULL, NULL, '2024-10-22 14:14:38', '2024-10-22 14:18:28'),
(249, 'Ratol Sallary', 32, NULL, NULL, NULL, '2024-10-22 14:19:56', '2024-10-22 14:19:56'),
(250, 'Anik sallary', 32, NULL, NULL, NULL, '2024-10-22 14:20:30', '2024-10-22 14:20:30'),
(251, 'Masod Rana Sallary', 32, NULL, NULL, NULL, '2024-10-22 14:20:46', '2024-10-22 14:20:46'),
(252, 'Sifat Sallary', 32, NULL, NULL, NULL, '2024-10-22 14:21:13', '2024-10-22 14:21:13'),
(253, 'Meherab Sallary', 32, NULL, NULL, NULL, '2024-10-22 14:21:34', '2024-10-22 14:21:34'),
(254, 'tofajjol', 6, NULL, NULL, NULL, '2024-10-28 13:31:39', '2024-10-28 13:31:39');

-- --------------------------------------------------------

--
-- Table structure for table `group_sub_taxes`
--

CREATE TABLE `group_sub_taxes` (
  `group_tax_id` int UNSIGNED NOT NULL,
  `tax_id` int UNSIGNED NOT NULL
) ENGINE=InnoDB DEFAULT CHARSET=utf8mb4 COLLATE=utf8mb4_unicode_ci;

--
-- Dumping data for table `group_sub_taxes`
--

INSERT INTO `group_sub_taxes` (`group_tax_id`, `tax_id`) VALUES
(4, 1),
(4, 2),
(8, 7);

-- --------------------------------------------------------

--
-- Table structure for table `hms_booking_extras`
--

CREATE TABLE `hms_booking_extras` (
  `id` bigint UNSIGNED NOT NULL,
  `transaction_id` int NOT NULL,
  `hms_extra_id` int NOT NULL,
  `price` decimal(22,4) NOT NULL DEFAULT '0.0000',
  `created_at` timestamp NULL DEFAULT NULL,
  `updated_at` timestamp NULL DEFAULT NULL
) ENGINE=InnoDB DEFAULT CHARSET=utf8mb4 COLLATE=utf8mb4_unicode_ci;

-- --------------------------------------------------------

--
-- Table structure for table `hms_booking_lines`
--

CREATE TABLE `hms_booking_lines` (
  `id` bigint UNSIGNED NOT NULL,
  `transaction_id` int NOT NULL,
  `hms_room_id` int NOT NULL,
  `hms_room_type_id` bigint UNSIGNED NOT NULL,
  `adults` int NOT NULL,
  `childrens` int NOT NULL,
  `price` decimal(22,4) NOT NULL DEFAULT '0.0000',
  `total_price` decimal(22,4) NOT NULL DEFAULT '0.0000',
  `created_at` timestamp NULL DEFAULT NULL,
  `updated_at` timestamp NULL DEFAULT NULL
) ENGINE=InnoDB DEFAULT CHARSET=utf8mb4 COLLATE=utf8mb4_unicode_ci;

-- --------------------------------------------------------

--
-- Table structure for table `hms_coupons`
--

CREATE TABLE `hms_coupons` (
  `id` bigint UNSIGNED NOT NULL,
  `hms_room_type_id` int NOT NULL,
  `business_id` int NOT NULL,
  `start_date` date NOT NULL,
  `end_date` date NOT NULL,
  `coupon_code` varchar(191) CHARACTER SET utf8mb4 COLLATE utf8mb4_unicode_ci NOT NULL,
  `discount` decimal(8,2) NOT NULL,
  `discount_type` varchar(191) CHARACTER SET utf8mb4 COLLATE utf8mb4_unicode_ci NOT NULL,
  `created_at` timestamp NULL DEFAULT NULL,
  `updated_at` timestamp NULL DEFAULT NULL
) ENGINE=InnoDB DEFAULT CHARSET=utf8mb4 COLLATE=utf8mb4_unicode_ci;

-- --------------------------------------------------------

--
-- Table structure for table `hms_extras`
--

CREATE TABLE `hms_extras` (
  `id` bigint UNSIGNED NOT NULL,
  `name` varchar(191) CHARACTER SET utf8mb4 COLLATE utf8mb4_unicode_ci NOT NULL,
  `price` decimal(22,4) NOT NULL DEFAULT '0.0000',
  `price_per` varchar(191) CHARACTER SET utf8mb4 COLLATE utf8mb4_unicode_ci NOT NULL,
  `business_id` int NOT NULL,
  `created_by` bigint UNSIGNED NOT NULL,
  `is_active` tinyint(1) NOT NULL DEFAULT '1',
  `created_at` timestamp NULL DEFAULT NULL,
  `updated_at` timestamp NULL DEFAULT NULL
) ENGINE=InnoDB DEFAULT CHARSET=utf8mb4 COLLATE=utf8mb4_unicode_ci;

-- --------------------------------------------------------

--
-- Table structure for table `hms_rooms`
--

CREATE TABLE `hms_rooms` (
  `id` bigint UNSIGNED NOT NULL,
  `hms_room_type_id` bigint UNSIGNED NOT NULL,
  `room_number` varchar(191) CHARACTER SET utf8mb4 COLLATE utf8mb4_unicode_ci NOT NULL,
  `deleted_at` timestamp NULL DEFAULT NULL,
  `created_at` timestamp NULL DEFAULT NULL,
  `updated_at` timestamp NULL DEFAULT NULL
) ENGINE=InnoDB DEFAULT CHARSET=utf8mb4 COLLATE=utf8mb4_unicode_ci;

-- --------------------------------------------------------

--
-- Table structure for table `hms_room_types`
--

CREATE TABLE `hms_room_types` (
  `id` bigint UNSIGNED NOT NULL,
  `type` varchar(191) CHARACTER SET utf8mb4 COLLATE utf8mb4_unicode_ci NOT NULL,
  `no_of_adult` int NOT NULL,
  `no_of_child` int NOT NULL,
  `max_occupancy` int NOT NULL,
  `amenities` varchar(191) CHARACTER SET utf8mb4 COLLATE utf8mb4_unicode_ci DEFAULT NULL,
  `description` text CHARACTER SET utf8mb4 COLLATE utf8mb4_unicode_ci,
  `business_id` int NOT NULL,
  `created_by` bigint UNSIGNED NOT NULL,
  `deleted_at` timestamp NULL DEFAULT NULL,
  `created_at` timestamp NULL DEFAULT NULL,
  `updated_at` timestamp NULL DEFAULT NULL
) ENGINE=InnoDB DEFAULT CHARSET=utf8mb4 COLLATE=utf8mb4_unicode_ci;

-- --------------------------------------------------------

--
-- Table structure for table `hms_room_type_pricings`
--

CREATE TABLE `hms_room_type_pricings` (
  `id` bigint UNSIGNED NOT NULL,
  `hms_room_type_id` bigint UNSIGNED NOT NULL,
  `season_type` varchar(191) CHARACTER SET utf8mb4 COLLATE utf8mb4_unicode_ci NOT NULL,
  `default_price_per_night` decimal(22,4) DEFAULT NULL,
  `adults` decimal(8,2) DEFAULT NULL,
  `childrens` decimal(8,2) DEFAULT NULL,
  `price_monday` decimal(22,4) DEFAULT NULL,
  `price_tuesday` decimal(22,4) DEFAULT NULL,
  `price_wednesday` decimal(22,4) DEFAULT NULL,
  `price_thursday` decimal(22,4) DEFAULT NULL,
  `price_friday` decimal(22,4) DEFAULT NULL,
  `price_saturday` decimal(22,4) DEFAULT NULL,
  `price_sunday` decimal(22,4) DEFAULT NULL,
  `created_at` timestamp NULL DEFAULT NULL,
  `updated_at` timestamp NULL DEFAULT NULL
) ENGINE=InnoDB DEFAULT CHARSET=utf8mb4 COLLATE=utf8mb4_unicode_ci;

-- --------------------------------------------------------

--
-- Table structure for table `hms_room_unavailables`
--

CREATE TABLE `hms_room_unavailables` (
  `id` bigint UNSIGNED NOT NULL,
  `hms_rooms_id` int NOT NULL,
  `date_from` date NOT NULL,
  `date_to` date NOT NULL,
  `unavailable_type` text CHARACTER SET utf8mb4 COLLATE utf8mb4_unicode_ci NOT NULL,
  `created_at` timestamp NULL DEFAULT NULL,
  `updated_at` timestamp NULL DEFAULT NULL
) ENGINE=InnoDB DEFAULT CHARSET=utf8mb4 COLLATE=utf8mb4_unicode_ci;

-- --------------------------------------------------------

--
-- Table structure for table `invoice_layouts`
--

CREATE TABLE `invoice_layouts` (
  `id` int UNSIGNED NOT NULL,
  `name` varchar(191) CHARACTER SET utf8mb4 COLLATE utf8mb4_unicode_ci NOT NULL,
  `header_text` text CHARACTER SET utf8mb4 COLLATE utf8mb4_unicode_ci,
  `invoice_no_prefix` varchar(191) CHARACTER SET utf8mb4 COLLATE utf8mb4_unicode_ci DEFAULT NULL,
  `quotation_no_prefix` varchar(191) CHARACTER SET utf8mb4 COLLATE utf8mb4_unicode_ci DEFAULT NULL,
  `invoice_heading` varchar(191) CHARACTER SET utf8mb4 COLLATE utf8mb4_unicode_ci DEFAULT NULL,
  `sub_heading_line1` varchar(191) CHARACTER SET utf8mb4 COLLATE utf8mb4_unicode_ci DEFAULT NULL,
  `sub_heading_line2` varchar(191) CHARACTER SET utf8mb4 COLLATE utf8mb4_unicode_ci DEFAULT NULL,
  `sub_heading_line3` varchar(191) CHARACTER SET utf8mb4 COLLATE utf8mb4_unicode_ci DEFAULT NULL,
  `sub_heading_line4` varchar(191) CHARACTER SET utf8mb4 COLLATE utf8mb4_unicode_ci DEFAULT NULL,
  `sub_heading_line5` varchar(191) CHARACTER SET utf8mb4 COLLATE utf8mb4_unicode_ci DEFAULT NULL,
  `invoice_heading_not_paid` varchar(191) CHARACTER SET utf8mb4 COLLATE utf8mb4_unicode_ci DEFAULT NULL,
  `invoice_heading_paid` varchar(191) CHARACTER SET utf8mb4 COLLATE utf8mb4_unicode_ci DEFAULT NULL,
  `quotation_heading` varchar(191) CHARACTER SET utf8mb4 COLLATE utf8mb4_unicode_ci DEFAULT NULL,
  `sub_total_label` varchar(191) CHARACTER SET utf8mb4 COLLATE utf8mb4_unicode_ci DEFAULT NULL,
  `discount_label` varchar(191) CHARACTER SET utf8mb4 COLLATE utf8mb4_unicode_ci DEFAULT NULL,
  `charge_label` varchar(191) CHARACTER SET utf8mb4 COLLATE utf8mb4_unicode_ci DEFAULT NULL,
  `tax_label` varchar(191) CHARACTER SET utf8mb4 COLLATE utf8mb4_unicode_ci DEFAULT NULL,
  `total_label` varchar(191) CHARACTER SET utf8mb4 COLLATE utf8mb4_unicode_ci DEFAULT NULL,
  `round_off_label` varchar(191) CHARACTER SET utf8mb4 COLLATE utf8mb4_unicode_ci DEFAULT NULL,
  `total_due_label` varchar(191) CHARACTER SET utf8mb4 COLLATE utf8mb4_unicode_ci DEFAULT NULL,
  `paid_label` varchar(191) CHARACTER SET utf8mb4 COLLATE utf8mb4_unicode_ci DEFAULT NULL,
  `show_client_id` tinyint(1) NOT NULL DEFAULT '0',
  `client_id_label` varchar(191) CHARACTER SET utf8mb4 COLLATE utf8mb4_unicode_ci DEFAULT NULL,
  `client_tax_label` varchar(191) CHARACTER SET utf8mb4 COLLATE utf8mb4_unicode_ci DEFAULT NULL,
  `date_label` varchar(191) CHARACTER SET utf8mb4 COLLATE utf8mb4_unicode_ci DEFAULT NULL,
  `date_time_format` varchar(191) CHARACTER SET utf8mb4 COLLATE utf8mb4_unicode_ci DEFAULT NULL,
  `show_time` tinyint(1) NOT NULL DEFAULT '1',
  `show_brand` tinyint(1) NOT NULL DEFAULT '0',
  `show_sku` tinyint(1) NOT NULL DEFAULT '1',
  `show_product_code` tinyint(1) NOT NULL DEFAULT '0',
  `show_charge` tinyint(1) NOT NULL DEFAULT '0',
  `show_cat_code` tinyint(1) NOT NULL DEFAULT '1',
  `show_expiry` tinyint(1) NOT NULL DEFAULT '0',
  `show_lot` tinyint(1) NOT NULL DEFAULT '0',
  `show_image` tinyint(1) NOT NULL DEFAULT '0',
  `show_sale_description` tinyint(1) NOT NULL DEFAULT '0',
  `sales_person_label` varchar(191) CHARACTER SET utf8mb4 COLLATE utf8mb4_unicode_ci DEFAULT NULL,
  `show_sales_person` tinyint(1) NOT NULL DEFAULT '0',
  `table_product_label` varchar(191) CHARACTER SET utf8mb4 COLLATE utf8mb4_unicode_ci DEFAULT NULL,
  `table_qty_label` varchar(191) CHARACTER SET utf8mb4 COLLATE utf8mb4_unicode_ci DEFAULT NULL,
  `table_unit_price_label` varchar(191) CHARACTER SET utf8mb4 COLLATE utf8mb4_unicode_ci DEFAULT NULL,
  `table_subtotal_label` varchar(191) CHARACTER SET utf8mb4 COLLATE utf8mb4_unicode_ci DEFAULT NULL,
  `cat_code_label` varchar(191) CHARACTER SET utf8mb4 COLLATE utf8mb4_unicode_ci DEFAULT NULL,
  `logo` varchar(191) CHARACTER SET utf8mb4 COLLATE utf8mb4_unicode_ci DEFAULT NULL,
  `show_logo` tinyint(1) NOT NULL DEFAULT '0',
  `show_business_name` tinyint(1) NOT NULL DEFAULT '0',
  `show_location_name` tinyint(1) NOT NULL DEFAULT '1',
  `show_landmark` tinyint(1) NOT NULL DEFAULT '1',
  `show_city` tinyint(1) NOT NULL DEFAULT '1',
  `show_state` tinyint(1) NOT NULL DEFAULT '1',
  `show_zip_code` tinyint(1) NOT NULL DEFAULT '1',
  `show_country` tinyint(1) NOT NULL DEFAULT '1',
  `show_mobile_number` tinyint(1) NOT NULL DEFAULT '1',
  `show_alternate_number` tinyint(1) NOT NULL DEFAULT '0',
  `show_email` tinyint(1) NOT NULL DEFAULT '0',
  `show_tax_1` tinyint(1) NOT NULL DEFAULT '1',
  `show_tax_2` tinyint(1) NOT NULL DEFAULT '0',
  `show_barcode` tinyint(1) NOT NULL DEFAULT '0',
  `show_payments` tinyint(1) NOT NULL DEFAULT '0',
  `show_customer` tinyint(1) NOT NULL DEFAULT '0',
  `customer_label` varchar(191) CHARACTER SET utf8mb4 COLLATE utf8mb4_unicode_ci DEFAULT NULL,
  `commission_agent_label` varchar(191) CHARACTER SET utf8mb4 COLLATE utf8mb4_unicode_ci DEFAULT NULL,
  `show_commission_agent` tinyint(1) NOT NULL DEFAULT '0',
  `show_reward_point` tinyint(1) NOT NULL DEFAULT '0',
  `highlight_color` varchar(10) CHARACTER SET utf8mb4 COLLATE utf8mb4_unicode_ci DEFAULT NULL,
  `footer_text` text CHARACTER SET utf8mb4 COLLATE utf8mb4_unicode_ci,
  `module_info` text CHARACTER SET utf8mb4 COLLATE utf8mb4_unicode_ci,
  `common_settings` text CHARACTER SET utf8mb4 COLLATE utf8mb4_unicode_ci,
  `is_default` tinyint(1) NOT NULL DEFAULT '0',
  `business_id` int UNSIGNED NOT NULL,
  `show_letter_head` tinyint(1) NOT NULL DEFAULT '0',
  `letter_head` varchar(191) CHARACTER SET utf8mb4 COLLATE utf8mb4_unicode_ci DEFAULT NULL,
  `show_qr_code` tinyint(1) NOT NULL DEFAULT '0',
  `qr_code_fields` text CHARACTER SET utf8mb4 COLLATE utf8mb4_unicode_ci,
  `design` varchar(190) CHARACTER SET utf8mb4 COLLATE utf8mb4_unicode_ci DEFAULT 'classic',
  `cn_heading` varchar(191) CHARACTER SET utf8mb4 COLLATE utf8mb4_unicode_ci DEFAULT NULL COMMENT 'cn = credit note',
  `cn_no_label` varchar(191) CHARACTER SET utf8mb4 COLLATE utf8mb4_unicode_ci DEFAULT NULL,
  `cn_amount_label` varchar(191) CHARACTER SET utf8mb4 COLLATE utf8mb4_unicode_ci DEFAULT NULL,
  `table_tax_headings` text CHARACTER SET utf8mb4 COLLATE utf8mb4_unicode_ci,
  `show_previous_bal` tinyint(1) NOT NULL DEFAULT '0',
  `prev_bal_label` varchar(191) CHARACTER SET utf8mb4 COLLATE utf8mb4_unicode_ci DEFAULT NULL,
  `change_return_label` varchar(191) CHARACTER SET utf8mb4 COLLATE utf8mb4_unicode_ci DEFAULT NULL,
  `product_custom_fields` text CHARACTER SET utf8mb4 COLLATE utf8mb4_unicode_ci,
  `contact_custom_fields` text CHARACTER SET utf8mb4 COLLATE utf8mb4_unicode_ci,
  `location_custom_fields` text CHARACTER SET utf8mb4 COLLATE utf8mb4_unicode_ci,
  `created_at` timestamp NULL DEFAULT NULL,
  `updated_at` timestamp NULL DEFAULT NULL
) ENGINE=InnoDB DEFAULT CHARSET=utf8mb4 COLLATE=utf8mb4_unicode_ci;

--
-- Dumping data for table `invoice_layouts`
--

INSERT INTO `invoice_layouts` (`id`, `name`, `header_text`, `invoice_no_prefix`, `quotation_no_prefix`, `invoice_heading`, `sub_heading_line1`, `sub_heading_line2`, `sub_heading_line3`, `sub_heading_line4`, `sub_heading_line5`, `invoice_heading_not_paid`, `invoice_heading_paid`, `quotation_heading`, `sub_total_label`, `discount_label`, `charge_label`, `tax_label`, `total_label`, `round_off_label`, `total_due_label`, `paid_label`, `show_client_id`, `client_id_label`, `client_tax_label`, `date_label`, `date_time_format`, `show_time`, `show_brand`, `show_sku`, `show_product_code`, `show_charge`, `show_cat_code`, `show_expiry`, `show_lot`, `show_image`, `show_sale_description`, `sales_person_label`, `show_sales_person`, `table_product_label`, `table_qty_label`, `table_unit_price_label`, `table_subtotal_label`, `cat_code_label`, `logo`, `show_logo`, `show_business_name`, `show_location_name`, `show_landmark`, `show_city`, `show_state`, `show_zip_code`, `show_country`, `show_mobile_number`, `show_alternate_number`, `show_email`, `show_tax_1`, `show_tax_2`, `show_barcode`, `show_payments`, `show_customer`, `customer_label`, `commission_agent_label`, `show_commission_agent`, `show_reward_point`, `highlight_color`, `footer_text`, `module_info`, `common_settings`, `is_default`, `business_id`, `show_letter_head`, `letter_head`, `show_qr_code`, `qr_code_fields`, `design`, `cn_heading`, `cn_no_label`, `cn_amount_label`, `table_tax_headings`, `show_previous_bal`, `prev_bal_label`, `change_return_label`, `product_custom_fields`, `contact_custom_fields`, `location_custom_fields`, `created_at`, `updated_at`) VALUES
(1, 'Default', NULL, 'Invoice No.', NULL, 'Invoice', NULL, NULL, NULL, NULL, NULL, NULL, NULL, NULL, 'Subtotal', 'Discount', NULL, 'Tax', 'Total', NULL, 'Total Due', 'Total Paid', 0, NULL, NULL, 'Date', NULL, 1, 1, 1, 0, 1, 0, 0, 0, 0, 1, NULL, 1, 'Product', 'Quantity', 'Unit Price', 'Subtotal', NULL, NULL, 1, 0, 1, 1, 1, 1, 1, 1, 1, 0, 0, 0, 0, 1, 1, 1, 'Customer', NULL, 0, 0, '#000000', '<p>aaaaaaaaaaa</p>', '{\"types_of_service\":{\"types_of_service_label\":null},\"repair\":{\"repair_status_label\":null,\"repair_warranty_label\":null,\"brand_label\":null,\"device_label\":null,\"model_no_label\":null,\"serial_no_label\":null,\"defects_label\":null,\"repair_checklist_label\":null}}', '{\"proforma_heading\":null,\"sales_order_heading\":null,\"due_date_label\":null,\"show_due_date\":\"1\",\"total_quantity_label\":null,\"item_discount_label\":null,\"discounted_unit_price_label\":null,\"show_base_unit_details\":\"1\",\"total_items_label\":null,\"show_total_in_words\":\"1\",\"num_to_word_format\":\"international\",\"tax_summary_label\":null,\"show_qr_code_label\":\"1\"}', 0, 1, 0, NULL, 1, '[\"business_name\",\"invoice_no\",\"invoice_datetime\",\"subtotal\"]', 'detailed', NULL, NULL, NULL, NULL, 1, NULL, NULL, NULL, NULL, NULL, '2023-06-20 02:36:27', '2024-10-19 04:23:13'),
(3, 'Tails', '<p>SOFTWARE.......................................................................................................................</p>', 'Invoice No.', 'Quotation number', 'Invoice', 'DFNDFHNBHGMBM', 'YNJHGJNMHM', NULL, NULL, NULL, 'Bizzself.com', 'Jamalpur', 'Quotation', 'Subtotal', 'Discount', NULL, 'Tax', 'Total', 'Round Off', 'Due', 'Total paid', 0, NULL, NULL, 'Date', NULL, 1, 1, 1, 0, 0, 0, 0, 1, 0, 0, NULL, 0, 'Product', 'Quantity', 'Unit Price', 'Subtotal', NULL, NULL, 0, 1, 1, 1, 1, 1, 1, 1, 1, 0, 0, 1, 0, 1, 1, 1, 'Customer', 'Commission Agent', 0, 0, '#000000', NULL, '{\"types_of_service\":{\"types_of_service_label\":null},\"tables\":{\"table_label\":null},\"service_staff\":{\"service_staff_label\":\"Service staff\"},\"repair\":{\"repair_status_label\":null,\"repair_warranty_label\":null,\"brand_label\":null,\"device_label\":null,\"model_no_label\":null,\"serial_no_label\":null,\"defects_label\":null,\"repair_checklist_label\":null}}', '{\"proforma_heading\":\"Proforma invoice\",\"sales_order_heading\":\"Sales Order\",\"due_date_label\":\"Due Date\",\"show_due_date\":\"1\",\"total_quantity_label\":\"Total Quantity\",\"item_discount_label\":\"Discount\",\"discounted_unit_price_label\":\"Price after discount\",\"show_base_unit_details\":\"1\",\"total_items_label\":null,\"show_total_in_words\":\"1\",\"num_to_word_format\":\"international\",\"tax_summary_label\":null,\"show_qr_code_label\":\"1\",\"zatca_qr\":\"1\"}', 1, 1, 0, '1689164410_5db39a81-a04b-4f58-871e-9b9f6d04.png', 1, '[\"business_name\",\"address\",\"invoice_datetime\",\"subtotal\",\"customer_name\",\"invoice_url\"]', 'classic', 'Credit Note', 'Reference No', 'Credit Amount', NULL, 1, 'DUE', 'Change Return', '[\"product_custom_field1\",\"product_custom_field2\"]', '[\"custom_field1\",\"custom_field2\",\"custom_field3\",\"custom_field4\"]', NULL, '2023-07-06 07:14:15', '2024-01-09 13:16:30'),
(5, 'Default', NULL, 'Invoice No.', NULL, 'Invoice', NULL, NULL, NULL, NULL, NULL, NULL, NULL, NULL, 'Subtotal', 'Discount', NULL, 'Tax', 'Total', NULL, 'Total Due', 'Total Paid', 1, NULL, NULL, 'Date', NULL, 1, 1, 0, 0, 0, 1, 0, 0, 0, 1, NULL, 1, 'Product', 'Quantity', 'Unit Price', 'Subtotal', NULL, NULL, 1, 0, 1, 1, 1, 0, 0, 1, 1, 0, 0, 1, 0, 1, 1, 1, 'Customer', NULL, 0, 0, '#000000', NULL, '{\"types_of_service\":{\"types_of_service_label\":null},\"service_staff\":{\"show_service_staff\":\"1\",\"service_staff_label\":null},\"repair\":{\"repair_status_label\":null,\"repair_warranty_label\":null,\"brand_label\":null,\"device_label\":null,\"model_no_label\":null,\"serial_no_label\":null,\"defects_label\":null,\"repair_checklist_label\":null}}', '{\"proforma_heading\":null,\"sales_order_heading\":null,\"due_date_label\":null,\"total_quantity_label\":null,\"item_discount_label\":null,\"discounted_unit_price_label\":null,\"show_product_description\":\"1\",\"show_warranty_name\":\"1\",\"show_warranty_exp_date\":\"1\",\"show_warranty_description\":\"1\",\"show_base_unit_details\":\"1\",\"total_items_label\":null,\"show_total_in_words\":\"1\",\"num_to_word_format\":\"international\",\"tax_summary_label\":null,\"show_qr_code_label\":\"1\"}', 1, 4, 0, NULL, 0, '[\"business_name\",\"address\",\"invoice_datetime\",\"subtotal\",\"customer_name\"]', 'classic', NULL, NULL, NULL, NULL, 1, NULL, NULL, '[\"product_custom_field1\"]', NULL, NULL, '2023-08-21 20:54:51', '2023-10-28 14:17:55'),
(6, 'Default', NULL, 'Invoice No.', NULL, 'Invoice', NULL, NULL, NULL, NULL, NULL, NULL, NULL, NULL, 'Subtotal', 'Discount', NULL, 'Tax', 'Total', NULL, 'Total Due', 'Total Paid', 0, NULL, NULL, 'Date', NULL, 1, 1, 1, 0, 0, 1, 0, 0, 0, 0, NULL, 0, 'Product', 'Quantity', 'Unit Price', 'Subtotal', NULL, '1696415767_ayan-cycle-mart.png', 1, 1, 0, 1, 1, 1, 1, 1, 1, 0, 0, 1, 0, 1, 1, 1, 'Customer', NULL, 0, 0, '#000000', NULL, NULL, '{\"proforma_heading\":null,\"sales_order_heading\":null,\"due_date_label\":null,\"show_due_date\":\"1\",\"total_quantity_label\":null,\"item_discount_label\":null,\"discounted_unit_price_label\":null,\"show_product_description\":\"1\",\"total_items_label\":null,\"show_total_in_words\":\"1\",\"num_to_word_format\":\"international\",\"tax_summary_label\":null,\"show_qr_code_label\":\"1\",\"zatca_qr\":\"1\"}', 1, 5, 0, NULL, 1, '[\"business_name\",\"address\",\"invoice_datetime\",\"customer_name\"]', 'classic', NULL, NULL, NULL, NULL, 1, NULL, NULL, NULL, NULL, NULL, '2023-09-26 19:47:54', '2023-11-07 17:25:17'),
(7, 'ELC', NULL, 'Invoice No.', 'Quotation number', 'Invoice', NULL, NULL, NULL, NULL, NULL, NULL, NULL, 'Quotation', 'Subtotal', 'Discount', NULL, 'Tax', 'Total', 'Round Off', 'Due', 'Total paid', 1, NULL, NULL, 'Date', NULL, 1, 1, 1, 0, 0, 1, 1, 1, 0, 1, NULL, 1, 'Product', 'Quantity', 'Unit Price', 'Subtotal', 'HSN', NULL, 0, 1, 1, 1, 1, 1, 1, 1, 1, 0, 0, 1, 0, 1, 1, 1, 'Customer', 'Commission Agent', 0, 0, '#000000', NULL, '{\"types_of_service\":{\"types_of_service_label\":null},\"service_staff\":{\"service_staff_label\":\"Service staff\"}}', '{\"proforma_heading\":\"Proforma invoice\",\"sales_order_heading\":\"Sales Order\",\"due_date_label\":\"Due Date\",\"show_due_date\":\"1\",\"total_quantity_label\":\"Total Quantity\",\"item_discount_label\":\"Discount\",\"discounted_unit_price_label\":\"Price after discount\",\"show_product_description\":\"1\",\"show_warranty_name\":\"1\",\"show_warranty_exp_date\":\"1\",\"show_warranty_description\":\"1\",\"show_base_unit_details\":\"1\",\"total_items_label\":null,\"show_total_in_words\":\"1\",\"num_to_word_format\":\"international\",\"tax_summary_label\":null}', 0, 1, 1, NULL, 1, '[\"business_name\",\"address\",\"invoice_datetime\"]', 'classic', 'Credit Note', 'Reference No', 'Credit Amount', NULL, 1, NULL, 'Change Return', '[\"product_custom_field1\",\"product_custom_field2\"]', NULL, NULL, '2023-09-26 23:58:45', '2023-10-01 00:15:50'),
(8, 'Default', NULL, 'Invoice No.', NULL, 'Invoice', NULL, NULL, NULL, NULL, NULL, NULL, NULL, NULL, 'Subtotal', 'Discount', NULL, 'Tax', 'Total', NULL, 'Total Due', 'Total Paid', 0, NULL, NULL, 'Date', NULL, 1, 1, 1, 0, 0, 0, 0, 0, 0, 0, NULL, 0, 'Product', 'Quantity', 'Unit Price', 'Subtotal', NULL, NULL, 1, 0, 1, 1, 1, 1, 1, 1, 1, 0, 0, 1, 0, 1, 1, 1, 'Customer', NULL, 0, 0, '#000000', NULL, '{\"types_of_service\":{\"types_of_service_label\":null}}', '{\"proforma_heading\":null,\"sales_order_heading\":null,\"due_date_label\":null,\"total_quantity_label\":null,\"item_discount_label\":null,\"discounted_unit_price_label\":null,\"show_warranty_name\":\"1\",\"show_warranty_exp_date\":\"1\",\"show_warranty_description\":\"1\",\"total_items_label\":null,\"show_total_in_words\":\"1\",\"num_to_word_format\":\"international\",\"tax_summary_label\":null}', 1, 6, 0, NULL, 1, NULL, 'slim2', NULL, NULL, NULL, NULL, 1, NULL, NULL, '[\"product_custom_field1\"]', NULL, NULL, '2023-09-29 15:25:07', '2023-10-18 10:27:34'),
(9, 'Custom', '<p>Mridha Enterprise&nbsp;</p>', 'Invoice No.', 'Quotation number', 'Invoice', 'mridha', 'bgfbhgbn', NULL, NULL, NULL, NULL, NULL, 'Quotation', 'Subtotal', 'Discount', NULL, 'Tax', 'Total', 'Round Off', 'Due', 'Total paid', 0, NULL, NULL, 'Date', NULL, 1, 0, 1, 0, 0, 0, 0, 0, 0, 0, NULL, 0, 'Product', 'Quantity', 'Unit Price', 'Subtotal', 'HSN', NULL, 0, 1, 1, 1, 1, 1, 1, 1, 1, 0, 0, 1, 0, 0, 1, 1, 'Customer', 'Commission Agent', 0, 0, '#000000', NULL, '{\"types_of_service\":{\"types_of_service_label\":null},\"service_staff\":{\"show_service_staff\":\"1\",\"service_staff_label\":\"Service staff\"}}', '{\"proforma_heading\":\"Proforma invoice\",\"sales_order_heading\":\"Sales Order\",\"due_date_label\":\"Due Date\",\"show_due_date\":\"1\",\"sell_custom_fields1\":\"1\",\"sell_custom_fields2\":\"1\",\"sell_custom_fields3\":\"1\",\"total_quantity_label\":\"Total Quantity\",\"item_discount_label\":\"Discount\",\"discounted_unit_price_label\":\"Price after discount\",\"total_items_label\":null,\"num_to_word_format\":\"international\",\"tax_summary_label\":null}', 0, 1, 0, NULL, 0, NULL, 'classic', 'Credit Note', 'Reference No', 'Credit Amount', NULL, 0, NULL, 'Change Return', NULL, NULL, NULL, '2023-10-01 02:00:37', '2023-10-01 02:03:24'),
(10, 'Default', NULL, 'Invoice No.', NULL, 'Invoice', NULL, NULL, NULL, NULL, NULL, NULL, NULL, NULL, 'Subtotal', 'Discount', NULL, 'Tax', 'Total', NULL, 'Total Due', 'Total Paid', 0, NULL, NULL, 'Date', NULL, 1, 0, 0, 0, 0, 0, 0, 0, 0, 0, NULL, 0, 'Product', 'Quantity', 'Unit Price', 'Subtotal', NULL, NULL, 0, 0, 0, 0, 0, 0, 0, 0, 1, 0, 0, 0, 0, 1, 1, 1, 'Customer', NULL, 0, 0, '#000000', NULL, '{\"tables\":{\"table_label\":null},\"service_staff\":{\"service_staff_label\":null}}', '{\"proforma_heading\":null,\"sales_order_heading\":null,\"due_date_label\":null,\"total_quantity_label\":null,\"item_discount_label\":null,\"discounted_unit_price_label\":null,\"total_items_label\":null,\"show_total_in_words\":\"1\",\"num_to_word_format\":\"international\",\"tax_summary_label\":null}', 1, 7, 0, NULL, 0, NULL, 'slim2', NULL, NULL, NULL, NULL, 1, 'DUE', NULL, NULL, NULL, NULL, '2023-10-03 00:01:20', '2024-01-31 22:29:55'),
(11, 'Default', NULL, 'Invoice No.', NULL, 'Invoice', NULL, NULL, NULL, NULL, NULL, '', '', NULL, 'Subtotal', 'Discount', NULL, 'Tax', 'Total', NULL, 'Total Due', 'Total Paid', 0, NULL, NULL, 'Date', NULL, 1, 0, 1, 0, 0, 1, 0, 0, 0, 0, NULL, 0, 'Product', 'Quantity', 'Unit Price', 'Subtotal', NULL, NULL, 0, 0, 1, 1, 1, 1, 1, 1, 1, 0, 0, 1, 0, 0, 1, 1, 'Customer', NULL, 0, 0, '#000000', '', NULL, NULL, 1, 8, 0, NULL, 0, NULL, 'classic', NULL, NULL, NULL, NULL, 0, NULL, NULL, NULL, NULL, NULL, '2023-10-05 02:03:48', '2023-10-05 02:03:48'),
(12, 'Slim', NULL, 'Invoice No.', 'Quotation number', 'Invoice', NULL, NULL, NULL, NULL, NULL, NULL, NULL, 'Quotation', 'Subtotal', 'Discount', NULL, 'Tax', 'Total', 'Round Off', 'Due', 'Total paid', 1, NULL, NULL, 'Date', NULL, 1, 0, 0, 0, 0, 0, 0, 0, 0, 0, NULL, 0, 'Product', 'Quantity', 'Unit Price', 'Subtotal', 'HSN', NULL, 1, 0, 0, 1, 1, 1, 1, 1, 1, 0, 0, 1, 0, 0, 1, 1, 'Customer', 'Commission Agent', 0, 0, '#000000', NULL, '{\"types_of_service\":{\"types_of_service_label\":null}}', '{\"proforma_heading\":\"Proforma invoice\",\"sales_order_heading\":\"Sales Order\",\"due_date_label\":\"Due Date\",\"show_due_date\":\"1\",\"total_quantity_label\":\"Total Quantity\",\"item_discount_label\":\"Discount\",\"discounted_unit_price_label\":\"Price after discount\",\"total_items_label\":null,\"show_total_in_words\":\"1\",\"num_to_word_format\":\"international\",\"tax_summary_label\":null}', 0, 6, 0, NULL, 0, NULL, 'slim', 'Credit Note', 'Reference No', 'Credit Amount', NULL, 1, NULL, 'Change Return', NULL, NULL, NULL, '2023-10-05 16:26:27', '2023-10-18 10:31:14'),
(13, 'Default', '<h4>ডিলার: &nbsp;এ.টি আই,বি ,এইচ, এল, কুংফু সিরামিকর্স,ইউরো টাইলস তুষার সিরামিকস।&nbsp;</h4>', 'Invoice No.', NULL, NULL, NULL, 'ঠিকানা:২৩১/৩, বি.বি রোড, হাসনাত প্লাজা,বালুর মাঠ চাষাড়া নারায়ণগঞ্জ।', NULL, 'মোবাইল:1425636454', NULL, NULL, NULL, NULL, 'Subtotal', 'Discount', NULL, NULL, 'Total', NULL, 'Total Due', 'Total Paid', 0, NULL, NULL, 'Date', NULL, 1, 1, 0, 0, 0, 0, 0, 0, 0, 1, NULL, 0, 'Product', 'Quantity', 'Unit Price', 'Subtotal', NULL, '1701273387_WhatsApp Image 2023-11-29 at 17.08.13.jpeg', 1, 0, 0, 0, 0, 0, 0, 0, 0, 0, 0, 0, 0, 1, 1, 1, 'Customer', NULL, 0, 0, '#000000', '<p>চালান মোতাবেক অবশ্যই পণ্য বুঝে নিবেন। পণ্য &nbsp;বুঝে নেওয়ার পর কোন প্রকার অভিযোগ গ্রহণযোগ্য নয়। আমাদের পণ্য গোডাউন থেকে ডেলিভারি হয়। পণ্য ডেলিভারি চার্জ ক্রেতা প্রদান করেন। ধন্যবাদ আবার আসবেন।</p>\r\n<p>&nbsp;Bizzself:01819456593</p>\r\n<p>&nbsp;</p>\r\n<p>&nbsp; &nbsp; &nbsp;<strong>অনুমোদিত ডিলার :&nbsp;</strong></p>\r\n<p><strong>&nbsp;</strong><img src=\"../../public/uploads/brand_logo/dbl_logo.png\" alt=\"DBL Logo\" width=\"60\" height=\"60\" /> &nbsp;<img src=\"../../public/uploads/brand_logo/aura.jpg\" alt=\"Aura Logo\" width=\"60\" height=\"47\" /> &nbsp;<img src=\"../../public/uploads/brand_logo/perla.jpg\" alt=\"Peria\" width=\"60\" height=\"73\" /> &nbsp;<img src=\"../../public/uploads/brand_logo/vinci.jpg\" alt=\"Vinci\" width=\"60\" height=\"70\" /></p>\r\n<h1>&nbsp;&nbsp;</h1>\r\n<p>&nbsp;</p>', NULL, '{\"proforma_heading\":null,\"sales_order_heading\":null,\"due_date_label\":null,\"show_due_date\":\"1\",\"sell_custom_fields2\":\"1\",\"total_quantity_label\":null,\"item_discount_label\":null,\"discounted_unit_price_label\":null,\"show_base_unit_details\":\"1\",\"total_items_label\":\"Tatal Items\",\"show_total_in_words\":\"1\",\"num_to_word_format\":\"international\",\"tax_summary_label\":null,\"show_qr_code_label\":\"1\"}', 1, 9, 0, NULL, 1, '[\"invoice_url\"]', 'detailed', NULL, NULL, NULL, '[\"BOX\",\"PIS\",null,null]', 1, NULL, NULL, '[\"product_custom_field1\",\"product_custom_field2\"]', NULL, NULL, '2023-10-07 18:07:41', '2024-06-11 03:27:17'),
(15, 'Default', NULL, 'Invoice No.', NULL, 'Invoice', NULL, NULL, NULL, NULL, NULL, NULL, NULL, NULL, 'Subtotal', 'Discount', NULL, 'Tax', 'Total', NULL, 'Total Due', 'Total Paid', 0, NULL, NULL, 'Date', NULL, 1, 1, 0, 0, 0, 0, 0, 0, 0, 0, NULL, 0, 'Product', 'Quantity', 'Unit Price', 'Subtotal', NULL, NULL, 0, 0, 1, 1, 1, 1, 0, 1, 1, 1, 0, 0, 0, 1, 1, 1, 'Customer', NULL, 0, 0, '#000000', '<p>বি:দ্র&nbsp; :&nbsp; * পানিতে ভেজা কিংবা ময়লা টাইলস্ ফেরত যোগ্য নহে ।</p>\r\n<p>&nbsp; &nbsp; &nbsp; &nbsp; &nbsp; &nbsp;* বিক্রিত পণ্য&nbsp; ১ মাসের বেশি হলে ফেরত যোগ্য নহে ।</p>\r\n<p>&nbsp; &nbsp; &nbsp; &nbsp; &nbsp; &nbsp;* চালান হতে পণ্য বুঝে নিবেন । অন্যথায় প্রতিষ্ঠান দায়ী নহে ।</p>', NULL, '{\"proforma_heading\":null,\"sales_order_heading\":null,\"due_date_label\":null,\"total_quantity_label\":null,\"item_discount_label\":null,\"discounted_unit_price_label\":null,\"total_items_label\":null,\"show_total_in_words\":\"1\",\"num_to_word_format\":\"international\",\"tax_summary_label\":null}', 1, 11, 0, NULL, 1, '[\"business_name\",\"address\",\"invoice_no\",\"invoice_datetime\",\"subtotal\",\"customer_name\"]', 'classic', NULL, NULL, NULL, NULL, 1, 'Total Due (All sales)', NULL, NULL, NULL, NULL, '2023-10-14 16:34:57', '2023-12-19 17:48:14'),
(16, 'Default', NULL, 'Invoice No.', NULL, 'Invoice', NULL, NULL, NULL, NULL, NULL, '', '', NULL, 'Subtotal', 'Discount', NULL, 'Tax', 'Total', NULL, 'Total Due', 'Total Paid', 0, NULL, NULL, 'Date', NULL, 1, 0, 1, 0, 0, 1, 0, 0, 0, 0, NULL, 0, 'Product', 'Quantity', 'Unit Price', 'Subtotal', NULL, NULL, 0, 0, 1, 1, 1, 1, 1, 1, 1, 0, 0, 1, 0, 0, 1, 1, 'Customer', NULL, 0, 0, '#000000', '', NULL, NULL, 1, 12, 0, NULL, 0, NULL, 'classic', NULL, NULL, NULL, NULL, 0, NULL, NULL, NULL, NULL, NULL, '2023-10-22 17:19:36', '2023-10-22 17:19:36'),
(17, 'Default', NULL, 'Invoice No.', NULL, 'Invoice', NULL, NULL, NULL, NULL, NULL, '', '', NULL, 'Subtotal', 'Discount', NULL, 'Tax', 'Total', NULL, 'Total Due', 'Total Paid', 0, NULL, NULL, 'Date', NULL, 1, 0, 1, 0, 0, 1, 0, 0, 0, 0, NULL, 0, 'Product', 'Quantity', 'Unit Price', 'Subtotal', NULL, NULL, 0, 0, 1, 1, 1, 1, 1, 1, 1, 0, 0, 1, 0, 0, 1, 1, 'Customer', NULL, 0, 0, '#000000', '', NULL, NULL, 1, 13, 0, NULL, 0, NULL, 'classic', NULL, NULL, NULL, NULL, 0, NULL, NULL, NULL, NULL, NULL, '2023-11-12 14:00:17', '2023-11-12 14:00:17'),
(18, 'Slim', NULL, 'Invoice No.', 'Quotation number', 'Invoice', NULL, NULL, NULL, NULL, NULL, NULL, NULL, 'Quotation', 'Subtotal', 'Discount', NULL, 'Tax', 'Total', 'Round Off', 'Due', 'Total paid', 0, NULL, NULL, 'Date', NULL, 1, 0, 1, 0, 0, 0, 0, 0, 0, 0, NULL, 0, 'Product', 'Quantity', 'Unit Price', 'Subtotal', 'HSN', NULL, 0, 0, 1, 1, 1, 1, 1, 1, 1, 0, 0, 1, 0, 0, 1, 1, 'Customer', 'Commission Agent', 0, 0, '#000000', NULL, '{\"types_of_service\":{\"types_of_service_label\":null},\"service_staff\":{\"show_service_staff\":\"1\",\"service_staff_label\":\"Service staff\"},\"repair\":{\"show_repair_status\":\"1\",\"repair_status_label\":\"Repair Status\",\"show_repair_warranty\":\"1\",\"repair_warranty_label\":\"Repair Warranty\",\"show_brand\":\"1\",\"brand_label\":\"Brand\",\"show_device\":\"1\",\"device_label\":\"Device\",\"show_model\":\"1\",\"model_no_label\":\"Model No.\",\"show_serial_no\":\"1\",\"serial_no_label\":\"Serial No.\",\"show_defects\":\"1\",\"defects_label\":\"Defects\",\"show_repair_checklist\":\"1\",\"repair_checklist_label\":\"Repair Checklist\"}}', '{\"proforma_heading\":\"Proforma invoice\",\"sales_order_heading\":\"Sales Order\",\"due_date_label\":\"Due Date\",\"total_quantity_label\":\"Total Quantity\",\"item_discount_label\":\"Discount\",\"discounted_unit_price_label\":\"Price after discount\",\"total_items_label\":null,\"num_to_word_format\":\"international\",\"tax_summary_label\":null}', 0, 1, 0, NULL, 0, NULL, 'slim2', 'Credit Note', 'Reference No', 'Credit Amount', NULL, 0, NULL, 'Change Return', NULL, NULL, NULL, '2023-11-14 12:41:30', '2023-11-14 12:41:30'),
(19, 'Default', NULL, 'Invoice No.', NULL, 'Invoice', NULL, NULL, NULL, NULL, NULL, '', '', NULL, 'Subtotal', 'Discount', NULL, 'Tax', 'Total', NULL, 'Total Due', 'Total Paid', 0, NULL, NULL, 'Date', NULL, 1, 0, 1, 0, 0, 1, 0, 0, 0, 0, NULL, 0, 'Product', 'Quantity', 'Unit Price', 'Subtotal', NULL, NULL, 0, 0, 1, 1, 1, 1, 1, 1, 1, 0, 0, 1, 0, 0, 1, 1, 'Customer', NULL, 0, 0, '#000000', '', NULL, NULL, 1, 14, 0, NULL, 0, NULL, 'classic', NULL, NULL, NULL, NULL, 0, NULL, NULL, NULL, NULL, NULL, '2023-11-18 17:31:32', '2023-11-18 17:31:32'),
(20, 'Default', '<h2>মায়ের দোয়া টাইলস হাউজ&nbsp;</h2>\r\n<h4>হাজী মোঃ মকবুল হোসেন ইঞ্জিনিয়ার মার্কেট নবীনগর রোড ,কোম্পানীগঞ্জ,মুরাদনগর ,কুমিল্লা ।</h4>\r\n<p>প্রো : মোঃ ছাইম সরকার -০১৮৫০৫৫৩৯৩৫</p>\r\n<p>শো -রুম &nbsp;নাম্বার -০১৮৭০-৪১০২৪১</p>\r\n<p>দেশি -বিদেশি টাইলস, মার্বেল, মোজায়িক, সাদা সিমেন্ট এবং স্যানিটারী সামগ্রী পাইকারি ও খুচরা বিক্রেতা।</p>\r\n<p>&nbsp;</p>', 'Invoice No.', NULL, NULL, NULL, NULL, NULL, NULL, NULL, NULL, NULL, NULL, 'Subtotal', 'Discount', NULL, 'Tax', 'Total', NULL, 'Total Due', 'Total Paid', 0, NULL, NULL, 'Date', NULL, 1, 1, 0, 0, 0, 0, 0, 0, 0, 1, NULL, 0, 'Product', 'Quantity', 'Unit Price', 'Subtotal', NULL, '1701371824_WhatsApp Image 2023-11-30 at 11.01.55.jpeg', 1, 0, 0, 0, 0, 0, 0, 0, 0, 0, 0, 0, 0, 1, 1, 1, 'Customer', NULL, 0, 0, '#000000', '<p>বিঃ দ্রঃ আসসালামু আলাইকুম মেসার্স মায়ের দোয়া টাইলস এন্ড সেনেটারি এর পক্ষ থেকে আপনাকে স্বাগতম। আপনার ক্রয়-কৃত পণ্য নিজ দায়িত্বে বুঝে নিন বিকৃত পণ্য এক মাসের মধ্যে ফেরতযোগ্য ভেজা ভাঙ্গা সিমেন্ট বালু লাগানো টাইলস এবং সিরামিক পণ্য ফেরত নেওয়া হয় না।</p>\r\n<p>অনুমোদিত ডিলার :</p>\r\n<p>&nbsp; &nbsp; &nbsp; &nbsp; &nbsp;<img src=\"../../public/uploads/brand_logo/dbl_logo.png\" alt=\"dbl logo\" width=\"70\" height=\"70\" /> &nbsp; &nbsp;<img src=\"../../public/uploads/brand_logo/aura.jpg\" alt=\"Aura logo\" width=\"70\" height=\"55\" /> &nbsp; &nbsp;<img src=\"../../public/uploads/brand_logo/perla.jpg\" alt=\"Perla logo\" width=\"70\" height=\"85\" /> &nbsp; &nbsp;<img src=\"../../public/uploads/brand_logo/vinci.jpg\" alt=\"Vinci\" width=\"70\" height=\"82\" /><img src=\"../../public/uploads/brand_logo/rak.jpeg\" alt=\"RAK\" width=\"70\" height=\"73\" /></p>\r\n<p>&nbsp;Bizzself:01819456593</p>', NULL, '{\"proforma_heading\":null,\"sales_order_heading\":null,\"due_date_label\":null,\"show_due_date\":\"1\",\"total_quantity_label\":null,\"item_discount_label\":null,\"discounted_unit_price_label\":null,\"show_base_unit_details\":\"1\",\"total_items_label\":null,\"show_total_in_words\":\"1\",\"num_to_word_format\":\"international\",\"tax_summary_label\":null,\"show_qr_code_label\":\"1\"}', 1, 15, 0, NULL, 1, '[\"business_name\",\"invoice_no\",\"invoice_datetime\",\"subtotal\",\"total_amount\"]', 'unique', NULL, NULL, NULL, '[\"a\",\"b\",null,null]', 1, NULL, NULL, NULL, NULL, NULL, '2023-11-27 17:16:16', '2024-03-18 00:16:28'),
(21, 'TTT', NULL, 'Invoice No.', 'Quotation number', 'Invoice', NULL, NULL, NULL, NULL, NULL, NULL, NULL, 'Quotation', 'Subtotal', 'Discount', NULL, 'Tax', 'Total', 'Round Off', 'Due', 'Total paid', 0, NULL, NULL, 'Date', NULL, 1, 0, 1, 0, 0, 0, 0, 0, 0, 0, NULL, 0, 'Product', 'Quantity', 'Unit Price', 'Subtotal', 'HSN', NULL, 1, 0, 1, 1, 1, 1, 1, 1, 1, 0, 0, 1, 0, 0, 1, 1, 'Customer', 'Commission Agent', 0, 0, '#000000', NULL, NULL, '{\"proforma_heading\":\"Proforma invoice\",\"sales_order_heading\":\"Sales Order\",\"due_date_label\":\"Due Date\",\"total_quantity_label\":\"Total Quantity\",\"item_discount_label\":\"Discount\",\"discounted_unit_price_label\":\"Price after discount\",\"total_items_label\":null,\"num_to_word_format\":\"international\",\"tax_summary_label\":null}', 0, 9, 0, NULL, 0, NULL, 'classic', 'Credit Note', 'Reference No', 'Credit Amount', NULL, 0, NULL, 'Change Return', NULL, NULL, NULL, '2023-11-29 17:06:53', '2023-11-29 17:06:53'),
(24, 'Default', '<p>3rd Floor,Paradise Castle Tower,Balurmath,Narayanganj.Call: 8801601115656</p>', 'Invoice No.', NULL, 'Invoice', NULL, NULL, NULL, NULL, NULL, NULL, NULL, NULL, 'Subtotal', 'Discount', NULL, 'Tax', 'Total', NULL, 'Total Due', 'Total Paid', 0, NULL, NULL, 'Date', NULL, 1, 0, 0, 0, 0, 0, 0, 0, 0, 0, NULL, 0, 'Product', 'Quantity', 'Unit Price', 'Subtotal', NULL, '1703489930_WhatsApp Image 2023-12-17 at 20.53.20.jpeg', 1, 0, 0, 0, 0, 0, 0, 0, 0, 0, 0, 0, 0, 1, 1, 1, 'Customer', NULL, 0, 0, '#000000', '<h3><strong>Vat included</strong></h3>\r\n<h2><strong>অতিরিক্ত খাবার অপচয় করলে&nbsp; &nbsp; &nbsp; &nbsp; &nbsp; &nbsp; &nbsp;২০% চার্জ করা হবে।</strong></h2>', '{\"types_of_service\":{\"types_of_service_label\":null},\"tables\":{\"show_table\":\"1\",\"table_label\":null},\"service_staff\":{\"show_service_staff\":\"1\",\"service_staff_label\":null}}', '{\"proforma_heading\":null,\"sales_order_heading\":null,\"due_date_label\":null,\"show_due_date\":\"1\",\"total_quantity_label\":null,\"item_discount_label\":null,\"discounted_unit_price_label\":null,\"total_items_label\":null,\"show_total_in_words\":\"1\",\"num_to_word_format\":\"international\",\"tax_summary_label\":null,\"show_qr_code_label\":\"1\"}', 1, 18, 0, NULL, 1, NULL, 'slim2', NULL, NULL, NULL, NULL, 1, 'DUE', NULL, NULL, NULL, NULL, '2023-12-19 00:49:11', '2024-05-24 19:06:14'),
(25, 'Default', NULL, 'Invoice No.', NULL, NULL, NULL, NULL, NULL, NULL, NULL, NULL, NULL, NULL, 'Subtotal', 'Discount', NULL, 'Tax', 'Total', NULL, 'Total Due', 'Total Paid', 0, NULL, NULL, 'Date', NULL, 1, 1, 0, 0, 0, 0, 0, 0, 0, 1, NULL, 1, 'Product', 'Quantity', 'Unit Price', 'Subtotal', NULL, '1705602075_270191916_297142619008095_1300542876461054421_n.jpg', 1, 0, 0, 0, 0, 0, 0, 0, 0, 0, 0, 0, 0, 1, 1, 1, 'Customer', NULL, 0, 0, '#000000', NULL, '{\"service_staff\":{\"show_service_staff\":\"1\",\"service_staff_label\":null},\"repair\":{\"show_repair_status\":\"1\",\"repair_status_label\":null,\"repair_warranty_label\":null,\"show_brand\":\"1\",\"brand_label\":null,\"device_label\":null,\"model_no_label\":null,\"show_serial_no\":\"1\",\"serial_no_label\":null,\"defects_label\":null,\"show_repair_checklist\":\"1\",\"repair_checklist_label\":null}}', '{\"proforma_heading\":null,\"sales_order_heading\":null,\"due_date_label\":null,\"total_quantity_label\":null,\"item_discount_label\":null,\"discounted_unit_price_label\":null,\"show_base_unit_details\":\"1\",\"total_items_label\":null,\"show_total_in_words\":\"1\",\"num_to_word_format\":\"international\",\"tax_summary_label\":null,\"show_qr_code_label\":\"1\"}', 1, 19, 0, NULL, 1, '[\"business_name\",\"invoice_no\"]', 'detailed', NULL, NULL, NULL, NULL, 1, NULL, NULL, NULL, NULL, NULL, '2024-01-15 23:46:29', '2024-01-19 00:28:07'),
(26, 'Default', NULL, 'Invoice No.', NULL, 'Invoice', NULL, NULL, NULL, NULL, NULL, '', '', NULL, 'Subtotal', 'Discount', NULL, 'Tax', 'Total', NULL, 'Total Due', 'Total Paid', 0, NULL, NULL, 'Date', NULL, 1, 0, 1, 0, 0, 1, 0, 0, 0, 0, NULL, 0, 'Product', 'Quantity', 'Unit Price', 'Subtotal', NULL, NULL, 0, 0, 1, 1, 1, 1, 1, 1, 1, 0, 0, 1, 0, 0, 1, 1, 'Customer', NULL, 0, 0, '#000000', '', NULL, NULL, 1, 20, 0, NULL, 0, NULL, 'classic', NULL, NULL, NULL, NULL, 0, NULL, NULL, NULL, NULL, NULL, '2024-01-29 00:11:27', '2024-01-29 00:11:27'),
(27, 'Default', NULL, 'Invoice No.', NULL, 'Invoice', NULL, NULL, NULL, NULL, NULL, '', '', NULL, 'Subtotal', 'Discount', NULL, 'Tax', 'Total', NULL, 'Total Due', 'Total Paid', 0, NULL, NULL, 'Date', NULL, 1, 0, 1, 0, 0, 1, 0, 0, 0, 0, NULL, 0, 'Product', 'Quantity', 'Unit Price', 'Subtotal', NULL, NULL, 0, 0, 1, 1, 1, 1, 1, 1, 1, 0, 0, 1, 0, 0, 1, 1, 'Customer', NULL, 0, 0, '#000000', '', NULL, NULL, 1, 21, 0, NULL, 0, NULL, 'classic', NULL, NULL, NULL, NULL, 0, NULL, NULL, NULL, NULL, NULL, '2024-02-05 17:31:17', '2024-02-05 17:31:17'),
(28, 'Default', NULL, 'Invoice No.', NULL, 'Invoice', NULL, NULL, NULL, NULL, NULL, '', '', NULL, 'Subtotal', 'Discount', NULL, 'Tax', 'Total', NULL, 'Total Due', 'Total Paid', 0, NULL, NULL, 'Date', NULL, 1, 0, 1, 0, 0, 1, 0, 0, 0, 0, NULL, 0, 'Product', 'Quantity', 'Unit Price', 'Subtotal', NULL, NULL, 0, 0, 1, 1, 1, 1, 1, 1, 1, 0, 0, 1, 0, 0, 1, 1, 'Customer', NULL, 0, 0, '#000000', '', NULL, NULL, 1, 22, 0, NULL, 0, NULL, 'classic', NULL, NULL, NULL, NULL, 0, NULL, NULL, NULL, NULL, NULL, '2024-02-08 01:08:39', '2024-02-08 01:08:39'),
(29, 'Default', NULL, 'Invoice No.', NULL, 'Invoice', NULL, NULL, NULL, NULL, NULL, NULL, NULL, NULL, 'Subtotal', 'Discount', NULL, 'Tax', 'Total', NULL, 'Total Due', 'Total Paid', 0, NULL, NULL, 'Date', NULL, 1, 0, 1, 0, 0, 1, 0, 0, 0, 0, NULL, 0, 'Product', 'Quantity', 'Unit Price', 'Subtotal', NULL, NULL, 0, 0, 1, 1, 1, 1, 1, 1, 1, 0, 0, 1, 0, 0, 1, 1, 'Customer', NULL, 0, 0, '#000000', NULL, NULL, '{\"proforma_heading\":null,\"sales_order_heading\":null,\"due_date_label\":null,\"total_quantity_label\":null,\"item_discount_label\":null,\"discounted_unit_price_label\":null,\"total_items_label\":null,\"num_to_word_format\":\"international\",\"tax_summary_label\":null}', 1, 23, 0, NULL, 1, NULL, 'unique', NULL, NULL, NULL, NULL, 0, NULL, NULL, NULL, NULL, NULL, '2024-02-15 15:04:12', '2024-06-24 18:35:12'),
(30, 'Default', NULL, 'Invoice No.', NULL, 'Invoice', NULL, NULL, NULL, NULL, NULL, NULL, NULL, NULL, 'Subtotal', 'Discount', NULL, 'Tax', 'Total', NULL, 'Total Due', 'Total Paid', 0, NULL, NULL, 'Date', NULL, 1, 0, 0, 0, 0, 0, 0, 0, 0, 0, NULL, 0, 'Product', 'Quantity', 'Unit Price', 'Subtotal', NULL, '1710600302_Untitled design.png', 1, 0, 0, 1, 0, 0, 0, 0, 1, 0, 0, 0, 0, 0, 1, 1, 'Customer', NULL, 0, 0, '#000000', '<p><strong>Return Policy:</strong><br /><em>*Please Bring your receipt as proof of purchase for return of exchange within 7 days.</em><br /><em>*Cash Refund is discourage</em></p>', '{\"service_staff\":{\"service_staff_label\":null}}', '{\"proforma_heading\":null,\"sales_order_heading\":null,\"due_date_label\":null,\"total_quantity_label\":null,\"item_discount_label\":null,\"discounted_unit_price_label\":null,\"total_items_label\":null,\"num_to_word_format\":\"international\",\"tax_summary_label\":null}', 1, 24, 0, NULL, 0, NULL, 'slim2', NULL, NULL, NULL, NULL, 1, NULL, NULL, NULL, NULL, NULL, '2024-02-25 00:20:13', '2024-05-13 13:33:16'),
(31, 'Default', NULL, 'Invoice No.', NULL, 'Invoice', NULL, NULL, NULL, NULL, NULL, '', '', NULL, 'Subtotal', 'Discount', NULL, 'Tax', 'Total', NULL, 'Total Due', 'Total Paid', 0, NULL, NULL, 'Date', NULL, 1, 0, 1, 0, 0, 1, 0, 0, 0, 0, NULL, 0, 'Product', 'Quantity', 'Unit Price', 'Subtotal', NULL, NULL, 0, 0, 1, 1, 1, 1, 1, 1, 1, 0, 0, 1, 0, 0, 1, 1, 'Customer', NULL, 0, 0, '#000000', '', NULL, NULL, 1, 25, 0, NULL, 0, NULL, 'classic', NULL, NULL, NULL, NULL, 0, NULL, NULL, NULL, NULL, NULL, '2024-02-25 21:33:54', '2024-02-25 21:33:54'),
(32, 'Default', NULL, 'Invoice No.', NULL, 'Invoice', NULL, NULL, NULL, NULL, NULL, NULL, NULL, NULL, 'Subtotal', 'Discount', NULL, 'Tax', 'Total', NULL, 'Total Due', 'Total Paid', 0, NULL, NULL, 'Date', NULL, 1, 0, 1, 0, 0, 0, 0, 0, 0, 0, NULL, 0, 'Product', 'Quantity', 'Unit Price', 'Subtotal', NULL, NULL, 0, 0, 1, 1, 1, 1, 1, 1, 1, 0, 0, 0, 0, 0, 1, 1, 'Customer', NULL, 0, 0, '#000000', NULL, NULL, '{\"proforma_heading\":null,\"sales_order_heading\":null,\"due_date_label\":null,\"total_quantity_label\":null,\"item_discount_label\":null,\"discounted_unit_price_label\":null,\"total_items_label\":null,\"num_to_word_format\":\"international\",\"tax_summary_label\":null}', 1, 26, 0, NULL, 1, NULL, 'unique', NULL, NULL, NULL, NULL, 0, NULL, NULL, NULL, NULL, NULL, '2024-03-16 17:05:30', '2024-04-04 11:08:05'),
(33, 'Default', NULL, 'Invoice No.', NULL, 'Invoice', NULL, NULL, NULL, NULL, NULL, '', '', NULL, 'Subtotal', 'Discount', NULL, 'Tax', 'Total', NULL, 'Total Due', 'Total Paid', 0, NULL, NULL, 'Date', NULL, 1, 0, 1, 0, 0, 1, 0, 0, 0, 0, NULL, 0, 'Product', 'Quantity', 'Unit Price', 'Subtotal', NULL, NULL, 0, 0, 1, 1, 1, 1, 1, 1, 1, 0, 0, 1, 0, 0, 1, 1, 'Customer', NULL, 0, 0, '#000000', '', NULL, NULL, 1, 27, 0, NULL, 0, NULL, 'classic', NULL, NULL, NULL, NULL, 0, NULL, NULL, NULL, NULL, NULL, '2024-06-26 10:23:52', '2024-06-26 10:23:52'),
(34, 'Default', NULL, 'Invoice No.', NULL, 'Invoice', NULL, NULL, NULL, NULL, NULL, NULL, NULL, NULL, 'Subtotal', 'Discount', NULL, 'Tax', 'Total', NULL, 'Total Due', 'Total Paid', 0, NULL, NULL, 'Date', NULL, 1, 0, 1, 0, 0, 1, 0, 0, 0, 0, NULL, 0, 'Product', 'Quantity', 'Unit Price', 'Subtotal', NULL, '1725801183_Black & White Luxury Typography Letter Logo.png', 1, 0, 1, 1, 1, 1, 0, 1, 1, 0, 0, 0, 0, 0, 1, 1, 'Customer', NULL, 0, 0, '#000000', NULL, '{\"service_staff\":{\"service_staff_label\":null}}', '{\"proforma_heading\":null,\"sales_order_heading\":null,\"due_date_label\":null,\"show_due_date\":\"1\",\"total_quantity_label\":null,\"item_discount_label\":null,\"discounted_unit_price_label\":null,\"total_items_label\":null,\"show_total_in_words\":\"1\",\"num_to_word_format\":\"international\",\"tax_summary_label\":null}', 1, 28, 0, NULL, 0, NULL, 'classic', NULL, NULL, NULL, '[\"Tex\",null,null,null]', 1, 'Total Due', NULL, NULL, NULL, NULL, '2024-06-29 17:24:44', '2024-09-09 14:41:13'),
(35, 'Default', NULL, 'বিল নং', NULL, 'Invoice', NULL, NULL, NULL, NULL, NULL, NULL, NULL, NULL, 'সাব মোট', 'ছাড়', NULL, 'Tax', 'মোট', NULL, 'বাকি', 'মোট প্রদান', 0, 'গ্রাহক নং', NULL, 'তারিখ', NULL, 1, 1, 1, 0, 0, 1, 0, 0, 0, 0, NULL, 0, 'পণ্য', 'পরিমাণ', 'মূল্য', 'মোট', NULL, NULL, 1, 1, 1, 1, 1, 1, 1, 1, 1, 0, 0, 1, 0, 0, 1, 1, 'গ্রাহক', NULL, 0, 0, '#000000', '<h6 style=\"text-align: center; line-height: 1;\"><span style=\"color: #000000;\">নামাজ বেহেস্তের চাবি, নিজে নামাজ পড়ুন অপরকে নামাজ পড়তে বলেন. সততাই ব্যবসার মূলধন</span></h6>\r\n<h5 style=\"text-align: center;\"><em>বিক্রি করা পণ্য ফেরত দেওয়া হবে না বা বিনিময় করা হবে না</em></h5>', NULL, '{\"proforma_heading\":null,\"sales_order_heading\":null,\"due_date_label\":null,\"total_quantity_label\":null,\"item_discount_label\":null,\"discounted_unit_price_label\":null,\"total_items_label\":\"\\u09ae\\u09cb\\u099f \\u09aa\\u09a3\\u09cd\\u09af\",\"num_to_word_format\":\"international\",\"tax_summary_label\":null}', 1, 29, 1, '1720199551_WhatsApp Image 2024-07-01 at 16.25.25.jpeg', 0, '[\"business_name\",\"invoice_no\",\"invoice_datetime\",\"subtotal\",\"customer_name\"]', 'classic', NULL, NULL, NULL, NULL, 1, 'মোট বাকি', NULL, NULL, NULL, NULL, '2024-07-03 04:44:29', '2024-07-24 18:01:21'),
(36, 'Default', NULL, 'Invoice No.', NULL, 'Invoice', NULL, NULL, NULL, NULL, NULL, '', '', NULL, 'Subtotal', 'Discount', NULL, 'Tax', 'Total', NULL, 'Total Due', 'Total Paid', 0, NULL, NULL, 'Date', NULL, 1, 0, 1, 0, 0, 1, 0, 0, 0, 0, NULL, 0, 'Product', 'Quantity', 'Unit Price', 'Subtotal', NULL, NULL, 0, 0, 1, 1, 1, 1, 1, 1, 1, 0, 0, 1, 0, 0, 1, 1, 'Customer', NULL, 0, 0, '#000000', '', NULL, NULL, 1, 30, 0, NULL, 0, NULL, 'classic', NULL, NULL, NULL, NULL, 0, NULL, NULL, NULL, NULL, NULL, '2024-07-09 03:07:29', '2024-07-09 03:07:29'),
(37, 'Default', '<p>3rd Floor, Paradise Castle Tower, Balurmath, Narayanganj. CALL : 01601115656</p>', 'Invoice No.', NULL, 'Invoice', NULL, NULL, NULL, NULL, NULL, NULL, NULL, NULL, 'Subtotal', 'Discount', NULL, 'Tax', 'Total', NULL, 'Total Due', 'Total Paid', 0, NULL, NULL, 'Date', NULL, 1, 0, 0, 0, 0, 0, 0, 0, 0, 0, NULL, 0, 'Product', 'Quantity', 'Unit Price', 'Subtotal', NULL, '1725134982_428711221_122127909974168712_7406950097323063542_n.jpg', 1, 0, 0, 0, 0, 0, 0, 0, 0, 0, 0, 0, 0, 1, 1, 1, 'Customer', NULL, 0, 0, '#000000', '<p>Vat included<br />অতিরিক্ত খাবার অপচয় করলে &nbsp; &nbsp; &nbsp; &nbsp; &nbsp; &nbsp; ২০% চার্জ করা হবে।</p>', '{\"types_of_service\":{\"types_of_service_label\":null},\"tables\":{\"show_table\":\"1\",\"table_label\":null},\"service_staff\":{\"show_service_staff\":\"1\",\"service_staff_label\":null}}', '{\"proforma_heading\":null,\"sales_order_heading\":null,\"due_date_label\":null,\"show_due_date\":\"1\",\"total_quantity_label\":null,\"item_discount_label\":null,\"discounted_unit_price_label\":null,\"total_items_label\":null,\"show_total_in_words\":\"1\",\"num_to_word_format\":\"international\",\"tax_summary_label\":null,\"show_qr_code_label\":\"1\"}', 1, 31, 0, NULL, 1, NULL, 'slim2', NULL, NULL, NULL, NULL, 1, NULL, NULL, NULL, NULL, NULL, '2024-09-01 01:45:47', '2024-09-01 02:09:42'),
(38, 'ELECTRO WORLD', '<p>ELECTRO WORLD</p>', 'Invoice No.', NULL, 'Invoice', NULL, NULL, NULL, NULL, NULL, NULL, NULL, NULL, 'Subtotal', 'Discount', NULL, 'Tax', 'Total', NULL, 'Total Due', 'Total Paid', 0, NULL, NULL, 'Date', NULL, 1, 1, 1, 0, 0, 0, 0, 0, 0, 1, NULL, 0, 'Product', 'Quantity', 'Unit Price', 'Subtotal', NULL, NULL, 0, 0, 1, 1, 1, 1, 1, 1, 1, 0, 0, 1, 0, 0, 1, 1, 'Customer', NULL, 0, 0, '#000000', NULL, NULL, '{\"proforma_heading\":null,\"sales_order_heading\":null,\"due_date_label\":null,\"total_quantity_label\":null,\"item_discount_label\":null,\"discounted_unit_price_label\":null,\"show_product_description\":\"1\",\"show_warranty_name\":\"1\",\"show_warranty_exp_date\":\"1\",\"show_warranty_description\":\"1\",\"show_base_unit_details\":\"1\",\"total_items_label\":null,\"show_total_in_words\":\"1\",\"num_to_word_format\":\"international\",\"tax_summary_label\":null}', 1, 32, 1, NULL, 0, NULL, 'classic', NULL, NULL, NULL, NULL, 1, NULL, NULL, NULL, NULL, NULL, '2024-09-14 00:45:26', '2024-09-23 18:15:56'),
(39, 'SYMPHOINY', '<p>SYMPHOINY</p>', 'Invoice No.', 'Quotation number', 'Invoice', NULL, NULL, NULL, NULL, NULL, NULL, NULL, 'Quotation', 'Subtotal', 'Discount', NULL, 'Tax', 'Total', 'Round Off', 'Due', 'Total paid', 0, NULL, NULL, 'Date', NULL, 1, 0, 1, 0, 0, 0, 0, 0, 0, 1, NULL, 0, 'Product', 'Quantity', 'Unit Price', 'Subtotal', 'HSN', NULL, 0, 0, 1, 1, 1, 1, 1, 1, 1, 0, 0, 1, 0, 0, 1, 1, 'Customer', 'Commission Agent', 0, 0, '#000000', NULL, NULL, '{\"proforma_heading\":\"Proforma invoice\",\"sales_order_heading\":\"Sales Order\",\"due_date_label\":\"Due Date\",\"show_due_date\":\"1\",\"total_quantity_label\":\"Total Quantity\",\"item_discount_label\":\"Discount\",\"discounted_unit_price_label\":\"Price after discount\",\"show_product_description\":\"1\",\"show_warranty_name\":\"1\",\"show_warranty_description\":\"1\",\"total_items_label\":null,\"num_to_word_format\":\"international\",\"tax_summary_label\":null}', 0, 32, 1, NULL, 0, NULL, 'detailed', 'Credit Note', 'Reference No', 'Credit Amount', NULL, 1, NULL, 'Change Return', NULL, NULL, NULL, '2024-09-14 01:07:43', '2024-09-23 18:13:57'),
(40, 'SAMSUNG', '<p>SAMSUNG</p>', 'Invoice No.', 'Quotation number', 'Invoice', NULL, NULL, NULL, NULL, NULL, NULL, NULL, 'Quotation', 'Subtotal', 'Discount', NULL, 'Tax', 'Total', 'Round Off', 'Due', 'Total paid', 0, NULL, NULL, 'Date', NULL, 1, 0, 0, 0, 0, 0, 0, 0, 0, 1, NULL, 0, 'Product', 'Quantity', 'Unit Price', 'Subtotal', 'HSN', NULL, 0, 0, 1, 1, 0, 0, 0, 0, 1, 0, 0, 0, 0, 0, 1, 1, 'Customer', 'Commission Agent', 0, 0, '#000000', NULL, NULL, '{\"proforma_heading\":\"Proforma invoice\",\"sales_order_heading\":\"Sales Order\",\"due_date_label\":\"Due Date\",\"show_due_date\":\"1\",\"total_quantity_label\":\"Total Quantity\",\"item_discount_label\":\"Discount\",\"discounted_unit_price_label\":\"Price after discount\",\"show_product_description\":\"1\",\"show_warranty_name\":\"1\",\"show_warranty_description\":\"1\",\"total_items_label\":null,\"num_to_word_format\":\"international\",\"tax_summary_label\":null,\"show_qr_code_label\":\"1\"}', 0, 32, 0, NULL, 1, '[\"business_name\",\"address\"]', 'classic', 'Credit Note', 'Reference No', 'Credit Amount', NULL, 1, NULL, 'Change Return', NULL, NULL, NULL, '2024-09-14 01:15:25', '2024-09-23 18:15:21'),
(41, 'Default', NULL, 'Invoice No.', NULL, 'Invoice', NULL, NULL, NULL, NULL, NULL, NULL, NULL, NULL, 'Subtotal', 'Discount', NULL, 'Tax', 'Total', NULL, 'Total Due', 'Total Paid', 0, NULL, NULL, 'Date', NULL, 1, 1, 1, 0, 0, 1, 0, 0, 0, 0, NULL, 0, 'Product', 'Quantity', 'Unit Price', 'Subtotal', NULL, NULL, 0, 0, 1, 1, 1, 1, 1, 1, 1, 0, 0, 1, 0, 0, 1, 1, 'Customer', NULL, 0, 0, '#000000', NULL, NULL, '{\"proforma_heading\":null,\"sales_order_heading\":null,\"due_date_label\":null,\"total_quantity_label\":null,\"item_discount_label\":null,\"discounted_unit_price_label\":null,\"total_items_label\":null,\"show_total_in_words\":\"1\",\"num_to_word_format\":\"international\",\"tax_summary_label\":null}', 1, 33, 0, NULL, 0, NULL, 'slim2', NULL, NULL, NULL, NULL, 1, NULL, NULL, NULL, NULL, NULL, '2024-10-01 16:10:58', '2024-10-02 18:21:51'),
(42, 'Default', NULL, 'Invoice No.', NULL, 'Invoice', NULL, NULL, NULL, NULL, NULL, '', '', NULL, 'Subtotal', 'Discount', NULL, 'Tax', 'Total', NULL, 'Total Due', 'Total Paid', 0, NULL, NULL, 'Date', NULL, 1, 0, 1, 0, 0, 1, 0, 0, 0, 0, NULL, 0, 'Product', 'Quantity', 'Unit Price', 'Subtotal', NULL, NULL, 0, 0, 1, 1, 1, 1, 1, 1, 1, 0, 0, 1, 0, 0, 1, 1, 'Customer', NULL, 0, 0, '#000000', '', NULL, NULL, 1, 34, 0, NULL, 0, NULL, 'classic', NULL, NULL, NULL, NULL, 0, NULL, NULL, NULL, NULL, NULL, '2024-10-07 07:43:58', '2024-10-07 07:43:58'),
(43, 'Default', NULL, 'Invoice No.', NULL, 'Invoice', NULL, NULL, NULL, NULL, NULL, NULL, NULL, NULL, 'Subtotal', 'Discount', NULL, 'Tax', 'Total', NULL, 'Total Due', 'Total Paid', 0, NULL, NULL, 'Date', NULL, 1, 0, 1, 0, 0, 1, 0, 0, 0, 0, NULL, 0, 'Product', 'Quantity', 'Unit Price', 'Subtotal', NULL, NULL, 0, 0, 1, 1, 1, 1, 1, 1, 1, 0, 0, 1, 0, 0, 1, 1, 'Customer', NULL, 0, 0, '#000000', NULL, NULL, '{\"proforma_heading\":null,\"sales_order_heading\":null,\"due_date_label\":null,\"total_quantity_label\":null,\"item_discount_label\":null,\"discounted_unit_price_label\":null,\"total_items_label\":null,\"num_to_word_format\":\"international\",\"tax_summary_label\":null}', 1, 35, 0, NULL, 0, NULL, 'unique', NULL, NULL, NULL, NULL, 0, NULL, NULL, NULL, NULL, NULL, '2024-10-17 23:42:53', '2024-10-18 00:25:28'),
(44, 'Default', NULL, 'Invoice No.', NULL, 'Invoice', NULL, NULL, NULL, NULL, NULL, '', '', NULL, 'Subtotal', 'Discount', NULL, 'Tax', 'Total', NULL, 'Total Due', 'Total Paid', 0, NULL, NULL, 'Date', NULL, 1, 0, 1, 0, 0, 1, 0, 0, 0, 0, NULL, 0, 'Product', 'Quantity', 'Unit Price', 'Subtotal', NULL, NULL, 0, 0, 1, 1, 1, 1, 1, 1, 1, 0, 0, 1, 0, 0, 1, 1, 'Customer', NULL, 0, 0, '#000000', '', NULL, NULL, 1, 36, 0, NULL, 0, NULL, 'classic', NULL, NULL, NULL, NULL, 0, NULL, NULL, NULL, NULL, NULL, '2024-10-27 00:48:33', '2024-10-27 00:48:33');

-- --------------------------------------------------------

--
